000
CXUS54 KFWD 270730
CF6GKY
PRELIMINARY LOCAL CLIMATOLOGICAL DATA (WS FORM: F-6)

                                          STATION:   ARLINGTON
                                          MONTH:     SEPTEMBER
                                          YEAR:      2016
                                          LATITUDE:   32 39 N
                                          LONGITUDE:  97  6 W

  TEMPERATURE IN F:       :PCPN:    SNOW:  WIND      :SUNSHINE: SKY     :PK WND
================================================================================
1   2   3   4   5  6A  6B    7    8   9   10  11  12  13   14  15   16   17  18
                                     12Z  AVG MX 2MIN
DY MAX MIN AVG DEP HDD CDD  WTR  SNW DPTH SPD SPD DIR MIN PSBL S-S WX    SPD DR
================================================================================

 1  91  74  83   1   0  18    T  0.0    0  8.4 28  30   M    M   1        39  20
 2  89  71  80  -2   0  15 0.00  0.0    0  6.5 14 360   M    M   6        16 360
 3  88  72  80  -2   0  15 0.00  0.0    0  6.6 15 120   M    M   2        17 130
 4  92  70  81   0   0  16 0.00  0.0    0  9.0 16 120   M    M   2        22 130
 5  93  74  84   3   0  19 0.00  0.0    0 10.9 22 140   M    M   2        27 140
 6  94  76  85   4   0  20 0.00  0.0    0 10.7 21 140   M    M   5        24 140
 7  95  76  86   6   0  21 0.00  0.0    0 10.3 20 160   M    M   2        25 190
 8  95  77  86   6   0  21 0.00  0.0    0  9.9 20 150   M    M   0        26 150
 9  95  75  85   5   0  20 0.00  0.0    0 10.5 22 150   M    M   0        26 140
10  85  66  76  -4   0  11 0.06  0.0    0  9.4 35 340   M    M   3 13     44 360
11  89  57  73  -6   0   8 0.00  0.0    0  2.3  9 330   M    M   0        13  20
12  92  62  77  -2   0  12 0.00  0.0    0  6.9 17 120   M    M   1        21 130
13  92  72  82   4   0  17 0.00  0.0    0  6.9 15 130   M    M   1        19 130
14  91  72  82   4   0  17 0.00  0.0    0  3.7 13 340   M    M   1 1      16 110
15  93  70  82   4   0  17 0.00  0.0    0  4.3 13 140   M    M   1        16 130
16  97  72  85   7   0  20 0.00  0.0    0  3.7 13 330   M    M   2        16 110
17  96  73  85   8   0  20 0.00  0.0    0  4.1 13 310   M    M   0        15 270
18  98  72  85   8   0  20 0.01  0.0    0  6.1 25 330   M    M   1        32 330
19 100  75  88  12   0  23 0.00  0.0    0  6.6 14 110   M    M   2        16 100
20 100  74  87  11   0  22 0.00  0.0    0  6.1 16  70   M    M   1        20  60
21  94  71  83   7   0  18 0.00  0.0    0  5.6 13 120   M    M   0        16 120
22  94  66  80   5   0  15 0.00  0.0    0  4.6 13 120   M    M   1        18 150
23  95  74  85  10   0  20 0.00  0.0    0 10.7 21 150   M    M   3        26 150
24  88  74  81   6   0  16 0.47  0.0    0 10.4 24 140   M    M   4 13     34 170
25  79  73  76   2   0  11 0.81  0.0    0  7.3 17 360   M    M   8 13     21  10
26  73  65  69  -5   0   4 0.03  0.0    0 11.5 24 360   M    M  10 1      30 350
================================================================================
SM 2388 1853         0 436  1.38     0.0 193.0          M       59
================================================================================
AV 91.8 71.3                               7.4 FASTST   M    M   2    MAX(MPH)
                                 MISC ---->  # 35 340               # 44  360
================================================================================
NOTES:
# LAST OF SEVERAL OCCURRENCES

COLUMN 17 PEAK WIND IN M.P.H.

PRELIMINARY LOCAL CLIMATOLOGICAL DATA (WS FORM: F-6) , PAGE 2

                                          STATION:  ARLINGTON
                                          MONTH:    SEPTEMBER
                                          YEAR:     2016
                                          LATITUDE:   32 39 N
                                          LONGITUDE:  97  6 W

[TEMPERATURE DATA]      [PRECIPITATION DATA]       SYMBOLS USED IN COLUMN 16

AVERAGE MONTHLY: 81.6   TOTAL FOR MONTH:   1.38    1 = FOG OR MIST
DPTR FM NORMAL:   3.3   DPTR FM NORMAL:   -2.01    2 = FOG REDUCING VISIBILITY
HIGHEST:   100 ON 20,19 GRTST 24HR  1.26 ON 24-25      TO 1/4 MILE OR LESS
LOWEST:     57 ON 11                               3 = THUNDER
                        SNOW, ICE PELLETS, HAIL    4 = ICE PELLETS
                        TOTAL MONTH:   0.0 INCH    5 = HAIL
                        GRTST 24HR     0.0         6 = FREEZING RAIN OR DRIZZLE
                        GRTST DEPTH:   0           7 = DUSTSTORM OR SANDSTORM:
                                                       VSBY 1/2 MILE OR LESS
                                                   8 = SMOKE OR HAZE
[NO. OF DAYS WITH]      [WEATHER - DAYS WITH]      9 = BLOWING SNOW
                                                   X = TORNADO
MAX 32 OR BELOW:   0    0.01 INCH OR MORE:   5
MAX 90 OR ABOVE:  19    0.10 INCH OR MORE:   2
MIN 32 OR BELOW:   0    0.50 INCH OR MORE:   1
MIN  0 OR BELOW:   0    1.00 INCH OR MORE:   0

[HDD (BASE 65) ]
TOTAL THIS MO.     0    CLEAR  (SCALE 0-3)  20
DPTR FM NORMAL     0    PTCLDY (SCALE 4-7)   5
TOTAL FM JUL 1     0    CLOUDY (SCALE 8-10)  1
DPTR FM NORMAL     0

[CDD (BASE 65) ]
TOTAL THIS MO.   436
DPTR FM NORMAL    90    [PRESSURE DATA]
TOTAL FM JAN 1  2670    HIGHEST SLP M ON M
DPTR FM NORMAL   252    LOWEST  SLP 29.82 ON  9

[REMARKS]
