000
CXUS53 KGLD 300800
CF6GLD
PRELIMINARY LOCAL CLIMATOLOGICAL DATA (WS FORM: F-6)

                                          STATION:   GOODLAND KS
                                          MONTH:     JUNE
                                          YEAR:      2015
                                          LATITUDE:   39 22 N
                                          LONGITUDE: 101 42 W

  TEMPERATURE IN F:       :PCPN:    SNOW:  WIND      :SUNSHINE: SKY     :PK WND
================================================================================
1   2   3   4   5  6A  6B    7    8   9   10  11  12  13   14  15   16   17  18
                                     12Z  AVG MX 2MIN
DY MAX MIN AVG DEP HDD CDD  WTR  SNW DPTH SPD SPD DIR MIN PSBL S-S WX    SPD DR
================================================================================

 1  84  54  69   4   0   4 0.00  0.0    0 10.5 21 170   M    M   0        27 170
 2  88  57  73   8   0   8    T  0.0    0 11.9 25  80   M    M   1        31  80
 3  79  59  69   3   0   4 0.00  0.0    0 11.8 32  50   M    M   5 1      38  70
 4  83  59  71   5   0   6 0.54  0.0    0  9.7 23 240   M    M   5 1235   29 240
 5  81  58  70   4   0   5 0.92  0.0    0 15.0 28 140   M    M   8 1235   39 150
 6  85  63  74   8   0   9 0.30  0.0    0 10.4 31 260   M    M   3 13     39 260
 7  81  56  69   2   0   4 0.00  0.0    0  9.6 24 360   M    M   2 3      31 360
 8  84  56  70   3   0   5 0.00  0.0    0  7.2 13 190   M    M   0        15 200
 9  93  60  77   9   0  12 0.00  0.0    0  7.7 13 190   M    M   0 8      14 290
10  91  61  76   8   0  11 0.05  0.0    0  9.1 29 270   M    M   2        37 270
11  81  59  70   2   0   5 0.14  0.0    0 13.5 21  40   M    M   7 13     25  50
12  64  55  60  -9   5   0 0.13  0.0    0  6.1 18  40   M    M   8 1      22  40
13  82  57  70   1   0   5 0.00  0.0    0 10.8 20 190   M    M   4 1      25 180
14  81  58  70   1   0   5    T  0.0    0  8.7 22 180   M    M   3 12     28 190
15  81  56  69  -1   0   4 0.00  0.0    0  8.1 15 350   M    M   3 12     19 350
16  85  61  73   3   0   8 0.01  0.0    0 17.2 24 180   M    M   5        36 180
17  85  57  71   1   0   6 0.00  0.0    0  8.8 16 340   M    M   0        21 360
18  86  64  75   4   0  10 0.00  0.0    0 11.5 25 100   M    M   3        32 100
19  95  62  79   8   0  14 0.00  0.0    0 16.1 24 180   M    M   4 1      32 180
20  91  64  78   7   0  13 0.00  0.0    0 13.8 24 360   M    M   0        31 340
21  94  63  79   7   0  14 0.00  0.0    0 11.1 21  50   M    M   1        25  50
22  88  64  76   4   0  11 0.00  0.0    0 15.1 29 340   M    M   0        36 360
23  92  63  78   6   0  13 0.00  0.0    0 11.3 24  10   M    M   4        31 360
24  94  64  79   6   0  14 0.00  0.0    0  9.1 20 350   M    M   1        26 210
25  89  60  75   2   0  10 0.22  0.0    0  9.3 44  40   M    M   3 138    57  40
26  80  58  69  -4   0   4    T  0.0    0 10.7 22 360   M    M   3 1      28 360
27  87  54  71  -2   0   6 0.00  0.0    0  6.7 13 220   M    M   2        17 130
28  92  56  74   0   0   9 0.00  0.0    0  6.9 15  60   M    M   0        20  40
29  90  58  74   0   0   9    T  0.0    0  7.1 21 270   M    M   1 3      26 280
================================================================================
SM 2486 1716         5 228  2.31     0.0 304.8          M       78
================================================================================
AV 85.7 59.2                              10.5 FASTST   M    M   3    MAX(MPH)
                                 MISC ---->  # 44  40               # 57   40
================================================================================
NOTES:
# LAST OF SEVERAL OCCURRENCES

COLUMN 17 PEAK WIND IN M.P.H.

PRELIMINARY LOCAL CLIMATOLOGICAL DATA (WS FORM: F-6) , PAGE 2

                                          STATION:  GOODLAND KS
                                          MONTH:    JUNE
                                          YEAR:     2015
                                          LATITUDE:   39 22 N
                                          LONGITUDE: 101 42 W

[TEMPERATURE DATA]      [PRECIPITATION DATA]       SYMBOLS USED IN COLUMN 16

AVERAGE MONTHLY: 72.4   TOTAL FOR MONTH:   2.31    1 = FOG OR MIST
DPTR FM NORMAL:   2.9   DPTR FM NORMAL:   -0.84    2 = FOG REDUCING VISIBILITY
HIGHEST:    95 ON 19    GRTST 24HR  0.92 ON  5- 5      TO 1/4 MILE OR LESS
LOWEST:     54 ON 27, 1                            3 = THUNDER
                        SNOW, ICE PELLETS, HAIL    4 = ICE PELLETS
                        TOTAL MONTH:   0.0 INCH    5 = HAIL
                        GRTST 24HR     0.0         6 = FREEZING RAIN OR DRIZZLE
                        GRTST DEPTH:   0           7 = DUSTSTORM OR SANDSTORM:
                                                       VSBY 1/2 MILE OR LESS
                                                   8 = SMOKE OR HAZE
[NO. OF DAYS WITH]      [WEATHER - DAYS WITH]      9 = BLOWING SNOW
                                                   X = TORNADO
MAX 32 OR BELOW:   0    0.01 INCH OR MORE:   8
MAX 90 OR ABOVE:   9    0.10 INCH OR MORE:   6
MIN 32 OR BELOW:   0    0.50 INCH OR MORE:   2
MIN  0 OR BELOW:   0    1.00 INCH OR MORE:   0

[HDD (BASE 65) ]
TOTAL THIS MO.     5    CLEAR  (SCALE 0-3)  18
DPTR FM NORMAL   -31    PTCLDY (SCALE 4-7)  10
TOTAL FM JUL 1  5432    CLOUDY (SCALE 8-10)  1
DPTR FM NORMAL  -470

[CDD (BASE 65) ]
TOTAL THIS MO.   228
DPTR FM NORMAL    58    [PRESSURE DATA]
TOTAL FM JAN 1   234    HIGHEST SLP M ON M
DPTR FM NORMAL    23    LOWEST  SLP 29.53 ON 10

[REMARKS]
