000
CXUS53 KGLD 220800
CF6GLD
PRELIMINARY LOCAL CLIMATOLOGICAL DATA (WS FORM: F-6)

                                          STATION:   GOODLAND KS
                                          MONTH:     JANUARY
                                          YEAR:      2017
                                          LATITUDE:   39 22 N
                                          LONGITUDE: 101 42 W

  TEMPERATURE IN F:       :PCPN:    SNOW:  WIND      :SUNSHINE: SKY     :PK WND
================================================================================
1   2   3   4   5  6A  6B    7    8   9   10  11  12  13   14  15   16   17  18
                                     12Z  AVG MX 2MIN
DY MAX MIN AVG DEP HDD CDD  WTR  SNW DPTH SPD SPD DIR MIN PSBL S-S WX    SPD DR
================================================================================

 1  46  19  33   3  32   0 0.00  0.0    0 11.8 26 170   M    M   3        32 170
 2  29  15  22  -8  43   0 0.00  0.0    0 10.4 26 360   M    M   8 12     33 350
 3  22   4  13 -17  52   0 0.00  0.0    0 10.8 21 350   M    M   1        25 350
 4  20  -1  10 -20  55   0    T    T    T  9.7 20  60   M    M   4 1      23  60
 5  12  -8   2 -28  63   0 0.15  2.5    3 10.7 22 340   M    M   5 1      29 350
 6  22  -5   9 -21  56   0 0.00  0.0    0  8.5 13 270   M    M   0        15 250
 7  26  -8   9 -21  56   0 0.00  0.0    0  9.3 21 170   M    M   0        25 170
 8  51   7  29  -1  36   0 0.00  0.0    0  8.6 21 170   M    M   1        25 170
 9  63  29  46  16  19   0 0.00  0.0    0 15.0 21 230   M    M   0        28 210
10  60  31  46  16  19   0 0.06  0.0    0 15.9 41 320   M    M   1        53 310
11  45  11  28  -2  37   0 0.00  0.0    0 11.0 25  40   M    M   1        30  40
12  37  10  24  -6  41   0 0.00  0.0    0  8.5 18  10   M    M   0        22  20
13  25  15  20 -10  45   0 0.00  0.0    0  6.9 14 160   M    M   1        16 160
14  42  17  30   0  35   0 0.00  0.0    0  4.9 10 350   M    M   6        14 200
15  31  29  30   0  35   0 0.33  0.2    0  5.3 12  10   M    M  10 16     13  10
16  34  25  30   0  35   0 0.33  0.7    T 15.0 25 350   M    M  10 16     34 350
17  46  22  34   4  31   0 0.00  0.0    1  8.2 17 200   M    M   0        22 210
18  47  22  35   5  30   0 0.00  0.0    T  7.6 20 180   M    M   0        23 180
19  42  22  32   2  33   0 0.00  0.0    T  6.3 13 180   M    M   6 12     15 180
20  36  29  33   3  32   0 0.04    T    0  7.2 17 260   M    M   8 12     22 260
21  48  22  35   5  30   0 0.00  0.0    0  6.5 13  80   M    M   1        15  80
================================================================================
SM  784  307       815   0  0.91     3.4 198.1          M       66
================================================================================
AV 37.3 14.6                               9.4 FASTST   M    M   3    MAX(MPH)
                                 MISC ---->  # 41 320               # 53  310
================================================================================
NOTES:
# LAST OF SEVERAL OCCURRENCES

COLUMN 17 PEAK WIND IN M.P.H.

PRELIMINARY LOCAL CLIMATOLOGICAL DATA (WS FORM: F-6) , PAGE 2

                                          STATION:  GOODLAND KS
                                          MONTH:    JANUARY
                                          YEAR:     2017
                                          LATITUDE:   39 22 N
                                          LONGITUDE: 101 42 W

[TEMPERATURE DATA]      [PRECIPITATION DATA]       SYMBOLS USED IN COLUMN 16

AVERAGE MONTHLY: 26.0   TOTAL FOR MONTH:   0.91    1 = FOG OR MIST
DPTR FM NORMAL:  -4.0   DPTR FM NORMAL:    0.67    2 = FOG REDUCING VISIBILITY
HIGHEST:    63 ON  9    GRTST 24HR  0.58 ON 15-16      TO 1/4 MILE OR LESS
LOWEST:     -8 ON  7, 5                            3 = THUNDER
                        SNOW, ICE PELLETS, HAIL    4 = ICE PELLETS
                        TOTAL MONTH:   3.4 INCHES  5 = HAIL
                        GRTST 24HR   2.5 ON  5- 5  6 = FREEZING RAIN OR DRIZZLE
                        GRTST DEPTH:   3 ON  5     7 = DUSTSTORM OR SANDSTORM:
                                                       VSBY 1/2 MILE OR LESS
                                                   8 = SMOKE OR HAZE
[NO. OF DAYS WITH]      [WEATHER - DAYS WITH]      9 = BLOWING SNOW
                                                   X = TORNADO
MAX 32 OR BELOW:   8    0.01 INCH OR MORE:   5
MAX 90 OR ABOVE:   0    0.10 INCH OR MORE:   3
MIN 32 OR BELOW:  21    0.50 INCH OR MORE:   0
MIN  0 OR BELOW:   4    1.00 INCH OR MORE:   0

[HDD (BASE 65) ]
TOTAL THIS MO.   815    CLEAR  (SCALE 0-3)  13
DPTR FM NORMAL    78    PTCLDY (SCALE 4-7)   6
TOTAL FM JUL 1  2880    CLOUDY (SCALE 8-10)  2
DPTR FM NORMAL  -264

[CDD (BASE 65) ]
TOTAL THIS MO.     0
DPTR FM NORMAL     0    [PRESSURE DATA]
TOTAL FM JAN 1     0    HIGHEST SLP M ON M
DPTR FM NORMAL     0    LOWEST  SLP 29.38 ON M

[REMARKS]
