000
CXUS54 KFWD 270730
CF6GLE
PRELIMINARY LOCAL CLIMATOLOGICAL DATA (WS FORM: F-6)

                                          STATION:   GAINESVILLE
                                          MONTH:     FEBRUARY
                                          YEAR:      2017
                                          LATITUDE:   33 39 N
                                          LONGITUDE:  97 12 W

  TEMPERATURE IN F:       :PCPN:    SNOW:  WIND      :SUNSHINE: SKY     :PK WND
================================================================================
1   2   3   4   5  6A  6B    7    8   9   10  11  12  13   14  15   16   17  18
                                     12Z  AVG MX 2MIN
DY MAX MIN AVG DEP HDD CDD  WTR  SNW DPTH SPD SPD DIR MIN PSBL S-S WX    SPD DR
================================================================================

 1  72  44  58  14   7   0 0.00  0.0    0  5.3 14 360   M    M   0        17  20
 2  47  38  43  -1  22   0 0.00  0.0    0 11.7 17  10   M    M   8        27  10
 3  50  36  43  -1  22   0 0.00  0.0    0  7.0 10  50   M    M   6         M  M
 4  51  39  45   1  20   0 0.00  0.0    0  9.9 17 190   M    M  10        24 190
 5  69  47  58  14   7   0 0.00  0.0    0  8.3 13 180   M    M   6 18     16 170
 6  82  49  66  21   0   1 0.00  0.0    0 13.2 22 220   M    M   4 12     32 220
 7  75  52  64  19   1   0 0.00  0.0    0  6.2 14 220   M    M   0        18 290
 8  59  37  48   3  17   0 0.00  0.0    0 11.2 24 340   M    M   0        31 340
 9  56  29  43  -2  22   0 0.00  0.0    0  7.2 12  20   M    M   0         M  M
10  75  38  57  12   8   0 0.00  0.0    0 13.4 25 190   M    M   0        32 190
11  86  56  71  25   0   6 0.00  0.0    0 12.5 18 200   M    M   0 1      23 200
12  68  54  61  15   4   0 0.00  0.0    0 13.8 25 360   M    M   2 1      32 360
13  59  45  52   6  13   0 0.13  0.0    0 10.2 16  10   M    M  10        20  10
14  45  38  42  -4  23   0 0.84  0.0    0 12.1 21 330   M    M  10        28 330
15  57  35  46   0  19   0 0.00  0.0    0  9.5 16 330   M    M   1        21 330
16  67  32  50   4  15   0 0.00  0.0    0  5.6 12 170   M    M   0        16 200
17  69  42  56   9   9   0 0.00  0.0    0  9.6 24 180   M    M   2        29 180
18  73  53  63  16   2   0 0.00  0.0    0  7.1  9 140   M    M   5 1       M  M
19  69  54  62  15   3   0 0.07  0.0    0  9.3 15 140   M    M   8 18     22 140
20  65  53  59  12   6   0 0.56  0.0    0  8.1 15 280   M    M   5        27 280
21  74  46  60  12   5   0 0.00  0.0    0  9.1 16 310   M    M   0 1      21 320
22  82  40  61  13   4   0 0.00  0.0    0  5.7 17 180   M    M   0        22 180
23  86  49  68  20   0   3 0.00  0.0    0  9.8 22 150   M    M   0        28 170
24  69  40  55   7  10   0 0.00  0.0    0 13.4 21 340   M    M   0        27 350
25  51  29  40  -8  25   0 0.00  0.0    0  5.6 13  10   M    M   0         M  M
26  64  33  49   0  16   0 0.00  0.0    0  9.3 18 190   M    M   3        25 170
================================================================================
SM 1720 1108       280  10  1.60     0.0 244.1          M       80
================================================================================
AV 66.2 42.6                               9.4 FASTST   M    M   3    MAX(MPH)
                                 MISC ---->    25   M                 32    M
================================================================================
NOTES:
# LAST OF SEVERAL OCCURRENCES

COLUMN 17 PEAK WIND IN M.P.H.

PRELIMINARY LOCAL CLIMATOLOGICAL DATA (WS FORM: F-6) , PAGE 2

                                          STATION:  GAINESVILLE
                                          MONTH:    FEBRUARY
                                          YEAR:     2017
                                          LATITUDE:   33 39 N
                                          LONGITUDE:  97 12 W

[TEMPERATURE DATA]      [PRECIPITATION DATA]       SYMBOLS USED IN COLUMN 16

AVERAGE MONTHLY: 54.4   TOTAL FOR MONTH:   1.60    1 = FOG OR MIST
DPTR FM NORMAL:   8.3   DPTR FM NORMAL:   -0.87    2 = FOG REDUCING VISIBILITY
HIGHEST:    86 ON 23,11 GRTST 24HR  0.84 ON 14-14      TO 1/4 MILE OR LESS
LOWEST:     29 ON 25, 9                            3 = THUNDER
                        SNOW, ICE PELLETS, HAIL    4 = ICE PELLETS
                        TOTAL MONTH:   0.0 INCH    5 = HAIL
                        GRTST 24HR     0.0         6 = FREEZING RAIN OR DRIZZLE
                        GRTST DEPTH:   0           7 = DUSTSTORM OR SANDSTORM:
                                                       VSBY 1/2 MILE OR LESS
                                                   8 = SMOKE OR HAZE
[NO. OF DAYS WITH]      [WEATHER - DAYS WITH]      9 = BLOWING SNOW
                                                   X = TORNADO
MAX 32 OR BELOW:   0    0.01 INCH OR MORE:   4
MAX 90 OR ABOVE:   0    0.10 INCH OR MORE:   3
MIN 32 OR BELOW:   3    0.50 INCH OR MORE:   2
MIN  0 OR BELOW:   0    1.00 INCH OR MORE:   0

[HDD (BASE 65) ]
TOTAL THIS MO.   280    CLEAR  (SCALE 0-3)  16
DPTR FM NORMAL  -215    PTCLDY (SCALE 4-7)   6
TOTAL FM JUL 1  1739    CLOUDY (SCALE 8-10)  4
DPTR FM NORMAL  -603

[CDD (BASE 65) ]
TOTAL THIS MO.    10
DPTR FM NORMAL    10    [PRESSURE DATA]
TOTAL FM JAN 1    10    HIGHEST SLP M ON M
DPTR FM NORMAL    10    LOWEST  SLP M ON M

[REMARKS]
