000
CXUS54 KJAN 301414
CF6GLH
PRELIMINARY LOCAL CLIMATOLOGICAL DATA (WS FORM: F-6)

                                          STATION:   GREENVILLE
                                          MONTH:     AUGUST
                                          YEAR:      2016
                                          LATITUDE:   33 29 N
                                          LONGITUDE:  90 59 W

  TEMPERATURE IN F:       :PCPN:    SNOW:  WIND      :SUNSHINE: SKY     :PK WND
================================================================================
1   2   3   4   5  6A  6B    7    8   9   10  11  12  13   14  15   16   17  18
                                     12Z  AVG MX 2MIN
DY MAX MIN AVG DEP HDD CDD  WTR  SNW DPTH SPD SPD DIR MIN PSBL S-S WX    SPD DR
================================================================================

 1  96  74  85   3   0  20 0.00  0.0    0  3.5 12 220   M    M   1        13 220
 2  96  77  87   5   0  22 0.00  0.0    0  3.5 10 270   M    M   0        14 320
 3  98  77  88   6   0  23 0.00  0.0    0  2.1  9 280   M    M   1        11 270
 4  98  76  87   5   0  22 0.00  0.0    0  3.4 10 170   M    M   0        14 170
 5  97  76  87   5   0  22    T  0.0    0  5.5 15  10   M    M   0 3      20  10
 6  96  76  86   4   0  21 0.13  0.0    0  4.6 35 330   M    M   0 3      44 320
 7  91  74  83   1   0  18 0.20  0.0    0  5.2 20 330   M    M   6 13     25 330
 8  91  74  83   1   0  18 0.00  0.0    0  6.6 15 340   M    M   2        19 350
 9  94  75  85   3   0  20 0.00  0.0    0  3.5  9 310   M    M   0        12 320
10  96  76  86   4   0  21 0.00  0.0    0  3.2 13  30   M    M   1 3      16  30
11  94  75  85   3   0  20 0.50  0.0    0  4.0 17  20   M    M   2 3      24  30
12  90  76  83   1   0  18 0.82  0.0    0  3.8 10  80   M    M   6 3      16  80
13  85  73  79  -3   0  14 0.01  0.0    0 10.5 21 170   M    M  10 18     28 170
14  84  73  79  -3   0  14 0.50  0.0    0  9.5 16 220   M    M   8 1      22 140
15  91  73  82   0   0  17 0.53  0.0    0  7.7 30 240   M    M   3 138    37 250
16  87  73  80  -2   0  15 0.69  0.0    0  5.8 18 280   M    M   7 13     22 280
17  82  73  78  -4   0  13 0.34  0.0    0  2.6 12 280   M    M   5 12     16 250
18  89  73  81  -1   0  16 0.25  0.0    0  3.5 30 200   M    M   3 13     35 210
19  90  73  82   0   0  17 0.48  0.0    0  5.3 28 230   M    M   6 38     35 220
20  90  75  83   2   0  18    T  0.0    0  7.9 21 240   M    M   5        28 240
21  87  76  82   1   0  17    T  0.0    0  4.6 13  10   M    M   8        15  10
22  86  72  79  -2   0  14 1.98  0.0    0  3.5 21 270   M    M   7 138    27 270
23  92  72  82   1   0  17    T  0.0    0  2.5  9 210   M    M   3 1      12 250
24  95  75  85   4   0  20    T  0.0    0  3.3  9 200   M    M   1 1      12 210
25  96  75  86   5   0  21 0.31  0.0    0  3.9 14 270   M    M   1 13     17 210
26  93  74  84   3   0  19 0.15  0.0    0  3.7 22 110   M    M   3 138    31 110
27  94  71  83   2   0  18 0.00  0.0    0  3.7  9  70   M    M   1 12     12  40
28  95  75  85   5   0  20 0.00  0.0    0  4.3 10 100   M    M   0 18     16 120
29  97  73  85   5   0  20 0.07  0.0    0  4.0 25  70   M    M   0 13     31  70
================================================================================
SM 2670 2155         0 535  6.96     0.0 135.2          M       90
================================================================================
AV 92.1 74.3                               4.7 FASTST   M    M   3    MAX(MPH)
                                 MISC ---->  # 35 330               # 44  320
================================================================================
NOTES:
# LAST OF SEVERAL OCCURRENCES

COLUMN 17 PEAK WIND IN M.P.H.

PRELIMINARY LOCAL CLIMATOLOGICAL DATA (WS FORM: F-6) , PAGE 2

                                          STATION:  GREENVILLE
                                          MONTH:    AUGUST
                                          YEAR:     2016
                                          LATITUDE:   33 29 N
                                          LONGITUDE:  90 59 W

[TEMPERATURE DATA]      [PRECIPITATION DATA]       SYMBOLS USED IN COLUMN 16

AVERAGE MONTHLY: 83.2   TOTAL FOR MONTH:   6.96    1 = FOG OR MIST
DPTR FM NORMAL:   1.6   DPTR FM NORMAL:    4.71    2 = FOG REDUCING VISIBILITY
HIGHEST:    98 ON  4, 3 GRTST 24HR  1.98 ON 22-22      TO 1/4 MILE OR LESS
LOWEST:     71 ON 27                               3 = THUNDER
                        SNOW, ICE PELLETS, HAIL    4 = ICE PELLETS
                        TOTAL MONTH:   0.0 INCH    5 = HAIL
                        GRTST 24HR     0.0         6 = FREEZING RAIN OR DRIZZLE
                        GRTST DEPTH:   0           7 = DUSTSTORM OR SANDSTORM:
                                                       VSBY 1/2 MILE OR LESS
                                                   8 = SMOKE OR HAZE
[NO. OF DAYS WITH]      [WEATHER - DAYS WITH]      9 = BLOWING SNOW
                                                   X = TORNADO
MAX 32 OR BELOW:   0    0.01 INCH OR MORE:  15
MAX 90 OR ABOVE:  22    0.10 INCH OR MORE:  13
MIN 32 OR BELOW:   0    0.50 INCH OR MORE:   6
MIN  0 OR BELOW:   0    1.00 INCH OR MORE:   1

[HDD (BASE 65) ]
TOTAL THIS MO.     0    CLEAR  (SCALE 0-3)  18
DPTR FM NORMAL     0    PTCLDY (SCALE 4-7)  10
TOTAL FM JUL 1     0    CLOUDY (SCALE 8-10)  1
DPTR FM NORMAL     0

[CDD (BASE 65) ]
TOTAL THIS MO.   535
DPTR FM NORMAL    55    [PRESSURE DATA]
TOTAL FM JAN 1  1972    HIGHEST SLP M ON M
DPTR FM NORMAL   223    LOWEST  SLP 29.75 ON 12

[REMARKS]
