450
CXUS53 KAPX 260631
CF6GLR
PRELIMINARY LOCAL CLIMATOLOGICAL DATA (WS FORM: F-6)

                                          STATION:   GAYLORD
                                          MONTH:     APRIL
                                          YEAR:      2017
                                          LATITUDE:   45  0 N
                                          LONGITUDE:  84 42 W

  TEMPERATURE IN F:       :PCPN:    SNOW:  WIND      :SUNSHINE: SKY     :PK WND
================================================================================
1   2   3   4   5  6A  6B    7    8   9   10  11  12  13   14  15   16   17  18
                                     12Z  AVG MX 2MIN
DY MAX MIN AVG DEP HDD CDD  WTR  SNW DPTH SPD SPD DIR MIN PSBL S-S WX    SPD DR
================================================================================

 1  56  25  41   6  24   0 0.00    M    M  4.6 15 260   M    M   3 128    20 250
 2  63  35  49  14  16   0 0.00    M    M  3.5 13 300   M    M   6        18 300
 3  58  43  51  15  14   0 0.25    M    M  8.0 15 120   M    M  10 1      21 150
 4  47  33  40   4  25   0 0.35    M    M  8.3 16  50   M    M   8 1      22  30
 5  50  28  39   2  26   0 0.00    M    M  5.4 13  40   M    M   4        20  60
 6  40  34  37   0  28   0 0.29    M    M 10.8 18  30   M    M   9 12     28  20
 7  49  30  40   2  25   0 0.00    M    M  7.7 16 300   M    M   0        25 340
 8  65  27  46   8  19   0 0.00    M    M  8.2 18 200   M    M   0        28 200
 9  74  52  63  24   2   0 0.13    M    M 12.4 23 220   M    M   4 8      31 200
10  59  36  48   9  17   0 0.53    M    M  7.9 18  50   M    M   6 138    26  40
11  44  34  39  -1  26   0 0.05    M    M  9.4 20 260   M    M  10 168    25 270
12  50  31  41   1  24   0    T    M    M  5.7 14 280   M    M   5 18     20 260
13  53  30  42   1  23   0 0.00    M    M  3.7 15 160   M    M   5        19 150
14  64  30  47   6  18   0 0.00    M    M  7.4 16 140   M    M   1        23 130
15  75  47  61  19   4   0 0.66    M    M 10.6 26 250   M    M   8 138    38 270
16  61  41  51   9  14   0 0.57    M    M  4.6 22 270   M    M   8 18     29 280
17  48  33  41  -1  24   0 0.00    M    M  4.9 10  50   M    M   6        16 300
18  61  31  46   3  19   0    T    M    M 12.0 21 170   M    M   3        27 170
19  58  43  51   8  14   0 0.00    M    M  9.0 21 180   M    M   9        27 180
20  44  38  41  -3  24   0 0.59    M    M  9.7 22 250   M    M   9 13     29 250
21  46  36  41  -3  24   0 0.01    M    M  8.9 23 260   M    M   8 128    27 250
22  62  29  46   2  19   0 0.00    M    M  3.2 12 260   M    M   0        16 320
23  58  38  48   3  17   0 0.00    M    M  6.6 13  50   M    M   3        19 260
24  70  32  51   6  14   0 0.00    M    M  8.1 17 170   M    M   1        24 120
25  71  43  57  11   8   0 0.00    M    M  9.8 18 150   M    M   2        23 150
================================================================================
SM 1426  879       468   0  3.43    M    190.4          M      128
================================================================================
AV 57.0 35.2                               7.6 FASTST   M    M   5    MAX(MPH)
                                 MISC ---->  # 26 250               # 38  270
================================================================================
NOTES:
# LAST OF SEVERAL OCCURRENCES

COLUMN 17 PEAK WIND IN M.P.H.

PRELIMINARY LOCAL CLIMATOLOGICAL DATA (WS FORM: F-6) , PAGE 2

                                          STATION:  GAYLORD
                                          MONTH:    APRIL
                                          YEAR:     2017
                                          LATITUDE:   45  0 N
                                          LONGITUDE:  84 42 W

[TEMPERATURE DATA]      [PRECIPITATION DATA]       SYMBOLS USED IN COLUMN 16

AVERAGE MONTHLY: 46.1   TOTAL FOR MONTH:   3.43    1 = FOG OR MIST
DPTR FM NORMAL:   5.6   DPTR FM NORMAL:    1.36    2 = FOG REDUCING VISIBILITY
HIGHEST:    75 ON 15    GRTST 24HR  0.66 ON 15-15      TO 1/4 MILE OR LESS
LOWEST:     25 ON  1                               3 = THUNDER
                        SNOW, ICE PELLETS, HAIL    4 = ICE PELLETS
                        TOTAL MONTH:    M          5 = HAIL
                        GRTST 24HR    M  ON   M    6 = FREEZING RAIN OR DRIZZLE
                        GRTST DEPTH:  M  ON   M    7 = DUSTSTORM OR SANDSTORM:
                                                       VSBY 1/2 MILE OR LESS
                                                   8 = SMOKE OR HAZE
[NO. OF DAYS WITH]      [WEATHER - DAYS WITH]      9 = BLOWING SNOW
                                                   X = TORNADO
MAX 32 OR BELOW:   0    0.01 INCH OR MORE:  10
MAX 90 OR ABOVE:   0    0.10 INCH OR MORE:   8
MIN 32 OR BELOW:  10    0.50 INCH OR MORE:   4
MIN  0 OR BELOW:   0    1.00 INCH OR MORE:   0

[HDD (BASE 65) ]
TOTAL THIS MO.   468    CLEAR  (SCALE 0-3)   8
DPTR FM NORMAL  -146    PTCLDY (SCALE 4-7)  11
TOTAL FM JUL 1  6334    CLOUDY (SCALE 8-10)  6
DPTR FM NORMAL -1500

[CDD (BASE 65) ]
TOTAL THIS MO.     0
DPTR FM NORMAL     0    [PRESSURE DATA]
TOTAL FM JAN 1     0    HIGHEST SLP M ON M
DPTR FM NORMAL     0    LOWEST  SLP 29.38 ON  4

[REMARKS]
