000
CXUS54 KHGX 310725
CF6GLS
PRELIMINARY LOCAL CLIMATOLOGICAL DATA (WS FORM: F-6)

                                          STATION:   GALVESTON
                                          MONTH:     OCTOBER
                                          YEAR:      2014
                                          LATITUDE:   29 16 N
                                          LONGITUDE:  94 52 W

  TEMPERATURE IN F:       :PCPN:    SNOW:  WIND      :SUNSHINE: SKY     :PK WND
================================================================================
1   2   3   4   5  6A  6B    7    8   9   10  11  12  13   14  15   16   17  18
                                     12Z  AVG MX 2MIN
DY MAX MIN AVG DEP HDD CDD  WTR  SNW DPTH SPD SPD DIR MIN PSBL S-S WX    SPD DR
================================================================================

 1  87  79  83   5   0  18 0.00  0.0    0  9.9 16 160   M    M   1        19 180
 2  88  82  85   7   0  20    T  0.0    0 14.6 23 180   M    M   2 1      27 180
 3  83  72  78   0   0  13 0.39  0.0    0 13.4 28 340   M    M   3 13     37 330
 4  75  66  71  -7   0   6 0.00  0.0    0 11.3 23  30   M    M   0        28  40
 5  83  69  76  -1   0  11 0.00  0.0    0 11.9 20 170   M    M   1        23 160
 6  83  68  76  -1   0  11 0.64  0.0    0 12.0 33  30   M    M   2 13     43  40
 7  85  74  80   3   0  15 0.00  0.0    0  8.5 15 150   M    M   2 1      19 150
 8  86  78  82   6   0  17 0.04  0.0    0 11.0 16 150   M    M   2 1      20 140
 9  85  77  81   5   0  16 0.01  0.0    0  9.9 16 160   M    M   2        19 150
10  87  80  84   8   0  19 0.00  0.0    0 14.7 21 180   M    M   3        24 170
11  85  74  80   4   0  15 0.08  0.0    0  7.0 18  10   M    M   3 1      22 160
12  86  72  79   3   0  14 0.00  0.0    0 13.5 23 170   M    M   2        27 170
13  87  64  76   1   0  11 0.59  0.0    0 18.1 32 210   M    M   4 13     39 220
14  79  61  70  -5   0   5 0.00  0.0    0 11.5 21 320   M    M   0        27 320
15  83  60  72  -3   0   7 0.00  0.0    0  6.4 14 210   M    M   0        16 220
16  83  66  75   1   0  10 0.00  0.0    0  9.0 18 210   M    M   0        22 200
17  83  74  79   5   0  14 0.00  0.0    0 10.5 18 200   M    M   3        25 200
18  83  72  78   4   0  13 0.00  0.0    0  6.5 13 120   M    M   3        16  80
19  79  72  76   2   0  11 0.00  0.0    0 10.7 17  50   M    M   4        22  50
20  81  71  76   3   0  11 0.00  0.0    0  8.6 14 360   M    M   2        16 360
21  81  67  74   1   0   9 0.00  0.0    0 10.0 16  60   M    M   0 18     21  60
22  80  70  75   2   0  10 0.00  0.0    0  9.4 15  90   M    M   1 18     19  70
23  78  66  72   0   0   7 0.00  0.0    0  9.4 14 360   M    M   0        17 360
24  77  62  70  -2   0   5 0.00  0.0    0  7.4 13  10   M    M   0        16 350
25  78  64  71  -1   0   6 0.00  0.0    0  5.6 10  90   M    M   0        14  80
26  81  64  73   1   0   8 0.00  0.0    0  6.7 16 170   M    M   0        20 170
27  83  75  79   8   0  14    T  0.0    0 12.0 18 160   M    M   4        23 170
28  84  72  78   7   0  13 0.00  0.0    0  6.3 13 140   M    M   2        16 190
29  84  70  77   6   0  12 0.00  0.0    0  5.9 18  10   M    M   5 13     23  20
30  77  67  72   2   0   7 0.00  0.0    0  7.9 15  40   M    M   4        18  50
================================================================================
SM 2474 2108         0 348  1.75     0.0 299.6          M       55
================================================================================
AV 82.5 70.3                              10.0 FASTST   M    M   2    MAX(MPH)
                                 MISC ---->  # 33  30               # 43   40
================================================================================
NOTES:
# LAST OF SEVERAL OCCURRENCES

COLUMN 17 PEAK WIND IN M.P.H.

PRELIMINARY LOCAL CLIMATOLOGICAL DATA (WS FORM: F-6) , PAGE 2

                                          STATION:  GALVESTON
                                          MONTH:    OCTOBER
                                          YEAR:     2014
                                          LATITUDE:   29 16 N
                                          LONGITUDE:  94 52 W

[TEMPERATURE DATA]      [PRECIPITATION DATA]       SYMBOLS USED IN COLUMN 16

AVERAGE MONTHLY: 76.4   TOTAL FOR MONTH:   1.75    1 = FOG OR MIST
DPTR FM NORMAL:   1.9   DPTR FM NORMAL:   -3.63    2 = FOG REDUCING VISIBILITY
HIGHEST:    88 ON  2    GRTST 24HR  0.64 ON  6- 6      TO 1/4 MILE OR LESS
LOWEST:     60 ON 15                               3 = THUNDER
                        SNOW, ICE PELLETS, HAIL    4 = ICE PELLETS
                        TOTAL MONTH:   0.0 INCH    5 = HAIL
                        GRTST 24HR     0.0         6 = FREEZING RAIN OR DRIZZLE
                        GRTST DEPTH:   0           7 = DUSTSTORM OR SANDSTORM:
                                                       VSBY 1/2 MILE OR LESS
                                                   8 = SMOKE OR HAZE
[NO. OF DAYS WITH]      [WEATHER - DAYS WITH]      9 = BLOWING SNOW
                                                   X = TORNADO
MAX 32 OR BELOW:   0    0.01 INCH OR MORE:   6
MAX 90 OR ABOVE:   0    0.10 INCH OR MORE:   3
MIN 32 OR BELOW:   0    0.50 INCH OR MORE:   2
MIN  0 OR BELOW:   0    1.00 INCH OR MORE:   0

[HDD (BASE 65) ]
TOTAL THIS MO.     0    CLEAR  (SCALE 0-3)  24
DPTR FM NORMAL    -5    PTCLDY (SCALE 4-7)   6
TOTAL FM JUL 1     0    CLOUDY (SCALE 8-10)  0
DPTR FM NORMAL    -5

[CDD (BASE 65) ]
TOTAL THIS MO.   348
DPTR FM NORMAL    56    [PRESSURE DATA]
TOTAL FM JAN 1  3180    HIGHEST SLP M ON M
DPTR FM NORMAL    -5    LOWEST  SLP 29.71 ON 13

[REMARKS]
