000
CXUS52 KJAX 190800
CF6GNV
PRELIMINARY LOCAL CLIMATOLOGICAL DATA (WS FORM: F-6)
STATION: GAINESVILLE
MONTH: MARCH
YEAR: 2024
LATITUDE: 29 40 N
LONGITUDE: 82 16 W
TEMPERATURE IN F: :PCPN: SNOW: WIND :SUNSHINE: SKY :PK WND
================================================================================
1 2 3 4 5 6A 6B 7 8 9 10 11 12 13 14 15 16 17 18
12Z AVG MX 2MIN
DY MAX MIN AVG DEP HDD CDD WTR SNW DPTH SPD SPD DIR MIN PSBL S-S WX SPD DR
================================================================================
1 82 59 71 10 0 6 0.09 0.0 0 5.1 18 220 M M 8 12 26 210
2 77 65 71 10 0 6 0.08 0.0 0 2.0 12 140 M M 5 123 16 210
3 80 62 71 10 0 6 0.51 0.0 0 4.5 15 30 M M 5 123 21 20
4 77 62 70 9 0 5 0.00 0.0 0 7.2 13 60 M M 8 12 19 40
5 74 62 68 7 0 3 0.37 0.0 0 6.6 15 110 M M 9 1 21 100
6 79 62 71 10 0 6 0.12 0.0 0 9.7 20 240 M M 6 1 31 250
7 80 57 69 8 0 4 0.00 0.0 0 3.3 10 90 M M 3 12 16 110
8 82 59 71 9 0 6 0.00 0.0 0 6.5 15 100 M M 6 23 140
9 83 69 76 14 0 11 0.15 0.0 0 10.4 25 220 M M 8 1 37 210
10 71 51 61 -1 4 0 0.02 0.0 0 8.1 16 330 M M 2 1 21 290
11 70 41 56 -6 9 0 0.00 0.0 0 4.8 17 30 M M 0 23 30
12 78 42 60 -2 5 0 0.00 0.0 0 2.7 12 200 M M 0 1 16 200
13 78 50 64 2 1 0 0.00 0.0 0 3.9 15 270 M M 1 21 260
14 84 44 64 2 1 0 0.00 0.0 0 1.4 7 100 M M 1 12 11 150
15 86 55 71 9 0 6 0.00 0.0 0 5.4 16 230 M M 1 1 22 230
16 84 62 73 10 0 8 0.00 0.0 0 8.5 16 240 M M 5 1 23 260
17 84 66 75 12 0 10 0.00 0.0 0 7.3 18 240 M M 5 25 210
18 75 60 68 5 0 3 0.35 0.0 0 8.0 17 270 M M 8 13 24 260
================================================================================
SM 1424 1028 20 80 1.69 0.0 105.4 M 81
================================================================================
AV 79.1 57.1 5.9 FASTST M M 5 MAX(MPH)
MISC ----> 25 220 37 210
================================================================================
NOTES:
# LAST OF SEVERAL OCCURRENCES
COLUMN 17 PEAK WIND IN M.P.H.
PRELIMINARY LOCAL CLIMATOLOGICAL DATA (WS FORM: F-6) , PAGE 2
STATION: GAINESVILLE
MONTH: MARCH
YEAR: 2024
LATITUDE: 29 40 N
LONGITUDE: 82 16 W
[TEMPERATURE DATA] [PRECIPITATION DATA] SYMBOLS USED IN COLUMN 16
AVERAGE MONTHLY: 68.1 TOTAL FOR MONTH: 1.69 1 = FOG OR MIST
DPTR FM NORMAL: 6.3 DPTR FM NORMAL: -0.33 2 = FOG REDUCING VISIBILITY
HIGHEST: 86 ON 15 GRTST 24HR 0.51 ON 3- 3 TO 1/4 MILE OR LESS
LOWEST: 41 ON 11 3 = THUNDER
SNOW, ICE PELLETS, HAIL 4 = ICE PELLETS
TOTAL MONTH: 0.0 INCH 5 = HAIL
GRTST 24HR 0.0 6 = FREEZING RAIN OR DRIZZLE
GRTST DEPTH: 0 7 = DUSTSTORM OR SANDSTORM:
VSBY 1/2 MILE OR LESS
8 = SMOKE OR HAZE
[NO. OF DAYS WITH] [WEATHER - DAYS WITH] 9 = BLOWING SNOW
X = TORNADO
MAX 32 OR BELOW: 0 0.01 INCH OR MORE: 8
MAX 90 OR ABOVE: 0 0.10 INCH OR MORE: 5
MIN 32 OR BELOW: 0 0.50 INCH OR MORE: 1
MIN 0 OR BELOW: 0 1.00 INCH OR MORE: 0
[HDD (BASE 65) ]
TOTAL THIS MO. 20 CLEAR (SCALE 0-3) 6
DPTR FM NORMAL -71 PTCLDY (SCALE 4-7) 10
TOTAL FM JUL 1 807 CLOUDY (SCALE 8-10) 2
DPTR FM NORMAL -253
[CDD (BASE 65) ]
TOTAL THIS MO. 80
DPTR FM NORMAL 44 [PRESSURE DATA]
TOTAL FM JAN 1 128 HIGHEST SLP M ON M
DPTR FM NORMAL 48 LOWEST SLP 29.79 ON 9
[REMARKS]