000
CXUS52 KJAX 280800
CF6GNV
PRELIMINARY LOCAL CLIMATOLOGICAL DATA (WS FORM: F-6)

                                          STATION:   GAINESVILLE FL
                                          MONTH:     NOVEMBER
                                          YEAR:      2014
                                          LATITUDE:   29 40 N
                                          LONGITUDE:  82 16 W

  TEMPERATURE IN F:       :PCPN:    SNOW:  WIND      :SUNSHINE: SKY     :PK WND
================================================================================
1   2   3   4   5  6A  6B    7    8   9   10  11  12  13   14  15   16   17  18
                                     12Z  AVG MX 2MIN
DY MAX MIN AVG DEP HDD CDD  WTR  SNW DPTH SPD SPD DIR MIN PSBL S-S WX    SPD DR
================================================================================

 1  58  42  50 -16  15   0 0.00  0.0    0 10.7 23 290   M    M   0        36 300
 2  64  37  51 -15  14   0 0.00  0.0    0  5.8 13 350   M    M   0        18  10
 3  70  33  52 -14  13   0 0.00  0.0    0  6.1 16  50   M    M   0        22  60
 4  77  48  63  -3   2   0 0.00  0.0    0  4.1 14  50   M    M   1        18  70
 5  81  57  69   4   0   4 0.00  0.0    0  2.5 10  60   M    M   5 1      16  70
 6  80  55  68   3   0   3 0.00  0.0    0  5.0 15 260   M    M   2 12     19 270
 7  68  44  56  -9   9   0 0.00  0.0    0  5.7 15  30   M    M   1        19  30
 8  67  43  55 -10  10   0 0.04  0.0    0  2.6  9  50   M    M   2        12  40
 9  71  50  61  -3   4   0 0.06  0.0    0  4.6 15  30   M    M   3 1      20  30
10  77  51  64   0   1   0 0.00  0.0    0  6.7 15  10   M    M   1 1      22  20
11  79  50  65   1   0   0 0.00  0.0    0  7.5 15 360   M    M   0        19 350
12  77  43  60  -4   5   0 0.00  0.0    0  4.0  9 330   M    M   0        13  20
13  75  55  65   2   0   0 0.00  0.0    0  3.1 12 340   M    M   2 1      16 320
14  64  43  54  -9  11   0 0.00  0.0    0  6.7 14 350   M    M   3        18 340
15  69  38  54  -9  11   0 0.00  0.0    0  7.1 20  20   M    M   4        22  20
16  80  50  65   2   0   0 0.00  0.0    0  3.8 14 200   M    M   5        18 200
17  78  53  66   4   0   1 0.47  0.0    0  7.9 36 270   M    M   7 13     49 280
18  53  33  43 -19  22   0    T  0.0    0  8.7 17 320   M    M   4        24 350
19  55  27  41 -21  24   0 0.00  0.0    0  5.7 15 360   M    M   0        21  20
20  64  24  44 -18  21   0 0.00  0.0    0  1.7 12  40   M    M   0        14  40
21  70  35  53  -8  12   0 0.00  0.0    0  6.0 17  30   M    M   0        21  30
22  72  47  60  -1   5   0 0.01  0.0    0  9.5 17 100   M    M   9 1      23  60
23  82  66  74  13   0   9 0.21  0.0    0  9.3 17 180   M    M   8 1      25 200
24  83  71  77  16   0  12 0.00  0.0    0  8.4 17 220   M    M   6        24 230
25  73  62  68   8   0   3 1.33  0.0    0  6.9 15  30   M    M   9 123    19  50
26  63  38  51  -9  14   0 0.35  0.0    0  7.6 20 320   M    M   5 1      29 320
27  64  36  50 -10  15   0 0.00  0.0    0  6.6 17 320   M    M   0        23 290
================================================================================
SM 1914 1231       208  32  2.47     0.0 164.3          M       77
================================================================================
AV 70.9 45.6                               6.1 FASTST   M    M   3    MAX(MPH)
                                 MISC ---->  # 36 270               # 49  280
================================================================================
NOTES:
# LAST OF SEVERAL OCCURRENCES

COLUMN 17 PEAK WIND IN M.P.H.

PRELIMINARY LOCAL CLIMATOLOGICAL DATA (WS FORM: F-6) , PAGE 2

                                          STATION:  GAINESVILLE FL
                                          MONTH:    NOVEMBER
                                          YEAR:     2014
                                          LATITUDE:   29 40 N
                                          LONGITUDE:  82 16 W

[TEMPERATURE DATA]      [PRECIPITATION DATA]       SYMBOLS USED IN COLUMN 16

AVERAGE MONTHLY: 58.2   TOTAL FOR MONTH:   2.47    1 = FOG OR MIST
DPTR FM NORMAL:  -4.9   DPTR FM NORMAL:    0.63    2 = FOG REDUCING VISIBILITY
HIGHEST:    83 ON 24    GRTST 24HR  1.68 ON 25-26      TO 1/4 MILE OR LESS
LOWEST:     24 ON 20                               3 = THUNDER
                        SNOW, ICE PELLETS, HAIL    4 = ICE PELLETS
                        TOTAL MONTH:   0.0 INCH    5 = HAIL
                        GRTST 24HR     0.0         6 = FREEZING RAIN OR DRIZZLE
                        GRTST DEPTH:   0           7 = DUSTSTORM OR SANDSTORM:
                                                       VSBY 1/2 MILE OR LESS
                                                   8 = SMOKE OR HAZE
[NO. OF DAYS WITH]      [WEATHER - DAYS WITH]      9 = BLOWING SNOW
                                                   X = TORNADO
MAX 32 OR BELOW:   0    0.01 INCH OR MORE:   7
MAX 90 OR ABOVE:   0    0.10 INCH OR MORE:   4
MIN 32 OR BELOW:   2    0.50 INCH OR MORE:   1
MIN  0 OR BELOW:   0    1.00 INCH OR MORE:   1

[HDD (BASE 65) ]
TOTAL THIS MO.   208    CLEAR  (SCALE 0-3)  16
DPTR FM NORMAL    95    PTCLDY (SCALE 4-7)   9
TOTAL FM JUL 1   226    CLOUDY (SCALE 8-10)  2
DPTR FM NORMAL    86

[CDD (BASE 65) ]
TOTAL THIS MO.    32
DPTR FM NORMAL   -32    [PRESSURE DATA]
TOTAL FM JAN 1  2563    HIGHEST SLP M ON M
DPTR FM NORMAL   -51    LOWEST  SLP 29.81 ON 17

[REMARKS]
