000
CXUS54 KOUN 180800
CF6GOK
PRELIMINARY LOCAL CLIMATOLOGICAL DATA (WS FORM: F-6)

                                          STATION:   GUTHRIE MUNICIPAL
                                          MONTH:     SEPTEMBER
                                          YEAR:      2014
                                          LATITUDE:   35 50 N
                                          LONGITUDE:  97 25 W

  TEMPERATURE IN F:       :PCPN:    SNOW:  WIND      :SUNSHINE: SKY     :PK WND
================================================================================
1   2   3   4   5  6A  6B    7    8   9   10  11  12  13   14  15   16   17  18
                                     12Z  AVG MX 2MIN
DY MAX MIN AVG DEP HDD CDD  WTR  SNW DPTH SPD SPD DIR MIN PSBL S-S WX    SPD DR
================================================================================

 1  98  79  89  10   0  24 0.00  0.0    0 15.5 25 180   M    M   2        31 190
 2  91  72  82   3   0  17 0.04  0.0    0 12.3 24 150   M    M   3 3      33 140
 3  98  74  86   7   0  21 0.00  0.0    0 13.2 23 170   M    M   1        28 160
 4  99  79  89  11   0  24 0.00  0.0    0 14.7 24 190   M    M   0        32 200
 5  98  63  81   3   0  16 0.09  0.0    0 10.4 21 300   M    M   2 3      27 290
 6  72  60  66 -12   0   1 1.93  0.0    0  5.9 13  50   M    M   7 13     20  10
 7  82  58  70  -7   0   5 0.00  0.0    0  3.5 12  80   M    M   0        15  90
 8  90  67  79   2   0  14 0.00  0.0    0  9.4 17 180   M    M   4        24 210
 9  96  76  86  10   0  21 0.00  0.0    0 14.9 26 180   M    M   0        33 180
10  86  67  77   1   0  12    T  0.0    0 11.1 25 200   M    M   3        33 190
11  74  62  68  -8   0   3 0.00  0.0    0  8.7 15  60   M    M  10        22  50
12  63  51  57 -18   8   0 0.05  0.0    0  9.3 15  20   M    M  10        25  10
13  66  50  58 -17   7   0 0.00  0.0    0  6.1 13  50   M    M   5        18  30
14  81  54  68  -7   0   3    T  0.0    0  8.8 16 180   M    M   1        20 180
15  88  68  78   4   0  13    T  0.0    0  7.7 16 230   M    M   5        21 220
16  83  67  75   1   0  10 0.00  0.0    0  5.6 12 140   M    M   6 18     16 150
17  92  69  81   8   0  16 0.00  0.0    0  7.8 15 260   M    M   0 1      22 240
================================================================================
SM 1457 1116        15 200  2.11     0.0 164.9          M       59
================================================================================
AV 85.7 65.6                               9.7 FASTST   M    M   3    MAX(MPH)
                                 MISC ---->  # 26 180               # 33  140
================================================================================
NOTES:
# LAST OF SEVERAL OCCURRENCES

COLUMN 17 PEAK WIND IN M.P.H.

PRELIMINARY LOCAL CLIMATOLOGICAL DATA (WS FORM: F-6) , PAGE 2

                                          STATION:  GUTHRIE MUNICIPAL
                                          MONTH:    SEPTEMBER
                                          YEAR:     2014
                                          LATITUDE:   35 50 N
                                          LONGITUDE:  97 25 W

[TEMPERATURE DATA]      [PRECIPITATION DATA]       SYMBOLS USED IN COLUMN 16

AVERAGE MONTHLY: 75.7   TOTAL FOR MONTH:   2.11    1 = FOG OR MIST
DPTR FM NORMAL:  -0.7   DPTR FM NORMAL:   -0.05    2 = FOG REDUCING VISIBILITY
HIGHEST:    99 ON  4    GRTST 24HR  2.02 ON  5- 6      TO 1/4 MILE OR LESS
LOWEST:     50 ON 13                               3 = THUNDER
                        SNOW, ICE PELLETS, HAIL    4 = ICE PELLETS
                        TOTAL MONTH:   0.0 INCH    5 = HAIL
                        GRTST 24HR     0.0         6 = FREEZING RAIN OR DRIZZLE
                        GRTST DEPTH:   0           7 = DUSTSTORM OR SANDSTORM:
                                                       VSBY 1/2 MILE OR LESS
                                                   8 = SMOKE OR HAZE
[NO. OF DAYS WITH]      [WEATHER - DAYS WITH]      9 = BLOWING SNOW
                                                   X = TORNADO
MAX 32 OR BELOW:   0    0.01 INCH OR MORE:   4
MAX 90 OR ABOVE:   8    0.10 INCH OR MORE:   1
MIN 32 OR BELOW:   0    0.50 INCH OR MORE:   1
MIN  0 OR BELOW:   0    1.00 INCH OR MORE:   1

[HDD (BASE 65) ]
TOTAL THIS MO.    15    CLEAR  (SCALE 0-3)   9
DPTR FM NORMAL    15    PTCLDY (SCALE 4-7)   6
TOTAL FM JUL 1    16    CLOUDY (SCALE 8-10)  2
DPTR FM NORMAL    16

[CDD (BASE 65) ]
TOTAL THIS MO.   200
DPTR FM NORMAL     4    [PRESSURE DATA]
TOTAL FM JAN 1  1973    HIGHEST SLP M ON M
DPTR FM NORMAL    61    LOWEST  SLP 29.72 ON  1

[REMARKS]
