000
CXUS54 KOUN 280700
CF6GOK
PRELIMINARY LOCAL CLIMATOLOGICAL DATA (WS FORM: F-6)

                                          STATION:   GUTHRIE MUNICIPAL
                                          MONTH:     JULY
                                          YEAR:      2016
                                          LATITUDE:   35 50 N
                                          LONGITUDE:  97 25 W

  TEMPERATURE IN F:       :PCPN:    SNOW:  WIND      :SUNSHINE: SKY     :PK WND
================================================================================
1   2   3   4   5  6A  6B    7    8   9   10  11  12  13   14  15   16   17  18
                                     12Z  AVG MX 2MIN
DY MAX MIN AVG DEP HDD CDD  WTR  SNW DPTH SPD SPD DIR MIN PSBL S-S WX    SPD DR
================================================================================

 1  82  72  77  -4   0  12 0.02  0.0    0  6.3 12 140   M    M   4 1      23  80
 2  97  75  86   5   0  21 0.00  0.0    0 12.1 22 170   M    M   0        29 180
 3  90  70  80  -1   0  15 0.09  0.0    0  5.9 17  50   M    M   6 13     23 310
 4  98  68  83   1   0  18 0.00  0.0    0  5.0 17 180   M    M   3 128    31 110
 5 100  76  88   6   0  23 0.00  0.0    0 11.5 20 200   M    M   0 18     34 130
 6 101  80  91   9   0  26 0.00  0.0    0 14.3 23 180   M    M   1        36 210
 7 100  82  91   9   0  26 0.00  0.0    0 17.2 26 200   M    M   0        36 190
 8  89  72  81  -1   0  16 0.31  0.0    0  8.5 22 170   M    M   1 13     33 180
 9  94  71  83   1   0  18 0.00  0.0    0  8.7 20 170   M    M   0        32 110
10  95  71  83   1   0  18 0.00  0.0    0 11.3 21 160   M    M   0        28 190
11  94  78  86   3   0  21 0.00  0.0    0 16.1 25 180   M    M   0        37 180
12  95  79  87   4   0  22 0.00  0.0    0 15.0 25 180   M    M   1        34 190
13  99  76  88   5   0  23 0.00  0.0    0 15.0 25 190   M    M   0 3      32  10
14  88  68  78  -5   0  13 0.30  0.0    0 10.9 29 130   M    M   2 13     42 110
15  90  69  80  -3   0  15 0.04  0.0    0  7.2 18  90   M    M   1 13     21 360
16  94  73  84   1   0  19 0.00  0.0    0  7.6 16 190   M    M   0        20 180
17  98  79  89   6   0  24 0.00  0.0    0 14.2 24 170   M    M   0        30 190
18  98  76  87   4   0  22 0.00  0.0    0 10.4 18 200   M    M   0        31 140
19  97  74  86   3   0  21 0.00  0.0    0  8.7 18 160   M    M   0        29 180
20 100  76  88   5   0  23 0.00  0.0    0 10.4 20 170   M    M   0        32 100
21 102  76  89   5   0  24 0.00  0.0    0 10.1 21 200   M    M   0        30 110
22 104  75  90   6   0  25 0.00  0.0    0  8.7 17 180   M    M   0        23 200
23 104  76  90   6   0  25 0.00  0.0    0 10.2 18 180   M    M   0        25 190
24 104  79  92   8   0  27 0.00  0.0    0  8.2 16 220   M    M   0        22 220
25  99  72  86   2   0  21 2.01  0.0    0  7.1 30 300   M    M   4 138    36 310
26  93  73  83  -1   0  18 0.07  0.0    0  3.6 10  80   M    M   5 13     24 350
27  94  73  84   0   0  19    T  0.0    0  4.8 15 320   M    M   2 13     25 320
================================================================================
SM 2599 2009         0 555  2.84     0.0 269.0          M       30
================================================================================
AV 96.3 74.4                              10.0 FASTST   M    M   1    MAX(MPH)
                                 MISC ---->  # 30 300               # 42  110
================================================================================
NOTES:
# LAST OF SEVERAL OCCURRENCES

COLUMN 17 PEAK WIND IN M.P.H.

PRELIMINARY LOCAL CLIMATOLOGICAL DATA (WS FORM: F-6) , PAGE 2

                                          STATION:  GUTHRIE MUNICIPAL
                                          MONTH:    JULY
                                          YEAR:     2016
                                          LATITUDE:   35 50 N
                                          LONGITUDE:  97 25 W

[TEMPERATURE DATA]      [PRECIPITATION DATA]       SYMBOLS USED IN COLUMN 16

AVERAGE MONTHLY: 85.3   TOTAL FOR MONTH:   2.84    1 = FOG OR MIST
DPTR FM NORMAL:   2.6   DPTR FM NORMAL:    0.78    2 = FOG REDUCING VISIBILITY
HIGHEST:   104 ON 24,23 GRTST 24HR  2.01 ON 24-25      TO 1/4 MILE OR LESS
LOWEST:     68 ON 14, 4                            3 = THUNDER
                        SNOW, ICE PELLETS, HAIL    4 = ICE PELLETS
                        TOTAL MONTH:   0.0 INCH    5 = HAIL
                        GRTST 24HR     0.0         6 = FREEZING RAIN OR DRIZZLE
                        GRTST DEPTH:   0           7 = DUSTSTORM OR SANDSTORM:
                                                       VSBY 1/2 MILE OR LESS
                                                   8 = SMOKE OR HAZE
[NO. OF DAYS WITH]      [WEATHER - DAYS WITH]      9 = BLOWING SNOW
                                                   X = TORNADO
MAX 32 OR BELOW:   0    0.01 INCH OR MORE:   7
MAX 90 OR ABOVE:  24    0.10 INCH OR MORE:   3
MIN 32 OR BELOW:   0    0.50 INCH OR MORE:   1
MIN  0 OR BELOW:   0    1.00 INCH OR MORE:   1

[HDD (BASE 65) ]
TOTAL THIS MO.     0    CLEAR  (SCALE 0-3)  22
DPTR FM NORMAL     0    PTCLDY (SCALE 4-7)   5
TOTAL FM JUL 1     0    CLOUDY (SCALE 8-10)  0
DPTR FM NORMAL     0

[CDD (BASE 65) ]
TOTAL THIS MO.   555
DPTR FM NORMAL    76    [PRESSURE DATA]
TOTAL FM JAN 1  1270    HIGHEST SLP M ON M
DPTR FM NORMAL   166    LOWEST  SLP 29.69 ON M

[REMARKS]
