000
CXUS54 KOUN 270800
CF6GOK
PRELIMINARY LOCAL CLIMATOLOGICAL DATA (WS FORM: F-6)

                                          STATION:   GUTHRIE MUNICIPAL
                                          MONTH:     FEBRUARY
                                          YEAR:      2015
                                          LATITUDE:   35 50 N
                                          LONGITUDE:  97 25 W

  TEMPERATURE IN F:       :PCPN:    SNOW:  WIND      :SUNSHINE: SKY     :PK WND
================================================================================
1   2   3   4   5  6A  6B    7    8   9   10  11  12  13   14  15   16   17  18
                                     12Z  AVG MX 2MIN
DY MAX MIN AVG DEP HDD CDD  WTR  SNW DPTH SPD SPD DIR MIN PSBL S-S WX    SPD DR
================================================================================

 1  46  20  33  -6  32   0 0.03    M    0 13.8 24 320   M    M   7 1      36 310
 2  39  14  27 -13  38   0 0.00  0.0    0  5.9 13 190   M    M   0        21 340
 3  59  24  42   2  23   0 0.00  0.0    0 10.4 21 200   M    M   0        27 200
 4  52  25  39  -1  26   0 0.00  0.0    0 11.0 21  20   M    M   5 18     32  20
 5  42  16  29 -11  36   0 0.00  0.0    0  5.6 14  20   M    M   2        22  30
 6  62  27  45   5  20   0 0.00  0.0    0 13.4 23 200   M    M   0        29 200
 7  71  43  57  16   8   0 0.00  0.0    0 12.0 22 200   M    M   0        29 200
 8  79  34  57  16   8   0 0.00  0.0    0  4.3 15 360   M    M   1 128    23 360
 9  68  33  51  10  14   0 0.00  0.0    0  4.2 13 110   M    M   0 8      17 120
10  68  37  53  12  12   0 0.00  0.0    0  9.3 16 210   M    M   0 8      21 140
11  52  32  42   0  23   0 0.00  0.0    0  7.9 22  30   M    M   3 18     31  10
12  46  20  33  -9  32   0 0.00  0.0    0  4.2 13  60   M    M   0 18     18  50
13  65  33  49   7  16   0 0.00  0.0    0  7.3 15 200   M    M   0        21 330
14  79  31  55  13  10   0 0.00  0.0    0  9.8 23  60   M    M   0        31  70
15  39  25  32 -11  33   0 0.40    M    0  8.8 14  30   M    M   5 1238   23 320
16  37  20  29 -14  36   0 0.32    M    0  6.7 15 350   M    M   5 1368   23 330
17  49  21  35  -8  30   0 0.00  0.0    0  8.0 24 310   M    M   2 18     34 310
18  40  22  31 -13  34   0 0.00  0.0    0  5.2 14  50   M    M   5        18  50
19  53  21  37  -7  28   0 0.00  0.0    M  9.8 20 150   M    M   0        27 140
20  52  33  43  -1  22   0    T  0.0    0  8.7 17 160   M    M  10 18     22 150
21  58  36  47   3  18   0    T  0.0    0  7.2 14  50   M    M   4 1      20  60
22  44  22  33 -12  32   0 0.01    T    0 12.1 21  40   M    M  10 128    32  30
23  24  18  21 -24  44   0 0.07    M    0  6.3 16  40   M    M  10 128    23  10
24  42  17  30 -15  35   0 0.00  0.0    0  6.0 14 240   M    M   0 18     18 240
25  55  24  40  -6  25   0 0.00  0.0    0  5.3 20  10   M    M   1 18     33 360
26  33  19  26 -20  39   0 0.00  0.0    0 11.6 18  20   M    M   4        34  10
================================================================================
SM 1354  667       674   0  0.83    T    214.8          M       74
================================================================================
AV 52.1 25.7                               8.3 FASTST   M    M   3    MAX(MPH)
                                 MISC ---->  # 24 320               # 36  310
================================================================================
NOTES:
# LAST OF SEVERAL OCCURRENCES

COLUMN 17 PEAK WIND IN M.P.H.

PRELIMINARY LOCAL CLIMATOLOGICAL DATA (WS FORM: F-6) , PAGE 2

                                          STATION:  GUTHRIE MUNICIPAL
                                          MONTH:    FEBRUARY
                                          YEAR:     2015
                                          LATITUDE:   35 50 N
                                          LONGITUDE:  97 25 W

[TEMPERATURE DATA]      [PRECIPITATION DATA]       SYMBOLS USED IN COLUMN 16

AVERAGE MONTHLY: 38.9   TOTAL FOR MONTH:   0.83    1 = FOG OR MIST
DPTR FM NORMAL:  -3.6   DPTR FM NORMAL:   -1.03    2 = FOG REDUCING VISIBILITY
HIGHEST:    79 ON 14, 8 GRTST 24HR  0.72 ON 15-16      TO 1/4 MILE OR LESS
LOWEST:     14 ON  2                               3 = THUNDER
                        SNOW, ICE PELLETS, HAIL    4 = ICE PELLETS
                        TOTAL MONTH:    T          5 = HAIL
                        GRTST 24HR    T  ON 22-22  6 = FREEZING RAIN OR DRIZZLE
                        GRTST DEPTH:   0           7 = DUSTSTORM OR SANDSTORM:
                                                       VSBY 1/2 MILE OR LESS
                                                   8 = SMOKE OR HAZE
[NO. OF DAYS WITH]      [WEATHER - DAYS WITH]      9 = BLOWING SNOW
                                                   X = TORNADO
MAX 32 OR BELOW:   1    0.01 INCH OR MORE:   5
MAX 90 OR ABOVE:   0    0.10 INCH OR MORE:   2
MIN 32 OR BELOW:  19    0.50 INCH OR MORE:   0
MIN  0 OR BELOW:   0    1.00 INCH OR MORE:   0

[HDD (BASE 65) ]
TOTAL THIS MO.   674    CLEAR  (SCALE 0-3)  16
DPTR FM NORMAL    86    PTCLDY (SCALE 4-7)   7
TOTAL FM JUL 1  2930    CLOUDY (SCALE 8-10)  3
DPTR FM NORMAL    61

[CDD (BASE 65) ]
TOTAL THIS MO.     0
DPTR FM NORMAL     0    [PRESSURE DATA]
TOTAL FM JAN 1     0    HIGHEST SLP M ON M
DPTR FM NORMAL     0    LOWEST  SLP 29.66 ON 20

[REMARKS]
