000
CXUS54 KFWD 280730
CF6GOP
PRELIMINARY LOCAL CLIMATOLOGICAL DATA (WS FORM: F-6)

                                          STATION:   GATESVILLE
                                          MONTH:     MARCH
                                          YEAR:      2015
                                          LATITUDE:   31 25 N
                                          LONGITUDE:  97 48 W

  TEMPERATURE IN F:       :PCPN:    SNOW:  WIND      :SUNSHINE: SKY     :PK WND
================================================================================
1   2   3   4   5  6A  6B    7    8   9   10  11  12  13   14  15   16   17  18
                                     12Z  AVG MX 2MIN
DY MAX MIN AVG DEP HDD CDD  WTR  SNW DPTH SPD SPD DIR MIN PSBL S-S WX    SPD DR
================================================================================

 1  39  32  36 -16  29   0 0.05  0.0    0  5.3 10  10   M    M  10 1      16  10
 2  39  36  38 -14  27   0    M  0.0    M  5.4  9  10   M    M  10 1       M  M
 3  63  39  51  -1  14   0 0.02  0.0    0  1.8  7 160   M    M  10 12      M  M
 4  63  32  48  -4  17   0 0.25    M    0  8.1 21 360   M    M  10 12     30 360
 5  39  28  34 -19  31   0 0.05    M    M   M  14  50   M    M   2 1      22  50
 6  54  23  39 -14  26   0 0.00  0.0    0  1.3  6  90   M    M   0         M  M
 7  57  32  45  -8  20   0 0.00  0.0    0  1.2  7 150   M    M   4         M  M
 8  52  45  49  -5  16   0 0.04  0.0    0  3.3  8 150   M    M   9 12      M  M
 9  52  46  49  -5  16   0 0.36  0.0    0  4.7  9 360   M    M  10 12      M  M
10  59  48  54   0  11   0 0.00  0.0    0  4.0  9 350   M    M   9 1       M  M
11  59  46  53  -1  12   0 0.00  0.0    0  2.6  8  50   M    M   7 1       M  M
12  70  46  58   4   7   0 0.00  0.0    0  4.1 12  50   M    M   2 1      16  10
13  73  54  64   9   1   0 0.00  0.0    0  5.5 14 360   M    M   4 1      22 360
14  72  52  62   7   3   0 0.00  0.0    0  5.7 16 340   M    M   3        23 340
15  66  48  57   2   8   0 0.00  0.0    0  1.9  8 360   M    M   6         M  M
16  79  48  64   8   1   0 0.00  0.0    0  3.0 12 170   M    M   0         M  M
17  75  63  69  13   0   4 0.00  0.0    0  4.8  9 220   M    M   6         M  M
18  73  55  64   8   1   0 0.02  0.0    0  3.1  9 310   M    M   5 1       M  M
19  81  59  70  14   0   5 0.00  0.0    0  4.1 10 220   M    M   5 12      M  M
20  72  54  63   6   2   0 0.54  0.0    0  6.5 10 330   M    M   8 1      16 330
21  59  54  57   0   8   0 0.21  0.0    0  4.4 12  70   M    M   9 1      21  70
22  70  54  62   5   3   0 0.00  0.0    0  3.8  9 360   M    M   5 1       M  M
23  77  46  62   4   3   0 0.00  0.0    0  3.1 10  80   M    M   3 12      M  M
24  88  61  75  17   0  10 0.00  0.0    0  9.1 17 200   M    M   0 1      23 190
25  84  61  73  15   0   8 0.00  0.0    0  9.6 16 170   M    M   0        23 160
26  70  46  58   0   7   0 0.00  0.0    0 13.4 25 350   M    M   4        32 350
27  77  43  60   1   5   0 0.00  0.0    0  4.5 14 320   M    M   0        24 320
================================================================================
SM 1762 1251       268  27  1.54     0.0 124.3          M      141
================================================================================
AV 65.3 46.3                               4.8 FASTST   M    M   5    MAX(MPH)
                                 MISC ---->    25   M                 32    M
================================================================================
NOTES:
# LAST OF SEVERAL OCCURRENCES

COLUMN 17 PEAK WIND IN M.P.H.

PRELIMINARY LOCAL CLIMATOLOGICAL DATA (WS FORM: F-6) , PAGE 2

                                          STATION:  GATESVILLE
                                          MONTH:    MARCH
                                          YEAR:     2015
                                          LATITUDE:   31 25 N
                                          LONGITUDE:  97 48 W

[TEMPERATURE DATA]      [PRECIPITATION DATA]       SYMBOLS USED IN COLUMN 16

AVERAGE MONTHLY: 55.8   TOTAL FOR MONTH:   1.54    1 = FOG OR MIST
DPTR FM NORMAL:   0.7   DPTR FM NORMAL:       M    2 = FOG REDUCING VISIBILITY
HIGHEST:    88 ON 24    GRTST 24HR  0.54 ON 20-20      TO 1/4 MILE OR LESS
LOWEST:     23 ON  6                               3 = THUNDER
                        SNOW, ICE PELLETS, HAIL    4 = ICE PELLETS
                        TOTAL MONTH:   0.0 INCH    5 = HAIL
                        GRTST 24HR     0.0         6 = FREEZING RAIN OR DRIZZLE
                        GRTST DEPTH:   0           7 = DUSTSTORM OR SANDSTORM:
                                                       VSBY 1/2 MILE OR LESS
                                                   8 = SMOKE OR HAZE
[NO. OF DAYS WITH]      [WEATHER - DAYS WITH]      9 = BLOWING SNOW
                                                   X = TORNADO
MAX 32 OR BELOW:   0    0.01 INCH OR MORE:   9
MAX 90 OR ABOVE:   0    0.10 INCH OR MORE:   4
MIN 32 OR BELOW:   5    0.50 INCH OR MORE:   1
MIN  0 OR BELOW:   0    1.00 INCH OR MORE:   0

[HDD (BASE 65) ]
TOTAL THIS MO.   268    CLEAR  (SCALE 0-3)   9
DPTR FM NORMAL   -11    PTCLDY (SCALE 4-7)  10
TOTAL FM JUL 1  2033    CLOUDY (SCALE 8-10)  8
DPTR FM NORMAL  -281

[CDD (BASE 65) ]
TOTAL THIS MO.    27
DPTR FM NORMAL    14    [PRESSURE DATA]
TOTAL FM JAN 1    27    HIGHEST SLP M ON M
DPTR FM NORMAL    10    LOWEST  SLP M ON M

[REMARKS]
