000
CXUS54 KFWD 270730
CF6GOP
PRELIMINARY LOCAL CLIMATOLOGICAL DATA (WS FORM: F-6)

                                          STATION:   GATESVILLE
                                          MONTH:     AUGUST
                                          YEAR:      2016
                                          LATITUDE:   31 25 N
                                          LONGITUDE:  97 48 W

  TEMPERATURE IN F:       :PCPN:    SNOW:  WIND      :SUNSHINE: SKY     :PK WND
================================================================================
1   2   3   4   5  6A  6B    7    8   9   10  11  12  13   14  15   16   17  18
                                     12Z  AVG MX 2MIN
DY MAX MIN AVG DEP HDD CDD  WTR  SNW DPTH SPD SPD DIR MIN PSBL S-S WX    SPD DR
================================================================================

 1  99  75  87   4   0  22 0.00  0.0    0  8.6 15 170   M    M   0        22 170
 2 100  73  87   4   0  22 0.00  0.0    0  6.3 13 200   M    M   0         M  M
 3 100  75  88   5   0  23 0.00  0.0    0  4.8  9 220   M    M   0         M  M
 4 100  75  88   5   0  23 0.00  0.0    0  5.3 13 210   M    M   0        17 190
 5  99  77  88   5   0  23 0.00  0.0    0  3.1  9 170   M    M   0         M  M
 6 100  77  89   6   0  24 0.00  0.0    0  3.8 10 230   M    M   0         M  M
 7 100  79  90   7   0  25 0.00  0.0    0  4.0  9 160   M    M   0        17 150
 8 100  79  90   7   0  25 0.00  0.0    0  3.9  9 160   M    M   0         M  M
 9  99  79  89   6   0  24 0.00  0.0    0  5.7 12 220   M    M   0        16 220
10 100  79  90   7   0  25 0.00  0.0    0  4.6 10 160   M    M   0         M  M
11 100  79  90   7   0  25 0.00  0.0    0  4.9 12 200   M    M   0         M  M
12 106  77  92   9   0  27 0.14  0.0    0  4.7 15  10   M    M   0 13      M  M
13  88  73  81  -2   0  16 0.12  0.0    0  2.6  8 320   M    M   1 3       M  M
14  91  73  82  -1   0  17 0.00  0.0    0  3.8 12  40   M    M   1 1      17  40
15  75  70  73 -10   0   8 0.09  0.0    0  2.2  8  60   M    M   5 1       M  M
16  77  72  75  -8   0  10 0.45  0.0    0  3.0  8  90   M    M   8 1       M  M
17  86  73  80  -3   0  15 1.64  0.0    0  3.6 10  50   M    M   7 13     17  50
18  86  73  80  -3   0  15 0.13  0.0    0  3.3 10 160   M    M   4 3       M  M
19  90  73  82  -1   0  17 0.00  0.0    0  5.5 14 210   M    M   2 1      18 190
20  81  72  77  -6   0  12 0.32  0.0    0  3.3  9 190   M    M   3 1       M  M
21  79  72  76  -7   0  11 0.03  0.0    0  3.0 10  70   M    M   6 1       M  M
22  88  73  81  -1   0  16 0.00  0.0    0  3.6 14 160   M    M   4 1      21 160
23  93  75  84   2   0  19 0.00  0.0    0  8.2 16 190   M    M   1 1      22 190
24  93  73  83   1   0  18 0.00  0.0    0  6.8 13 200   M    M   1        17 200
25  91  72  82   0   0  17 0.00  0.0    0  2.5  9 210   M    M   1 13      M  M
26  90  72  81  -1   0  16 0.70  0.0    0  1.1  7 110   M    M   3 13      M  M
================================================================================
SM 2411 1940         0 495  3.62     0.0 112.2          M       47
================================================================================
AV 92.7 74.6                               4.3 FASTST   M    M   2    MAX(MPH)
                                 MISC ---->    16   M                 22    M
================================================================================
NOTES:
# LAST OF SEVERAL OCCURRENCES

COLUMN 17 PEAK WIND IN M.P.H.

PRELIMINARY LOCAL CLIMATOLOGICAL DATA (WS FORM: F-6) , PAGE 2

                                          STATION:  GATESVILLE
                                          MONTH:    AUGUST
                                          YEAR:     2016
                                          LATITUDE:   31 25 N
                                          LONGITUDE:  97 48 W

[TEMPERATURE DATA]      [PRECIPITATION DATA]       SYMBOLS USED IN COLUMN 16

AVERAGE MONTHLY: 83.7   TOTAL FOR MONTH:   3.62    1 = FOG OR MIST
DPTR FM NORMAL:   0.9   DPTR FM NORMAL:       M    2 = FOG REDUCING VISIBILITY
HIGHEST:   106 ON 12    GRTST 24HR  1.64 ON 17-17      TO 1/4 MILE OR LESS
LOWEST:     70 ON 15                               3 = THUNDER
                        SNOW, ICE PELLETS, HAIL    4 = ICE PELLETS
                        TOTAL MONTH:   0.0 INCH    5 = HAIL
                        GRTST 24HR     0.0         6 = FREEZING RAIN OR DRIZZLE
                        GRTST DEPTH:   0           7 = DUSTSTORM OR SANDSTORM:
                                                       VSBY 1/2 MILE OR LESS
                                                   8 = SMOKE OR HAZE
[NO. OF DAYS WITH]      [WEATHER - DAYS WITH]      9 = BLOWING SNOW
                                                   X = TORNADO
MAX 32 OR BELOW:   0    0.01 INCH OR MORE:   9
MAX 90 OR ABOVE:  18    0.10 INCH OR MORE:   7
MIN 32 OR BELOW:   0    0.50 INCH OR MORE:   2
MIN  0 OR BELOW:   0    1.00 INCH OR MORE:   1

[HDD (BASE 65) ]
TOTAL THIS MO.     0    CLEAR  (SCALE 0-3)  20
DPTR FM NORMAL     0    PTCLDY (SCALE 4-7)   6
TOTAL FM JUL 1     0    CLOUDY (SCALE 8-10)  0
DPTR FM NORMAL     0

[CDD (BASE 65) ]
TOTAL THIS MO.   495
DPTR FM NORMAL    31    [PRESSURE DATA]
TOTAL FM JAN 1  2026    HIGHEST SLP M ON M
DPTR FM NORMAL   280    LOWEST  SLP M ON M

[REMARKS]
