000
CXUS53 KGRB 210727
CF6GRB
PRELIMINARY LOCAL CLIMATOLOGICAL DATA (WS FORM: F-6)

                                          STATION:   GREEN BAY WI
                                          MONTH:     DECEMBER
                                          YEAR:      2014
                                          LATITUDE:   44 28 N
                                          LONGITUDE:  88  8 W

  TEMPERATURE IN F:       :PCPN:    SNOW:  WIND      :SUNSHINE: SKY     :PK WND
================================================================================
1   2   3   4   5  6A  6B    7    8   9   10  11  12  13   14  15   16   17  18
                                     12Z  AVG MX 2MIN
DY MAX MIN AVG DEP HDD CDD  WTR  SNW DPTH SPD SPD DIR MIN PSBL S-S WX    SPD DR
================================================================================

 1  13   0   7 -20  58   0 0.00  0.0    3  7.4 17 330   M    M   1        22 300
 2  30   3  17  -9  48   0 0.02  0.4    3  5.5 15 170   M    M   9 1      21 210
 3  27  13  20  -6  45   0 0.00  0.0    3 11.2 23 280   M    M   1        28 290
 4  26   6  16 -10  49   0 0.00  0.0    3  2.8  9 160   M    M   5 1      11 170
 5  35  11  23  -2  42   0 0.00  0.0    3  3.5 12 350   M    M   8 18     14 340
 6  32  12  22  -3  43   0 0.00  0.0    2  5.9 17  40   M    M   1 18     20  40
 7  35  11  23  -1  42   0 0.00  0.0    2  6.7 17 160   M    M   1 1      22 160
 8  35  32  34  10  31   0 0.25  2.1    4  6.9 15 200   M    M  10 1      22 200
 9  35  26  31   7  34   0    T    T    4 10.4 16 350   M    M   9 1      20 320
10  26  15  21  -2  44   0    T    T    4  6.8 12 350   M    M   7        14 350
11  28  12  20  -3  45   0 0.00  0.0    4  9.5 15 270   M    M   4 18     19 270
12  34  24  29   7  36   0 0.00  0.0    4 10.8 16 260   M    M  10 1      22 260
13  41  33  37  15  28   0    T  0.0    2  9.6 18 250   M    M  10 12     26 270
14  42  36  39  17  26   0    T  0.0    T  3.8  9 240   M    M  10 12     14 260
15  45  39  42  21  23   0 0.12  0.0    0  6.2 10 140   M    M  10 12     13 190
16  40  26  33  12  32   0 0.27  0.7    0 11.7 22 320   M    M   8 1      28 310
17  27  24  26   5  39   0    T    T    1 12.7 21 290   M    M   8 8      26 300
18  29  19  24   4  41   0 0.00  0.0    1  5.0 15  20   M    M   6        19  30
19  31  16  24   4  41   0 0.00  0.0    1  1.1  7 200   M    M   1         9 180
20  30  20  25   5  40   0    T    T    T  0.7  6 170   M    M   9 18      8 180
================================================================================
SM  641  378       787   0  0.66     3.2 138.2          M      128
================================================================================
AV 32.0 18.9                               6.9 FASTST   M    M   6    MAX(MPH)
                                 MISC ---->  # 23 280               # 28  290
================================================================================
NOTES:
# LAST OF SEVERAL OCCURRENCES

COLUMN 17 PEAK WIND IN M.P.H.

PRELIMINARY LOCAL CLIMATOLOGICAL DATA (WS FORM: F-6) , PAGE 2

                                          STATION:  GREEN BAY WI
                                          MONTH:    DECEMBER
                                          YEAR:     2014
                                          LATITUDE:   44 28 N
                                          LONGITUDE:  88  8 W

[TEMPERATURE DATA]      [PRECIPITATION DATA]       SYMBOLS USED IN COLUMN 16

AVERAGE MONTHLY: 25.5   TOTAL FOR MONTH:   0.66    1 = FOG OR MIST
DPTR FM NORMAL:   2.4   DPTR FM NORMAL:   -0.38    2 = FOG REDUCING VISIBILITY
HIGHEST:    45 ON 15    GRTST 24HR  0.34 ON 15-16      TO 1/4 MILE OR LESS
LOWEST:      0 ON  1                               3 = THUNDER
                        SNOW, ICE PELLETS, HAIL    4 = ICE PELLETS
                        TOTAL MONTH:   3.2 INCHES  5 = HAIL
                        GRTST 24HR   2.1 ON   M    6 = FREEZING RAIN OR DRIZZLE
                        GRTST DEPTH:   4 ON 12,11  7 = DUSTSTORM OR SANDSTORM:
                                                       VSBY 1/2 MILE OR LESS
                                                   8 = SMOKE OR HAZE
[NO. OF DAYS WITH]      [WEATHER - DAYS WITH]      9 = BLOWING SNOW
                                                   X = TORNADO
MAX 32 OR BELOW:  11    0.01 INCH OR MORE:   4
MAX 90 OR ABOVE:   0    0.10 INCH OR MORE:   3
MIN 32 OR BELOW:  17    0.50 INCH OR MORE:   0
MIN  0 OR BELOW:   1    1.00 INCH OR MORE:   0

[HDD (BASE 65) ]
TOTAL THIS MO.   787    CLEAR  (SCALE 0-3)   5
DPTR FM NORMAL   -52    PTCLDY (SCALE 4-7)   5
TOTAL FM JUL 1  2624    CLOUDY (SCALE 8-10) 10
DPTR FM NORMAL    45

[CDD (BASE 65) ]
TOTAL THIS MO.     0
DPTR FM NORMAL     0    [PRESSURE DATA]
TOTAL FM JAN 1   362    HIGHEST SLP M ON M
DPTR FM NORMAL   -36    LOWEST  SLP 29.68 ON 16

[REMARKS]
