000
CXUS53 KGID 250730
CF6GRI
PRELIMINARY LOCAL CLIMATOLOGICAL DATA (WS FORM: F-6)

                                          STATION:   GRAND ISLAND NE
                                          MONTH:     FEBRUARY
                                          YEAR:      2018
                                          LATITUDE:   40 58 N
                                          LONGITUDE:  98 19 W

  TEMPERATURE IN F:       :PCPN:    SNOW:  WIND      :SUNSHINE: SKY     :PK WND
================================================================================
1   2   3   4   5  6A  6B    7    8   9   10  11  12  13   14  15   16   17  18
                                     12Z  AVG MX 2MIN
DY MAX MIN AVG DEP HDD CDD  WTR  SNW DPTH SPD SPD DIR MIN PSBL S-S WX    SPD DR
================================================================================

 1  33  12  23  -3  42   0 0.00  0.0    T 12.7 25 360   M    M   1        33  10
 2  43  13  28   2  37   0 0.00  0.0    T 13.5 25 210   M    M   4        35 210
 3  56  20  38  12  27   0    T    T    T 16.0 30 350   M    M   5        36 350
 4  20   3  12 -14  53   0 0.12  1.7    T 15.5 33 350   M    M   5 9      43 360
 5  23   4  14 -13  51   0 0.03  0.3    2 16.4 30 350   M    M   5        37 350
 6  11  -2   5 -22  60   0 0.23  3.0    2  6.8 14 360   M    M   6 1      16 350
 7  21   2  12 -15  53   0 0.00  0.0    5  7.5 15 190   M    M   5 1      20 210
 8  26  12  19  -8  46   0 0.00  0.0    5  8.7 18  20   M    M   3 12     23  20
 9  19   5  12 -15  53   0 0.22  4.2    4 18.4 28  20   M    M  10 9      37  30
10  10  -4   3 -25  62   0 0.05  0.5    6  8.6 16 340   M    M   6 9      19 350
11  26  -3  12 -16  53   0 0.00  0.0    6  7.1 14 280   M    M   0        17 260
12  18  -3   8 -20  57   0 0.00  0.0    5 12.1 21 100   M    M   3        27 100
13  37  17  27  -1  38   0 0.00  0.0    5 11.1 22 210   M    M   1        30 210
14  47  17  32   3  33   0 0.00  0.0    4  7.1 16 220   M    M   0        20 220
15  41  20  31   2  34   0 0.00  0.0    2 12.8 33 360   M    M   3        45  10
16  34  12  23  -6  42   0 0.00  0.0    1 11.5 30 340   M    M   1        37 340
17  48  27  38   8  27   0 0.00  0.0    1 12.8 21 220   M    M   0        27 220
18  60  27  44  14  21   0 0.00  0.0    T 21.8 38 190   M    M   1        50 190
19  27  14  21  -9  44   0    T  0.2    0 18.3 30 360   M    M  10 6      40 340
20  19   8  14 -16  51   0    T    T    T 16.5 29 320   M    M   3        38 320
21  28   3  16 -15  49   0    T    T    0  5.8 15 100   M    M   2        18  90
22  26  20  23  -8  42   0 0.05  0.4    T  6.5 14 110   M    M  10 1      19 100
23  27  15  21 -11  44   0 0.00  0.0    T  7.6 15 350   M    M   7 1      20 320
24  36  18  27  -5  38   0 0.05  0.3    T  9.2 24 290   M    M   7 168    32 300
================================================================================
SM  736  257      1057   0  0.75    10.6 284.3          M       98
================================================================================
AV 30.7 10.7                              11.8 FASTST   M    M   4    MAX(MPH)
                                 MISC ---->  # 38 190               # 50  190
================================================================================
NOTES:
# LAST OF SEVERAL OCCURRENCES

COLUMN 17 PEAK WIND IN M.P.H.

PRELIMINARY LOCAL CLIMATOLOGICAL DATA (WS FORM: F-6) , PAGE 2

                                          STATION:  GRAND ISLAND NE
                                          MONTH:    FEBRUARY
                                          YEAR:     2018
                                          LATITUDE:   40 58 N
                                          LONGITUDE:  98 19 W

[TEMPERATURE DATA]      [PRECIPITATION DATA]       SYMBOLS USED IN COLUMN 16

AVERAGE MONTHLY: 20.7   TOTAL FOR MONTH:   0.75    1 = FOG OR MIST
DPTR FM NORMAL:  -7.8   DPTR FM NORMAL:    0.19    2 = FOG REDUCING VISIBILITY
HIGHEST:    60 ON 18    GRTST 24HR  0.23 ON  6- 6      TO 1/4 MILE OR LESS
LOWEST:     -4 ON 10                               3 = THUNDER
                        SNOW, ICE PELLETS, HAIL    4 = ICE PELLETS
                        TOTAL MONTH:  10.6 INCHES  5 = HAIL
                        GRTST 24HR   4.2 ON  9- 9  6 = FREEZING RAIN OR DRIZZLE
                        GRTST DEPTH:   6 ON 11,10  7 = DUSTSTORM OR SANDSTORM:
                                                       VSBY 1/2 MILE OR LESS
                                                   8 = SMOKE OR HAZE
[NO. OF DAYS WITH]      [WEATHER - DAYS WITH]      9 = BLOWING SNOW
                                                   X = TORNADO
MAX 32 OR BELOW:  14    0.01 INCH OR MORE:   7
MAX 90 OR ABOVE:   0    0.10 INCH OR MORE:   3
MIN 32 OR BELOW:  24    0.50 INCH OR MORE:   0
MIN  0 OR BELOW:   4    1.00 INCH OR MORE:   0

[HDD (BASE 65) ]
TOTAL THIS MO.  1057    CLEAR  (SCALE 0-3)   9
DPTR FM NORMAL   180    PTCLDY (SCALE 4-7)  12
TOTAL FM JUL 1  4664    CLOUDY (SCALE 8-10)  3
DPTR FM NORMAL    31

[CDD (BASE 65) ]
TOTAL THIS MO.     0
DPTR FM NORMAL     0    [PRESSURE DATA]
TOTAL FM JAN 1     0    HIGHEST SLP M ON M
DPTR FM NORMAL     0    LOWEST  SLP 29.50 ON 18

[REMARKS]
