000
CXUS53 KGRR 231017
CF6GRR
PRELIMINARY LOCAL CLIMATOLOGICAL DATA (WS FORM: F-6)

                                          STATION:   GRAND RAPIDS
                                          MONTH:     AUGUST
                                          YEAR:      2016
                                          LATITUDE:   42 52 N
                                          LONGITUDE:  85 31 W

  TEMPERATURE IN F:       :PCPN:    SNOW:  WIND      :SUNSHINE: SKY     :PK WND
================================================================================
1   2   3   4   5  6A  6B    7    8   9   10  11  12  13   14  15   16   17  18
                                     12Z  AVG MX 2MIN
DY MAX MIN AVG DEP HDD CDD  WTR  SNW DPTH SPD SPD DIR MIN PSBL S-S WX    SPD DR
================================================================================

 1  84  61  73   1   0   8 0.00  0.0    0  4.3 12  70 863   99   2        14  70
 2  87  62  75   3   0  10 0.00  0.0    0  3.3  8 330 865  100   2 1      10  80
 3  91  64  78   6   0  13 0.00  0.0    0  2.7  9 180 864  100   2        11 170
 4  90  66  78   6   0  13 0.00  0.0    0  6.2 12 200 835   97   1        17 170
 5  86  67  77   5   0  12 0.00  0.0    0 10.4 18 270 726   85   5        23 260
 6  83  62  73   1   0   8 0.00  0.0    0  6.7 17 270 821   96   3 1      23 270
 7  80  60  70  -2   0   5 0.00  0.0    0  4.0 12  60 721   84   5        15  60
 8  83  57  70  -2   0   5 0.00  0.0    0  5.8 13  80 852  100   2        19 110
 9  89  58  74   2   0   9 0.00  0.0    0  4.3 14 200 803   95   4        17 200
10  92  64  78   6   0  13 0.00  0.0    0  3.0 12 240 699   83   3        18 220
11  91  70  81   9   0  16 0.00  0.0    0  9.0 17 240 573   68   6 8      23 240
12  85  72  79   7   0  14 2.61  0.0    0  6.2 24 160 262   31   9 123    33 170
13  83  70  77   6   0  12 0.66  0.0    0 10.6 22 260 511   61   8 138    27 260
14  83  66  75   4   0  10 0.00  0.0    0  4.7 14 260 559   67   7 128    18 270
15  81  62  72   1   0   7 0.71  0.0    0  5.6 16 170 546   65   7 1      19 180
16  85  68  77   6   0  12 1.74  0.0    0  9.4 17  30 643   77   7 1      22  50
17  83  66  75   4   0  10 0.17  0.0    0  9.6 25 270 777   94   4 138    32 270
18  83  61  72   1   0   7 0.00  0.0    0  5.0 14 180 759   92   5 1      18 160
19  82  67  75   4   0  10    T  0.0    0  7.2 23 260 654   79   5 1      27 270
20  78  67  73   2   0   8 0.65  0.0    0 11.6 28 170 396   48   7 13     37 170
21  75  61  68  -2   0   3 0.01  0.0    0 11.4 23 270 668   82   7        28 270
22  77  53  65  -5   0   0 0.00  0.0    0  5.4 15 250 786   96   3        20 250
================================================================================
SM 1851 1404         0 205  6.55     0.0 146.4        15183    104
================================================================================
AV 84.1 63.8                               6.7 FASTST  690  82   5    MAX(MPH)
                                 MISC ---->  # 28 170               # 37  170
================================================================================
NOTES:
# LAST OF SEVERAL OCCURRENCES

COLUMN 17 PEAK WIND IN M.P.H.

PRELIMINARY LOCAL CLIMATOLOGICAL DATA (WS FORM: F-6) , PAGE 2

                                          STATION:  GRAND RAPIDS
                                          MONTH:    AUGUST
                                          YEAR:     2016
                                          LATITUDE:   42 52 N
                                          LONGITUDE:  85 31 W

[TEMPERATURE DATA]      [PRECIPITATION DATA]       SYMBOLS USED IN COLUMN 16

AVERAGE MONTHLY: 74.0   TOTAL FOR MONTH:   6.55    1 = FOG OR MIST
DPTR FM NORMAL:   2.5   DPTR FM NORMAL:    4.02    2 = FOG REDUCING VISIBILITY
HIGHEST:    92 ON 10    GRTST 24HR  3.11 ON 12-13      TO 1/4 MILE OR LESS
LOWEST:     53 ON 22                               3 = THUNDER
                        SNOW, ICE PELLETS, HAIL    4 = ICE PELLETS
                        TOTAL MONTH:   0.0 INCH    5 = HAIL
                        GRTST 24HR     0.0         6 = FREEZING RAIN OR DRIZZLE
                        GRTST DEPTH:   0           7 = DUSTSTORM OR SANDSTORM:
                                                       VSBY 1/2 MILE OR LESS
                                                   8 = SMOKE OR HAZE
[NO. OF DAYS WITH]      [WEATHER - DAYS WITH]      9 = BLOWING SNOW
                                                   X = TORNADO
MAX 32 OR BELOW:   0    0.01 INCH OR MORE:   7
MAX 90 OR ABOVE:   4    0.10 INCH OR MORE:   6
MIN 32 OR BELOW:   0    0.50 INCH OR MORE:   5
MIN  0 OR BELOW:   0    1.00 INCH OR MORE:   2

[HDD (BASE 65) ]
TOTAL THIS MO.     0    CLEAR  (SCALE 0-3)   8
DPTR FM NORMAL     0    PTCLDY (SCALE 4-7)  13
TOTAL FM JUL 1     0    CLOUDY (SCALE 8-10)  1
DPTR FM NORMAL    -6

[CDD (BASE 65) ]
TOTAL THIS MO.   205
DPTR FM NORMAL    58    [PRESSURE DATA]
TOTAL FM JAN 1   762    HIGHEST SLP M ON M
DPTR FM NORMAL   184    LOWEST  SLP 29.56 ON 20

[REMARKS]
