000
CXGM50 PGUM 010005
CF6GSN
PRELIMINARY LOCAL CLIMATOLOGICAL DATA (WS FORM: F-6)

                                          STATION:   SAIPAN/ISLEY_(CGS) MP
                                          MONTH:     JUNE
                                          YEAR:      2015
                                          LATITUDE:   15  7 N
                                          LONGITUDE: 145-44 E

  TEMPERATURE IN F:       :PCPN:    SNOW:  WIND      :SUNSHINE: SKY     :PK WND
================================================================================
1   2   3   4   5  6A  6B    7    8   9   10  11  12  13   14  15   16   17  18
                                     12Z  AVG MX 2MIN
DY MAX MIN AVG DEP HDD CDD  WTR  SNW DPTH SPD SPD DIR MIN PSBL S-S WX    SPD DR
================================================================================

 1  87  78  83   M   0  18 0.01  0.0    0 15.0 24  80   M    M   5 18     29  80
 2  86  74  80   M   0  15 0.56  0.0    0 12.3 28  90   M    M   5 18     36  80
 3  86  73  80   M   0  15 2.26  0.0    0  8.3 21  80   M    M   8 18     25  90
 4  86  76  81   M   0  16 0.34  0.0    0  9.2 17 150   M    M   6 1      31  80
 5  86  78  82   M   0  17 0.03  0.0    0  8.3 16  90   M    M   4 1      26 150
 6  86  76  81   M   0  16 0.21  0.0    0  7.6 16  70   M    M   4 1      22 150
 7  86  76  81   M   0  16 0.18  0.0    0 10.6 24  80   M    M   5 1      30  90
 8  87  78  83   M   0  18    T  0.0    0 10.1 18  80   M    M   4        24 150
 9  87  78  83   M   0  18 0.01  0.0    0 14.0 23  90   M    M   4 1      31  90
10  88  79  84   M   0  19    T  0.0    0 16.2 25  80   M    M   7        30  80
11  86  79  83   M   0  18 0.06  0.0    0 15.2 25  70   M    M   6 18     29  70
12  86  78  82   M   0  17    T  0.0    0  9.8 21  60   M    M   4        26  70
13  87  78  83   M   0  18 0.04  0.0    0  7.8 21  80   M    M   4 18     28  80
14  87  78  83   M   0  18 0.19  0.0    0 12.1 25  80   M    M   4 1      30  80
15  88  79  84   M   0  19    T  0.0    0 13.5 24  70   M    M   4        29  70
16  87  79  83   M   0  18 0.04  0.0    0  7.5 20  80   M    M   5 18     28  80
17  88  77  83   M   0  18 0.07  0.0    0  7.7 16  80   M    M   5 1      25  80
18  88  79  84   M   0  19    T  0.0    0  8.1 16  80   M    M   3        22  80
19  88  78  83   M   0  18 0.03  0.0    0  9.3 17  80   M    M   3 1      24  80
20  88  78  83   M   0  18    T  0.0    0  9.3 22  80   M    M   1        26  80
21  88  79  84   M   0  19 0.01  0.0    0 12.5 24  70   M    M   4 1      29  80
22  89  79  84   M   0  19    T  0.0    0 12.6 23  70   M    M   4 18     28  80
23  89  80  85   M   0  20 0.02  0.0    0 12.5 24  80   M    M   4        29  80
24  88  76  82   M   0  17    T  0.0    0  8.6 17  70   M    M   4        23 160
25  88  79  84   M   0  19 0.03  0.0    0  7.7 17 150   M    M   3 1      26  80
26  89  80  85   M   0  20 0.01  0.0    0  9.3 18  80   M    M   3 1      29  80
27  90  79  85   M   0  20 0.02  0.0    0 10.6 18  60   M    M   4 1      24  80
28  90  78  84   M   0  19    T  0.0    0 11.0 20  80   M    M   3        26  90
29  89  79  84   M   0  19 0.02  0.0    0 10.4 21  60   M    M   3 1      24  90
30  90  80  85   M   0  20 0.01  0.0    0 10.8 17  70   M    M   3        22  90
================================================================================
SM 2628 2338         0 541  4.15     0.0 317.9          M      126
================================================================================
AV 87.6 77.9                              10.6 FASTST   M    M   4    MAX(MPH)
                                 MISC ---->  # 28  90               # 36   80
================================================================================
NOTES:
# LAST OF SEVERAL OCCURRENCES

COLUMN 17 PEAK WIND IN M.P.H.

PRELIMINARY LOCAL CLIMATOLOGICAL DATA (WS FORM: F-6) , PAGE 2

                                          STATION:  SAIPAN/ISLEY_(CGS) MP
                                          MONTH:    JUNE
                                          YEAR:     2015
                                          LATITUDE:   15  7 N
                                          LONGITUDE: 145-44 E

[TEMPERATURE DATA]      [PRECIPITATION DATA]       SYMBOLS USED IN COLUMN 16

AVERAGE MONTHLY: 82.8   TOTAL FOR MONTH:   4.15    1 = FOG OR MIST
DPTR FM NORMAL:     M   DPTR FM NORMAL:   -0.35    2 = FOG REDUCING VISIBILITY
HIGHEST:    90 ON 30,28 GRTST 24HR  2.63 ON  2- 3      TO 1/4 MILE OR LESS
LOWEST:     73 ON  3                               3 = THUNDER
                        SNOW, ICE PELLETS, HAIL    4 = ICE PELLETS
                        TOTAL MONTH:   0.0 INCH    5 = HAIL
                        GRTST 24HR     0.0         6 = FREEZING RAIN OR DRIZZLE
                        GRTST DEPTH:   0           7 = DUSTSTORM OR SANDSTORM:
                                                       VSBY 1/2 MILE OR LESS
                                                   8 = SMOKE OR HAZE
[NO. OF DAYS WITH]      [WEATHER - DAYS WITH]      9 = BLOWING SNOW
                                                   X = TORNADO
MAX 32 OR BELOW:   0    0.01 INCH OR MORE:  21
MAX 90 OR ABOVE:   3    0.10 INCH OR MORE:   6
MIN 32 OR BELOW:   0    0.50 INCH OR MORE:   2
MIN  0 OR BELOW:   0    1.00 INCH OR MORE:   1

[HDD (BASE 65) ]
TOTAL THIS MO.     0    CLEAR  (SCALE 0-3)   5
DPTR FM NORMAL     M    PTCLDY (SCALE 4-7)  25
TOTAL FM JUL 1     0    CLOUDY (SCALE 8-10)  0
DPTR FM NORMAL     M

[CDD (BASE 65) ]
TOTAL THIS MO.   541
DPTR FM NORMAL     M    [PRESSURE DATA]
TOTAL FM JAN 1  2886    HIGHEST SLP M ON M
DPTR FM NORMAL     M    LOWEST  SLP 29.83 ON 17

[REMARKS]
#FINAL-06-15#
