000
CXUS52 KFFC 181110
CF6GVL
PRELIMINARY LOCAL CLIMATOLOGICAL DATA (WS FORM: F-6)

                                          STATION:   GAINESVILLE
                                          MONTH:     FEBRUARY
                                          YEAR:      2018
                                          LATITUDE:   34 16 N
                                          LONGITUDE:  83 50 W

  TEMPERATURE IN F:       :PCPN:    SNOW:  WIND      :SUNSHINE: SKY     :PK WND
================================================================================
1   2   3   4   5  6A  6B    7    8   9   10  11  12  13   14  15   16   17  18
                                     12Z  AVG MX 2MIN
DY MAX MIN AVG DEP HDD CDD  WTR  SNW DPTH SPD SPD DIR MIN PSBL S-S WX    SPD DR
================================================================================

 1  62  33  48   5  17   0 0.03  0.0    0  6.7 21 350   M    M   8 1      27 320
 2  45  28  37  -6  28   0 0.03  0.0    0 11.7 21 330   M    M   2 1      30 310
 3  44  28  36  -7  29   0 0.00  0.0    0  7.4 14  80   M    M   1        18  80
 4  44  31  38  -5  27   0 1.72  0.0    0  8.1 15 260   M    M  10 16     20 250
 5  51  36  44   0  21   0 0.00  0.0    0  6.8 17 320   M    M   0        23 320
 6  62  35  49   5  16   0 0.00  0.0    0  2.9 10  90   M    M   8        15  80
 7  60  42  51   7  14   0 1.08    M    0  8.0 22 310   M    M   9 13     30 330
 8  61  33  47   3  18   0 0.00  0.0    0  7.3 14 350   M    M   0        18 310
 9  60  34  47   3  18   0 0.20    M    0  5.9 14  80   M    M   3 1      18  70
10  58  47  53   8  12   0 0.43    M    0  5.4 10  90   M    M  10 12     13  80
11  66  58  62  17   3   0 1.10  0.0    0  7.2 15 260   M    M   9 1      23 200
12  66  52  59  14   6   0 0.03  0.0    0  6.4 13 260   M    M   7 1      16 260
13  55  42  49   4  16   0 0.03    M    0  9.9 21  70   M    M  10 1      29  70
14  64  44  54   9  11   0    T    M    0  3.7 14 250   M    M  10 1      16 230
15  66  55  61  15   4   0    T  0.0    0  6.0 15 230   M    M   8 12     23 220
16  73  55  64  18   1   0    T  0.0    0 12.0 24 260   M    M  10 18     34 240
17  58  47  53   7  12   0 0.04    M    0  5.1 14  90   M    M   8 1      19 100
================================================================================
SM  995  700       253   0  4.69     0.0 120.5          M      113
================================================================================
AV 58.5 41.2                               7.1 FASTST   M    M   7    MAX(MPH)
                                 MISC ---->  # 24 260               # 34  240
================================================================================
NOTES:
# LAST OF SEVERAL OCCURRENCES

COLUMN 17 PEAK WIND IN M.P.H.

PRELIMINARY LOCAL CLIMATOLOGICAL DATA (WS FORM: F-6) , PAGE 2

                                          STATION:  GAINESVILLE
                                          MONTH:    FEBRUARY
                                          YEAR:     2018
                                          LATITUDE:   34 16 N
                                          LONGITUDE:  83 50 W

[TEMPERATURE DATA]      [PRECIPITATION DATA]       SYMBOLS USED IN COLUMN 16

AVERAGE MONTHLY: 49.9   TOTAL FOR MONTH:   4.69    1 = FOG OR MIST
DPTR FM NORMAL:   5.4   DPTR FM NORMAL:    1.94    2 = FOG REDUCING VISIBILITY
HIGHEST:    73 ON 16    GRTST 24HR  1.72 ON  4- 4      TO 1/4 MILE OR LESS
LOWEST:     28 ON  3, 2                            3 = THUNDER
                        SNOW, ICE PELLETS, HAIL    4 = ICE PELLETS
                        TOTAL MONTH:   0.0 INCH    5 = HAIL
                        GRTST 24HR     0.0         6 = FREEZING RAIN OR DRIZZLE
                        GRTST DEPTH:   0           7 = DUSTSTORM OR SANDSTORM:
                                                       VSBY 1/2 MILE OR LESS
                                                   8 = SMOKE OR HAZE
[NO. OF DAYS WITH]      [WEATHER - DAYS WITH]      9 = BLOWING SNOW
                                                   X = TORNADO
MAX 32 OR BELOW:   0    0.01 INCH OR MORE:  10
MAX 90 OR ABOVE:   0    0.10 INCH OR MORE:   5
MIN 32 OR BELOW:   3    0.50 INCH OR MORE:   3
MIN  0 OR BELOW:   0    1.00 INCH OR MORE:   3

[HDD (BASE 65) ]
TOTAL THIS MO.   253    CLEAR  (SCALE 0-3)   5
DPTR FM NORMAL   -99    PTCLDY (SCALE 4-7)   5
TOTAL FM JUL 1  2137    CLOUDY (SCALE 8-10)  7
DPTR FM NORMAL  -133

[CDD (BASE 65) ]
TOTAL THIS MO.     0
DPTR FM NORMAL     0    [PRESSURE DATA]
TOTAL FM JAN 1     0    HIGHEST SLP M ON M
DPTR FM NORMAL     0    LOWEST  SLP 29.87 ON  4

[REMARKS]
