780
CXUS52 KFFC 201110
CF6GVL
PRELIMINARY LOCAL CLIMATOLOGICAL DATA (WS FORM: F-6)

                                          STATION:   GAINESVILLE
                                          MONTH:     AUGUST
                                          YEAR:      2017
                                          LATITUDE:   34 16 N
                                          LONGITUDE:  83 50 W

  TEMPERATURE IN F:       :PCPN:    SNOW:  WIND      :SUNSHINE: SKY     :PK WND
================================================================================
1   2   3   4   5  6A  6B    7    8   9   10  11  12  13   14  15   16   17  18
                                     12Z  AVG MX 2MIN
DY MAX MIN AVG DEP HDD CDD  WTR  SNW DPTH SPD SPD DIR MIN PSBL S-S WX    SPD DR
================================================================================

 1  87  65  76  -3   0  11 0.00  0.0    0  4.2 10  70   M    M   0        14  50
 2  85  69  77  -2   0  12 0.00  0.0    0  2.6  9 230   M    M   1        13 240
 3  85  68  77  -2   0  12 0.00  0.0    0  4.1 10 100   M    M   1        15 120
 4  87  67  77  -2   0  12 0.00  0.0    0  5.6 13 180   M    M   5 3      17 290
 5  87  70  79   0   0  14 0.00  0.0    0  4.8 14 280   M    M   1        21 280
 6  89  67  78  -1   0  13 0.18  0.0    0  4.4 16 130   M    M   3 13     23 130
 7  85  70  78  -1   0  13 1.19  0.0    0  8.2 20 290   M    M   5 13     29 280
 8  80  70  75  -4   0  10 0.22  0.0    0  4.4 13 270   M    M   8 13     17 250
 9  76  68  72  -7   0   7 0.04  0.0    0  8.1 14  70   M    M  10 1      19  70
10  80  70  75  -4   0  10 0.19  0.0    0  5.6 13  90   M    M   9 13     16  80
11  85  68  77  -2   0  12 0.43  0.0    0  4.4 12 180   M    M   8 12     14 200
12  88  71  80   1   0  15 0.00  0.0    0  4.6 13 240   M    M   5 1      16 260
13  89  72  81   2   0  16 0.00  0.0    0  2.9  9 250   M    M   3        13 290
14  87  72  80   2   0  15 0.29  0.0    0  5.4 12 230   M    M   3 13     17 170
15  88  72  80   2   0  15 0.02  0.0    0  7.0 14 260   M    M   3 13     18 280
16  90  72  81   3   0  16 0.00  0.0    0  5.8 13 240   M    M   2        17 230
17  90  74  82   4   0  17 0.00  0.0    0  6.2 17 250   M    M   1        21 260
18  89  74  82   4   0  17 0.00  0.0    0  8.3 15 310   M    M   1        20 260
19  89  67  78   0   0  13 0.00  0.0    0  2.8  9 320   M    M   0        16 200
================================================================================
SM 1636 1326         0 250  2.56     0.0  99.4          M       69
================================================================================
AV 86.1 69.8                               5.2 FASTST   M    M   4    MAX(MPH)
                                 MISC ---->  # 20 290               # 29  280
================================================================================
NOTES:
# LAST OF SEVERAL OCCURRENCES

COLUMN 17 PEAK WIND IN M.P.H.

PRELIMINARY LOCAL CLIMATOLOGICAL DATA (WS FORM: F-6) , PAGE 2

                                          STATION:  GAINESVILLE
                                          MONTH:    AUGUST
                                          YEAR:     2017
                                          LATITUDE:   34 16 N
                                          LONGITUDE:  83 50 W

[TEMPERATURE DATA]      [PRECIPITATION DATA]       SYMBOLS USED IN COLUMN 16

AVERAGE MONTHLY: 78.0   TOTAL FOR MONTH:   2.56    1 = FOG OR MIST
DPTR FM NORMAL:  -0.7   DPTR FM NORMAL:   -0.40    2 = FOG REDUCING VISIBILITY
HIGHEST:    90 ON 17,16 GRTST 24HR  1.19 ON  7- 7      TO 1/4 MILE OR LESS
LOWEST:     65 ON  1                               3 = THUNDER
                        SNOW, ICE PELLETS, HAIL    4 = ICE PELLETS
                        TOTAL MONTH:   0.0 INCH    5 = HAIL
                        GRTST 24HR     0.0         6 = FREEZING RAIN OR DRIZZLE
                        GRTST DEPTH:   0           7 = DUSTSTORM OR SANDSTORM:
                                                       VSBY 1/2 MILE OR LESS
                                                   8 = SMOKE OR HAZE
[NO. OF DAYS WITH]      [WEATHER - DAYS WITH]      9 = BLOWING SNOW
                                                   X = TORNADO
MAX 32 OR BELOW:   0    0.01 INCH OR MORE:   8
MAX 90 OR ABOVE:   2    0.10 INCH OR MORE:   6
MIN 32 OR BELOW:   0    0.50 INCH OR MORE:   1
MIN  0 OR BELOW:   0    1.00 INCH OR MORE:   1

[HDD (BASE 65) ]
TOTAL THIS MO.     0    CLEAR  (SCALE 0-3)  10
DPTR FM NORMAL     0    PTCLDY (SCALE 4-7)   6
TOTAL FM JUL 1     0    CLOUDY (SCALE 8-10)  3
DPTR FM NORMAL     0

[CDD (BASE 65) ]
TOTAL THIS MO.   250
DPTR FM NORMAL    -9    [PRESSURE DATA]
TOTAL FM JAN 1  1279    HIGHEST SLP M ON M
DPTR FM NORMAL    98    LOWEST  SLP 29.87 ON 14

[REMARKS]
