000
CXUS52 KFFC 271110
CF6GVL
PRELIMINARY LOCAL CLIMATOLOGICAL DATA (WS FORM: F-6)

                                          STATION:   GAINESVILLE
                                          MONTH:     FEBRUARY
                                          YEAR:      2015
                                          LATITUDE:   34 16 N
                                          LONGITUDE:  83 50 W

  TEMPERATURE IN F:       :PCPN:    SNOW:  WIND      :SUNSHINE: SKY     :PK WND
================================================================================
1   2   3   4   5  6A  6B    7    8   9   10  11  12  13   14  15   16   17  18
                                     12Z  AVG MX 2MIN
DY MAX MIN AVG DEP HDD CDD  WTR  SNW DPTH SPD SPD DIR MIN PSBL S-S WX    SPD DR
================================================================================

 1  54  36  45   2  20   0 1.20  0.0    M  5.0 18 190   M    M   5 1      29 190
 2  55  27  41  -2  24   0 0.25  0.0    M 15.8 30 290   M    M   6 1      43 290
 3  48  23  36  -7  29   0 0.00  0.0    M  3.6 13 300   M    M   0        16 310
 4  50  30  40  -3  25   0 0.00    M    M  1.2  8 190   M    M   0        10 140
 5  52  29  41  -3  24   0 0.00    M    M  8.8 21 330   M    M   2        27 340
 6  49  22  36  -8  29   0 0.00    M    M  3.4 12 240   M    M   0        15 240
 7  62  27  45   1  20   0 0.00    M    M  6.9 17 240   M    M   0        22 260
 8  66  37  52   8  13   0 0.00  0.0    M  7.3 18 260   M    M   2        23 260
 9  61  46  54  10  11   0 0.51  0.0    M  6.7 18 310   M    M   9 1      23 300
10  57  37  47   2  18   0 0.00    M    M  8.6 15 300   M    M   1        20 300
11  59  34  47   2  18   0 0.00  0.0    M  6.7 14 260   M    M   0        17 270
12  48  25  37  -8  28   0 0.00    M    M 13.9 31 310   M    M   0        38 310
13  41  24  33 -12  32   0 0.00    M    M  6.5 15 310   M    M   0        21 310
14  55  27  41  -4  24   0 0.00  0.0    0 15.3 30 300   M    M   1        41 320
15  42  22  32 -14  33   0 0.00  0.0    0  8.4 29 310   M    M   3        39 310
16  35  29  32 -14  33   0 1.10  0.0    0 10.5 17  80   M    M  10 16     23  60
17   M   M   M   M   M   M 0.00  0.0    0   M   M   M   0    0   0         0   0
18  32  19  26 -20  39   0    T    T    M 17.1 22 290   0    0   0        39 280
19  23  11  17 -29  48   0 0.00  0.0    M 14.2 21 280   M    M   1        28 320
20  31  12  22 -25  43   0    T    T    M  5.0 14 290   M    M   7 8      18 300
21  40  28  34 -13  31   0 0.14    M    M  7.0 12 110   M    M  10 1      15 120
22  53  38  46  -1  19   0 0.37  0.0    M  3.5 17 320   M    M  10 128    21 320
23  55  38  47   0  18   0 0.24  0.0    M  7.7 18 310   M    M   6 128    23 310
24  39  30  35 -13  30   0 0.22    M    M  6.8 15  50   M    M   9 1      19  50
25  36  28  32 -16  33   0 0.47    M    M  6.5 16  60   M    M   4 16     22  70
26  39  31  35 -13  30   0 0.02    M    M  7.4 15 260   M    M   7 1      18 300
================================================================================
SM 1182  710       672   0  4.52    T    203.8            0     93
================================================================================
AV 47.3 28.4                               8.2 FASTST    0   0   4    MAX(MPH)
                                 MISC ---->  # 31 310               # 43  290
================================================================================
NOTES:
# LAST OF SEVERAL OCCURRENCES

COLUMN 17 PEAK WIND IN M.P.H.

PRELIMINARY LOCAL CLIMATOLOGICAL DATA (WS FORM: F-6) , PAGE 2

                                          STATION:  GAINESVILLE
                                          MONTH:    FEBRUARY
                                          YEAR:     2015
                                          LATITUDE:   34 16 N
                                          LONGITUDE:  83 50 W

[TEMPERATURE DATA]      [PRECIPITATION DATA]       SYMBOLS USED IN COLUMN 16

AVERAGE MONTHLY: 37.8   TOTAL FOR MONTH:   4.52    1 = FOG OR MIST
DPTR FM NORMAL:  -7.5   DPTR FM NORMAL:    0.06    2 = FOG REDUCING VISIBILITY
HIGHEST:    66 ON  8    GRTST 24HR  1.45 ON  1- 2      TO 1/4 MILE OR LESS
LOWEST:     11 ON 19                               3 = THUNDER
                        SNOW, ICE PELLETS, HAIL    4 = ICE PELLETS
                        TOTAL MONTH:    T          5 = HAIL
                        GRTST 24HR    T  ON 20-20  6 = FREEZING RAIN OR DRIZZLE
                        GRTST DEPTH:   0           7 = DUSTSTORM OR SANDSTORM:
                                                       VSBY 1/2 MILE OR LESS
                                                   8 = SMOKE OR HAZE
[NO. OF DAYS WITH]      [WEATHER - DAYS WITH]      9 = BLOWING SNOW
                                                   X = TORNADO
MAX 32 OR BELOW:   3    0.01 INCH OR MORE:  10
MAX 90 OR ABOVE:   0    0.10 INCH OR MORE:   9
MIN 32 OR BELOW:  18    0.50 INCH OR MORE:   3
MIN  0 OR BELOW:   0    1.00 INCH OR MORE:   2

[HDD (BASE 65) ]
TOTAL THIS MO.   672    CLEAR  (SCALE 0-3)  15
DPTR FM NORMAL   159    PTCLDY (SCALE 4-7)   6
TOTAL FM JUL 1  2578    CLOUDY (SCALE 8-10)  5
DPTR FM NORMAL   147

[CDD (BASE 65) ]
TOTAL THIS MO.     0
DPTR FM NORMAL     0    [PRESSURE DATA]
TOTAL FM JAN 1     0    HIGHEST SLP  0.00 ON M
DPTR FM NORMAL     0    LOWEST  SLP 29.65 ON  2

[REMARKS]
