000
CXUS54 KJAN 010800
CF6GWO
PRELIMINARY LOCAL CLIMATOLOGICAL DATA (WS FORM: F-6)

                                          STATION:   GREENWOOD
                                          MONTH:     SEPTEMBER
                                          YEAR:      2014
                                          LATITUDE:   33 30 N
                                          LONGITUDE:  90  5 W

  TEMPERATURE IN F:       :PCPN:    SNOW:  WIND      :SUNSHINE: SKY     :PK WND
================================================================================
1   2   3   4   5  6A  6B    7    8   9   10  11  12  13   14  15   16   17  18
                                     12Z  AVG MX 2MIN
DY MAX MIN AVG DEP HDD CDD  WTR  SNW DPTH SPD SPD DIR MIN PSBL S-S WX    SPD DR
================================================================================

 1  92  71  82   3   0  17 0.00  0.0    0  7.3 20 180   M    M   1 1      24 180
 2  86  73  80   1   0  15 0.29  0.0    0  5.4 14 200   M    M   4 18     17 200
 3  90  69  80   1   0  15 0.00  0.0    0  2.0  8 360   M    M   5 12     11 340
 4  95  72  84   5   0  19 0.00  0.0    0  2.2  8 100   M    M   1 1      10 100
 5  92  71  82   4   0  17 0.00  0.0    0  3.4 13 150   M    M   2 1      16 170
 6  94  69  82   4   0  17 0.00  0.0    0  2.8 16 350   M    M   2 12     24 340
 7  87  71  79   1   0  14 0.00  0.0    0  5.5 12  30   M    M   5 1      15  20
 8  91  68  80   3   0  15 0.00  0.0    0  3.2  9  40   M    M   0 18     12  20
 9  94  71  83   6   0  18    T  0.0    0  4.5 12 140   M    M   1        15 150
10  92  75  84   7   0  19 0.00  0.0    0  9.0 18 190   M    M   1 1      24 180
11  93  74  84   7   0  19 0.00  0.0    0  6.4 16  20   M    M   3 8      19  20
12  78  66  72  -4   0   7 0.00  0.0    0  7.4 13 360   M    M  10 18     17 360
13  71  62  67  -9   0   2 0.00  0.0    0 10.2 17  40   M    M  10 1      22  20
14  84  59  72  -4   0   7 0.00  0.0    0  4.3 10 360   M    M   1 18     15  20
15  87  64  76   1   0  11    T  0.0    0  2.8  9 350   M    M   0        13  20
16  92  70  81   6   0  16 0.01  0.0    0  3.1  8  20   M    M   2 1       9 360
17  90  67  79   5   0  14 0.00  0.0    0  4.7  9  30   M    M   1 1      13  30
18  90  69  80   6   0  15 0.01  0.0    0  4.2 14  90   M    M   2        18 260
19  90  66  78   4   0  13 0.00  0.0    0  4.4 12  90   M    M   3 12     13  90
20  91  69  80   7   0  15 0.00  0.0    0  3.5 12  90   M    M   0        14 110
21  93  66  80   7   0  15 0.07  0.0    0  2.9 14  20   M    M   3 1      18  20
22  81  56  69  -4   0   4 0.00  0.0    0  7.8 17  10   M    M   2        22  40
23  83  48  66  -6   0   1 0.00  0.0    0  5.2 12  80   M    M   0        14  40
24  84  57  71  -1   0   6 0.00  0.0    0  5.3 15 110   M    M   1        20 100
25  87  57  72   0   0   7 0.00  0.0    0  3.5 12  50   M    M   0        16  50
26  84  57  71   0   0   6 0.00  0.0    0  3.5  9  40   M    M   0 1      13  30
27  83  62  73   2   0   8 0.00  0.0    0  5.4 16  90   M    M   1 1      20  90
28  86  65  76   6   0  11 0.00  0.0    0  5.3 13  80   M    M   6        16  80
29  89  62  76   6   0  11 0.00  0.0    0  4.3 13  50   M    M   3 1      17  20
30  89  60  75   5   0  10 0.00  0.0    0  2.8  8 140   M    M   1 1      10 120
================================================================================
SM 2638 1966         0 364  0.38     0.0 142.3          M       71
================================================================================
AV 87.9 65.5                               4.7 FASTST   M    M   2    MAX(MPH)
                                 MISC ---->  # 20 180               # 24  180
================================================================================
NOTES:
# LAST OF SEVERAL OCCURRENCES

COLUMN 17 PEAK WIND IN M.P.H.

PRELIMINARY LOCAL CLIMATOLOGICAL DATA (WS FORM: F-6) , PAGE 2

                                          STATION:  GREENWOOD
                                          MONTH:    SEPTEMBER
                                          YEAR:     2014
                                          LATITUDE:   33 30 N
                                          LONGITUDE:  90  5 W

[TEMPERATURE DATA]      [PRECIPITATION DATA]       SYMBOLS USED IN COLUMN 16

AVERAGE MONTHLY: 76.7   TOTAL FOR MONTH:   0.38    1 = FOG OR MIST
DPTR FM NORMAL:   2.0   DPTR FM NORMAL:   -3.28    2 = FOG REDUCING VISIBILITY
HIGHEST:    95 ON  4    GRTST 24HR  0.29 ON  2- 2      TO 1/4 MILE OR LESS
LOWEST:     48 ON 23                               3 = THUNDER
                        SNOW, ICE PELLETS, HAIL    4 = ICE PELLETS
                        TOTAL MONTH:   0.0 INCH    5 = HAIL
                        GRTST 24HR     0.0         6 = FREEZING RAIN OR DRIZZLE
                        GRTST DEPTH:   0           7 = DUSTSTORM OR SANDSTORM:
                                                       VSBY 1/2 MILE OR LESS
                                                   8 = SMOKE OR HAZE
[NO. OF DAYS WITH]      [WEATHER - DAYS WITH]      9 = BLOWING SNOW
                                                   X = TORNADO
MAX 32 OR BELOW:   0    0.01 INCH OR MORE:   4
MAX 90 OR ABOVE:  15    0.10 INCH OR MORE:   1
MIN 32 OR BELOW:   0    0.50 INCH OR MORE:   0
MIN  0 OR BELOW:   0    1.00 INCH OR MORE:   0

[HDD (BASE 65) ]
TOTAL THIS MO.     0    CLEAR  (SCALE 0-3)  24
DPTR FM NORMAL   -12    PTCLDY (SCALE 4-7)   4
TOTAL FM JUL 1     0    CLOUDY (SCALE 8-10)  2
DPTR FM NORMAL   -12

[CDD (BASE 65) ]
TOTAL THIS MO.   364
DPTR FM NORMAL    59    [PRESSURE DATA]
TOTAL FM JAN 1  1920    HIGHEST SLP M ON M
DPTR FM NORMAL  -127    LOWEST  SLP 29.82 ON 30

[REMARKS]
#FINAL-09-14#
