000
CXUS55 KBOU 291404
CF6GXY
PRELIMINARY LOCAL CLIMATOLOGICAL DATA (WS FORM: F-6)

                                          STATION:   GREELEY  CO
                                          MONTH:     JANUARY
                                          YEAR:      2015
                                          LATITUDE:   40 25 N
                                          LONGITUDE: 104 38 W

  TEMPERATURE IN F:       :PCPN:    SNOW:  WIND      :SUNSHINE: SKY     :PK WND
================================================================================
1   2   3   4   5  6A  6B    7    8   9   10  11  12  13   14  15   16   17  18
                                     12Z  AVG MX 2MIN
DY MAX MIN AVG DEP HDD CDD  WTR  SNW DPTH SPD SPD DIR MIN PSBL S-S WX    SPD DR
================================================================================

 1  23 -15   4   M  61   0    M    M    M  3.9  7 320   M    M   2         M  M
 2  28   1  15   M  50   0    M    M    M  3.0 10 300   M    M   1         M  M
 3  27  -2  13   M  52   0    M    M    M  7.1 22  10   M    M   5        36  10
 4  16 -11   3   M  62   0    M    M    M  2.3  9  30   M    M   1         M  M
 5  36  -6  15   M  50   0    M    M    M  4.6 18  90   M    M   0        21  90
 6  36   9  23   M  42   0    M    M    M  5.0 24  30   M    M   4        35  30
 7  21   3  12   M  53   0    M    M    M  7.0 16  90   M    M   7         M  M
 8  46   5  26   M  39   0    M    M    M 10.2 23  40   M    M   4        25  30
 9  25  18  22   M  43   0    M    M    M  4.5 14  50   M    M   8         M  M
10  37  18  28   M  37   0    M    M    M  3.2 10 290   M    M   3         M  M
11  41  12  27   M  38   0    M    M    M  6.5 16  10   M    M   6         M  M
12  27  21  24   M  41   0    M    M    M  7.0 13 100   M    M  10         M  M
13  34  21  28   M  37   0    M    M    M  3.1 15  20   M    M   9        22  20
14  34  10  22   M  43   0    M    M    M  1.2  6 330   M    M   1         M  M
15  43   9  26   M  39   0    M    M    M  4.1  8 310   M    M   1         M  M
16  45  16  31   M  34   0    M    M    M  3.3  7 340   M    M   0         M  M
17  54  25  40   M  25   0    M    M    M  9.8 30 310   M    M   0        40 310
18  57  19  38   M  27   0    M    M    M  4.7 12 330   M    M   0        16 320
19  57  27  42   M  23   0    M    M    M  6.8 18 130   M    M   3        16 350
20  45  27  36   M  29   0    M    M    M  7.2 16  20   M    M   4        23 330
21  36  18  27   M  38   0    M    M    M  5.9 10  40   M    M   4        20  30
22  39  12  26   M  39   0    M    M    M  2.0  9 180   M    M   0         M  M
23  52  16  34   M  31   0    M    M    M  7.0 16  20   M    M   3        24  20
24  46  18  32   M  33   0    M    M    M  6.3 20 320   M    M   2        25 320
25  59  23  41   M  24   0    M    M    M  4.0 12  30   M    M   3        18  30
26  72  25  49   M  16   0    M    M    M  2.8  9 220   M    M   0         M  M
27  70  25  48   M  17   0    M    M    M  3.0  9 360   M    M   0         M  M
28  63  28  46   M  19   0    M    M    M 16.6 30  10   M    M   2        39 330
================================================================================
SM 1169  372      1042   0    M     M    152.1          M       83
================================================================================
AV 41.8 13.3                               5.4 FASTST   M    M   3    MAX(MPH)
                                 MISC ---->    30   M                 40    M
================================================================================
NOTES:
# LAST OF SEVERAL OCCURRENCES

COLUMN 17 PEAK WIND IN M.P.H.

PRELIMINARY LOCAL CLIMATOLOGICAL DATA (WS FORM: F-6) , PAGE 2

                                          STATION:  GREELEY  CO
                                          MONTH:    JANUARY
                                          YEAR:     2015
                                          LATITUDE:   40 25 N
                                          LONGITUDE: 104 38 W

[TEMPERATURE DATA]      [PRECIPITATION DATA]       SYMBOLS USED IN COLUMN 16

AVERAGE MONTHLY: 27.5   TOTAL FOR MONTH:      M    1 = FOG OR MIST
DPTR FM NORMAL:     M   DPTR FM NORMAL:       M    2 = FOG REDUCING VISIBILITY
HIGHEST:    72 ON 26    GRTST 24HR    M  ON   M        TO 1/4 MILE OR LESS
LOWEST:    -15 ON  1                               3 = THUNDER
                        SNOW, ICE PELLETS, HAIL    4 = ICE PELLETS
                        TOTAL MONTH:    M          5 = HAIL
                        GRTST 24HR    M  ON   M    6 = FREEZING RAIN OR DRIZZLE
                        GRTST DEPTH:  M  ON   M    7 = DUSTSTORM OR SANDSTORM:
                                                       VSBY 1/2 MILE OR LESS
                                                   8 = SMOKE OR HAZE
[NO. OF DAYS WITH]      [WEATHER - DAYS WITH]      9 = BLOWING SNOW
                                                   X = TORNADO
MAX 32 OR BELOW:   7    0.01 INCH OR MORE:   0
MAX 90 OR ABOVE:   0    0.10 INCH OR MORE:   0
MIN 32 OR BELOW:  28    0.50 INCH OR MORE:   0
MIN  0 OR BELOW:   4    1.00 INCH OR MORE:   0

[HDD (BASE 65) ]
TOTAL THIS MO.  1042    CLEAR  (SCALE 0-3)  18
DPTR FM NORMAL     M    PTCLDY (SCALE 4-7)   8
TOTAL FM JUL 1  3630    CLOUDY (SCALE 8-10)  2
DPTR FM NORMAL     M

[CDD (BASE 65) ]
TOTAL THIS MO.     0
DPTR FM NORMAL     M    [PRESSURE DATA]
TOTAL FM JAN 1     0    HIGHEST SLP M ON M
DPTR FM NORMAL     M    LOWEST  SLP M ON M

[REMARKS]
