000
CXUS54 KFWD 290730
CF6GYI
PRELIMINARY LOCAL CLIMATOLOGICAL DATA (WS FORM: F-6)

                                          STATION:   SHERMAN DENISON
                                          MONTH:     MARCH
                                          YEAR:      2015
                                          LATITUDE:   33 42 N
                                          LONGITUDE:  96 40 W

  TEMPERATURE IN F:       :PCPN:    SNOW:  WIND      :SUNSHINE: SKY     :PK WND
================================================================================
1   2   3   4   5  6A  6B    7    8   9   10  11  12  13   14  15   16   17  18
                                     12Z  AVG MX 2MIN
DY MAX MIN AVG DEP HDD CDD  WTR  SNW DPTH SPD SPD DIR MIN PSBL S-S WX    SPD DR
================================================================================

 1  37  32  35 -15  30   0 0.02  0.0    0  5.6 13 360   M    M  10 16      M  M
 2  41  34  38 -12  27   0    M  0.0    M  6.3 13  10   M    M  10 1       M  M
 3  51  41  46  -5  19   0 0.00  0.0    0  4.5  9 160   M    M  10 12      M  M
 4  48  27  38 -13  27   0 0.15    M    0 12.5 22 360   M    M  10 1      31 360
 5  41  21  31 -20  34   0    M    M    M  7.8 15 360   M    M   1        23 360
 6  52  26  39 -12  26   0 0.00  0.0    0  6.4 12 160   M    M   0         M  M
 7  62  32  47  -5  18   0 0.00  0.0    0  7.3 10 190   M    M   1        16 210
 8  55  48  52   0  13   0 0.04  0.0    0  9.0 16 160   M    M  10 1      18 180
 9  51  47  49  -3  16   0 0.46  0.0    0  6.3  9  70   M    M  10 1       M  M
10  58  46  52  -1  13   0 0.00  0.0    0  4.0 13 350   M    M   8 1       M  M
11  72  39  56   3   9   0 0.00  0.0    0  2.8  8  60   M    M   4 12     16  30
12  72  48  60   7   5   0 0.00  0.0    0  5.7 10 360   M    M   5         M  M
13  58  54  56   2   9   0 0.34  0.0    0  8.1 14 330   M    M  10 1      17 330
14  59  55  57   3   8   0 0.00  0.0    0 12.5 18 350   M    M  10        25 360
15  69  54  62   8   3   0 0.00  0.0    0  4.7 13  10   M    M  10 1      16  10
16  76  51  64  10   1   0 0.00  0.0    0  5.3 13 200   M    M   1 1      17 200
17  81  59  70  15   0   5 0.00  0.0    0  4.4 12  10   M    M   1        16  10
18  60  54  57   2   8   0 0.31  0.0    0  2.8  7 310   M    M   9 1       M  M
19  62  55  59   4   6   0 0.19  0.0    0  7.5 10  80   M    M  10 12      M  M
20  60  52  56   1   9   0 0.49  0.0    0  6.6 14  20   M    M   8 3       M  M
21  64  52  58   2   7   0 0.18  0.0    0  2.4 10  70   M    M   7        17  70
22  69  50  60   4   5   0 0.01  0.0    0  1.1  7 350   M    M   6         M  M
23  76  52  64   8   1   0 0.00  0.0    0  5.9 12 150   M    M   0        16 170
24  83  60  72  16   0   7 0.00  0.0    0 14.5 22 190   M    M   0        27 190
25  83  61  72  15   0   7 0.36  0.0    0 15.0 25 180   M    M   2 3      33 180
26  64  45  55  -2  10   0 0.01  0.0    0 15.0 28 340   M    M   4 13     37 340
27  62  43  53  -4  12   0 0.00  0.0    0  6.3 14  20   M    M   0        20  20
28  79  47  63   5   2   0 0.00  0.0    0  9.1 15  90   M    M   0        18 110
================================================================================
SM 1745 1285       318  19  2.56     0.0 199.4          M      157
================================================================================
AV 62.3 45.9                               7.1 FASTST   M    M   6    MAX(MPH)
                                 MISC ---->    28   M                 37    M
================================================================================
NOTES:
# LAST OF SEVERAL OCCURRENCES

COLUMN 17 PEAK WIND IN M.P.H.

PRELIMINARY LOCAL CLIMATOLOGICAL DATA (WS FORM: F-6) , PAGE 2

                                          STATION:  SHERMAN DENISON
                                          MONTH:    MARCH
                                          YEAR:     2015
                                          LATITUDE:   33 42 N
                                          LONGITUDE:  96 40 W

[TEMPERATURE DATA]      [PRECIPITATION DATA]       SYMBOLS USED IN COLUMN 16

AVERAGE MONTHLY: 54.1   TOTAL FOR MONTH:   2.56    1 = FOG OR MIST
DPTR FM NORMAL:   0.2   DPTR FM NORMAL:   -0.98    2 = FOG REDUCING VISIBILITY
HIGHEST:    83 ON 25,24 GRTST 24HR  0.49 ON 20-20      TO 1/4 MILE OR LESS
LOWEST:     21 ON  5                               3 = THUNDER
                        SNOW, ICE PELLETS, HAIL    4 = ICE PELLETS
                        TOTAL MONTH:   0.0 INCH    5 = HAIL
                        GRTST 24HR     0.0         6 = FREEZING RAIN OR DRIZZLE
                        GRTST DEPTH:   0           7 = DUSTSTORM OR SANDSTORM:
                                                       VSBY 1/2 MILE OR LESS
                                                   8 = SMOKE OR HAZE
[NO. OF DAYS WITH]      [WEATHER - DAYS WITH]      9 = BLOWING SNOW
                                                   X = TORNADO
MAX 32 OR BELOW:   0    0.01 INCH OR MORE:  12
MAX 90 OR ABOVE:   0    0.10 INCH OR MORE:   8
MIN 32 OR BELOW:   5    0.50 INCH OR MORE:   0
MIN  0 OR BELOW:   0    1.00 INCH OR MORE:   0

[HDD (BASE 65) ]
TOTAL THIS MO.   318    CLEAR  (SCALE 0-3)  10
DPTR FM NORMAL    -6    PTCLDY (SCALE 4-7)   6
TOTAL FM JUL 1  2602    CLOUDY (SCALE 8-10) 12
DPTR FM NORMAL   -85

[CDD (BASE 65) ]
TOTAL THIS MO.    19
DPTR FM NORMAL    10    [PRESSURE DATA]
TOTAL FM JAN 1    19    HIGHEST SLP M ON M
DPTR FM NORMAL     9    LOWEST  SLP M ON M

[REMARKS]
