000
CXUS51 KGYX 281100
CF6GYX
PRELIMINARY LOCAL CLIMATOLOGICAL DATA (WS FORM: F-6)

                                          STATION:   GRAY ME
                                          MONTH:     FEBRUARY
                                          YEAR:      2015
                                          LATITUDE:   43 53 N
                                          LONGITUDE:  70 15 W

  TEMPERATURE IN F:       :PCPN:    SNOW:  WIND      :SUNSHINE: SKY     :PK WND
================================================================================
1   2   3   4   5  6A  6B    7    8   9   10  11  12  13   14  15   16   17  18
                                     12Z  AVG MX 2MIN
DY MAX MIN AVG DEP HDD CDD  WTR  SNW DPTH SPD SPD DIR MIN PSBL S-S WX    SPD DR
================================================================================

 1  20   0  10 -11  55   0 0.00  0.0   22   M   M   M   M    M   M         M  M
 2   8  -2   3 -19  62   0 0.69  9.4   22   M   M   M   M    M   M         M  M
 3  16   0   8 -14  57   0 0.00  0.0   28   M   M   M   M    M   M         M  M
 4  29   6  18  -4  47   0 0.05  0.4   24   M   M   M   M    M   M         M  M
 5  29   0  15  -7  50   0 0.18  2.0   25   M   M   M   M    M   M         M  M
 6  16  -3   7 -15  58   0 0.00  0.0   24   M   M   M   M    M   M         M  M
 7  26   9  18  -5  47   0    T    T   23   M   M   M   M    M   M         M  M
 8  17   4  11 -12  54   0 0.25  2.7   22   M   M   M   M    M   M         M  M
 9  10   5   8 -15  57   0 0.24  2.6   25   M   M   M   M    M   M         M  M
10  27   7  17  -6  48   0 0.04  0.4   25   M   M   M   M    M   M         M  M
11  19   6  13 -11  52   0 0.00  0.0   25   M   M   M   M    M   M         M  M
12  16   4  10 -14  55   0 0.06  1.9   24   M   M   M   M    M   M         M  M
13  12   0   6 -18  59   0 0.00  0.0   25   M   M   M   M    M   M         M  M
14  12  -5   4 -20  61   0 0.08  1.3   24   M   M   M   M    M   M         M  M
15  17  -4   7 -18  58   0 0.05  1.0   26   M   M   M   M    M   M         M  M
16  15  -5   5 -20  60   0 0.00  0.0   25   M   M   M   M    M   M         M  M
17  22   1  12 -13  53   0 0.00  0.0   25   M   M   M   M    M   M         M  M
18  31   7  19  -7  46   0    T    T   25   M   M   M   M    M   M         M  M
19  27  10  19  -7  46   0 0.24  6.9   30   M   M   M   M    M   M         M  M
20  16   3  10 -16  55   0 0.00    M   27   M   M   M   M    M   M         M  M
21  29  -3  13 -13  52   0 0.14  2.7   26   M   M   M   M    M   M         M  M
22  35  21  28   1  37   0 0.02  0.3   28   M   M   M   M    M   M         M  M
23  26  -7  10 -17  55   0    T    T   26   M   M   M   M    M   M         M  M
24  13 -10   2 -25  63   0    T    T   26   M   M   M   M    M   M         M  M
25  33  11  22  -6  43   0    T  0.2   26   M   M   M   M    M   M         M  M
26  18   9  14 -14  51   0 0.00  0.0   26   M   M   M   M    M   M         M  M
27  25   6  16 -12  49   0 0.00  0.0   25   M   M   M   M    M   M         M  M
================================================================================
SM  564   70      1430   0  2.04    31.8     M          M        M
================================================================================
AV 20.9  2.6                                 M FASTST   M    M   6    MAX(MPH)
                                 MISC ---->     M   M                  M    M
================================================================================
NOTES:
# LAST OF SEVERAL OCCURRENCES

COLUMN 17 PEAK WIND IN M.P.H.

PRELIMINARY LOCAL CLIMATOLOGICAL DATA (WS FORM: F-6) , PAGE 2

                                          STATION:  GRAY ME
                                          MONTH:    FEBRUARY
                                          YEAR:     2015
                                          LATITUDE:   43 53 N
                                          LONGITUDE:  70 15 W

[TEMPERATURE DATA]      [PRECIPITATION DATA]       SYMBOLS USED IN COLUMN 16

AVERAGE MONTHLY: 11.7   TOTAL FOR MONTH:   2.04    1 = FOG OR MIST
DPTR FM NORMAL: -12.8   DPTR FM NORMAL:   -1.14    2 = FOG REDUCING VISIBILITY
HIGHEST:    35 ON 22    GRTST 24HR  0.69 ON  2- 2      TO 1/4 MILE OR LESS
LOWEST:    -10 ON 24                               3 = THUNDER
                        SNOW, ICE PELLETS, HAIL    4 = ICE PELLETS
                        TOTAL MONTH:  31.8 INCHES  5 = HAIL
                        GRTST 24HR   9.4 ON   M    6 = FREEZING RAIN OR DRIZZLE
                        GRTST DEPTH:  30 ON 19     7 = DUSTSTORM OR SANDSTORM:
                                                       VSBY 1/2 MILE OR LESS
                                                   8 = SMOKE OR HAZE
[NO. OF DAYS WITH]      [WEATHER - DAYS WITH]      9 = BLOWING SNOW
                                                   X = TORNADO
MAX 32 OR BELOW:  25    0.01 INCH OR MORE:  12
MAX 90 OR ABOVE:   0    0.10 INCH OR MORE:   6
MIN 32 OR BELOW:  27    0.50 INCH OR MORE:   1
MIN  0 OR BELOW:  12    1.00 INCH OR MORE:   0

[HDD (BASE 65) ]
TOTAL THIS MO.  1430    CLEAR  (SCALE 0-3)   0
DPTR FM NORMAL   338    PTCLDY (SCALE 4-7)   0
TOTAL FM JUL 1  5429    CLOUDY (SCALE 8-10)  0
DPTR FM NORMAL   307

[CDD (BASE 65) ]
TOTAL THIS MO.     0
DPTR FM NORMAL     0    [PRESSURE DATA]
TOTAL FM JAN 1     0    HIGHEST SLP M ON M
DPTR FM NORMAL     0    LOWEST  SLP M ON M

[REMARKS]
