000
CXUS54 KJAN 291414
CF6HBG
PRELIMINARY LOCAL CLIMATOLOGICAL DATA (WS FORM: F-6)

                                          STATION:   HATTIESBURG
                                          MONTH:     MARCH
                                          YEAR:      2015
                                          LATITUDE:   31 16 N
                                          LONGITUDE:  89 15 W

  TEMPERATURE IN F:       :PCPN:    SNOW:  WIND      :SUNSHINE: SKY     :PK WND
================================================================================
1   2   3   4   5  6A  6B    7    8   9   10  11  12  13   14  15   16   17  18
                                     12Z  AVG MX 2MIN
DY MAX MIN AVG DEP HDD CDD  WTR  SNW DPTH SPD SPD DIR MIN PSBL S-S WX    SPD DR
================================================================================

 1  64  50  57   1   8   0 1.42  0.0    0  6.6 17 170   M    M  10 13     22 160
 2  63  58  61   5   4   0 0.16  0.0    0  2.5  9 150   M    M  10 12     10 150
 3  77  60  69  13   0   4    T  0.0    0  7.5 20 190   M    M   9 128    24 180
 4  82  68  75  18   0  10 0.02  0.0    0 10.4 25 180   M    M   7 1      33 190
 5  73  31  52  -5  13   0 0.10  0.0    0 13.0 23 330   M    M   8 1      32 340
 6  54  26  40 -17  25   0 0.00  0.0    0  7.9 17  10   M    M   0        23 350
 7  67  26  47 -10  18   0 0.00  0.0    0  1.8  8  40   M    M   0        16 110
 8  75  38  57  -1   8   0 0.00  0.0    0  2.3 12 150   M    M   3        15 150
 9  67  54  61   3   4   0 1.78  0.0    0  4.7 18 100   M    M  10 1      21 100
10  76  61  69  11   0   4 0.38  0.0    0  5.3 15 180   M    M   8 13     20 160
11  74  63  69  11   0   4 0.03  0.0    0  2.9  9  30   M    M   9 12     12 250
12  76  64  70  12   0   5 0.02  0.0    0  7.7 16 150   M    M   8        20 130
13  72  64  68   9   0   3 0.44  0.0    0 11.1 26 150   M    M   9 1      32 150
14  68  56  62   3   3   0 0.00  0.0    0  4.2 12 220   M    M   6 1      17 230
15  80  52  66   7   0   1 0.00  0.0    0  1.5 10 350   M    M   1 12     16 350
16  84  54  69  10   0   4 0.00  0.0    0  2.8 13 280   M    M   0 1      19 320
17  85  61  73  14   0   8 0.00  0.0    0  4.9 16 340   M    M   0        25 300
18  82  60  71  11   0   6    T  0.0    0  2.7  9 190   M    M   3 138    13  90
19  81  62  72  12   0   7 0.02  0.0    0  1.8  9 310   M    M   4        13 330
20  85  67  76  16   0  11 0.09  0.0    0  4.9 14 300   M    M   6 1      17 240
21  78  59  69   9   0   4 0.59  0.0    0  4.4 10  50   M    M   8 1      15  30
22  82  58  70  10   0   5 0.05  0.0    0  6.9 17 310   M    M   9 1      24 340
23  67  59  63   2   2   0    T  0.0    0  6.4 15 340   M    M  10 1      19  20
24  77  51  64   3   1   0 0.00  0.0    0  3.4 12 160   M    M   7 1      14 160
25  81  57  69   8   0   4 0.00  0.0    0  4.5 18 140   M    M   6 12     21 140
26  74  56  65   4   0   0 0.61  0.0    0  5.4 17 330   M    M   6 123    25 260
27  67  47  57  -4   8   0    T  0.0    0 10.6 23 330   M    M   4        30 320
28  64  38  51 -10  14   0    T  0.0    0  3.4 12  40   M    M   0        17  30
================================================================================
SM 2075 1500       108  80  5.71     0.0 151.5          M      161
================================================================================
AV 74.1 53.6                               5.4 FASTST   M    M   6    MAX(MPH)
                                 MISC ---->  # 26 150               # 33  190
================================================================================
NOTES:
# LAST OF SEVERAL OCCURRENCES

COLUMN 17 PEAK WIND IN M.P.H.

PRELIMINARY LOCAL CLIMATOLOGICAL DATA (WS FORM: F-6) , PAGE 2

                                          STATION:  HATTIESBURG
                                          MONTH:    MARCH
                                          YEAR:     2015
                                          LATITUDE:   31 16 N
                                          LONGITUDE:  89 15 W

[TEMPERATURE DATA]      [PRECIPITATION DATA]       SYMBOLS USED IN COLUMN 16

AVERAGE MONTHLY: 63.8   TOTAL FOR MONTH:   5.71    1 = FOG OR MIST
DPTR FM NORMAL:   5.0   DPTR FM NORMAL:    0.77    2 = FOG REDUCING VISIBILITY
HIGHEST:    85 ON 20,17 GRTST 24HR  1.78 ON  9- 9      TO 1/4 MILE OR LESS
LOWEST:     26 ON  7, 6                            3 = THUNDER
                        SNOW, ICE PELLETS, HAIL    4 = ICE PELLETS
                        TOTAL MONTH:   0.0 INCH    5 = HAIL
                        GRTST 24HR     0.0         6 = FREEZING RAIN OR DRIZZLE
                        GRTST DEPTH:   0           7 = DUSTSTORM OR SANDSTORM:
                                                       VSBY 1/2 MILE OR LESS
                                                   8 = SMOKE OR HAZE
[NO. OF DAYS WITH]      [WEATHER - DAYS WITH]      9 = BLOWING SNOW
                                                   X = TORNADO
MAX 32 OR BELOW:   0    0.01 INCH OR MORE:  14
MAX 90 OR ABOVE:   0    0.10 INCH OR MORE:   8
MIN 32 OR BELOW:   3    0.50 INCH OR MORE:   4
MIN  0 OR BELOW:   0    1.00 INCH OR MORE:   2

[HDD (BASE 65) ]
TOTAL THIS MO.   108    CLEAR  (SCALE 0-3)   8
DPTR FM NORMAL   -94    PTCLDY (SCALE 4-7)   9
TOTAL FM JUL 1  1889    CLOUDY (SCALE 8-10) 11
DPTR FM NORMAL     9

[CDD (BASE 65) ]
TOTAL THIS MO.    80
DPTR FM NORMAL    52    [PRESSURE DATA]
TOTAL FM JAN 1    86    HIGHEST SLP M ON M
DPTR FM NORMAL    43    LOWEST  SLP 29.79 ON 26

[REMARKS]
