000
CXUS53 KGID 300730
CF6HDE
PRELIMINARY LOCAL CLIMATOLOGICAL DATA (WS FORM: F-6)

                                          STATION:   HOLDREGE
                                          MONTH:     JULY
                                          YEAR:      2016
                                          LATITUDE:   40 27 N
                                          LONGITUDE:  99 20 W

  TEMPERATURE IN F:       :PCPN:    SNOW:  WIND      :SUNSHINE: SKY     :PK WND
================================================================================
1   2   3   4   5  6A  6B    7    8   9   10  11  12  13   14  15   16   17  18
                                     12Z  AVG MX 2MIN
DY MAX MIN AVG DEP HDD CDD  WTR  SNW DPTH SPD SPD DIR MIN PSBL S-S WX    SPD DR
================================================================================

 1  75  61  68  -6   0   3    T    M    M  8.5 12 100   M    M   6        16 120
 2  68  62  65  -9   0   0    T    M    M  8.3 12 100   M    M  10 1       M  M
 3  67  60  64 -10   1   0 0.00    M    M  5.8 10  60   M    M  10 1       M  M
 4  83  63  73  -2   0   8 0.00    M    M  4.8 10 190   M    M   6 18     16 220
 5  97  67  82   7   0  17 0.00    M    M  5.3 10 270   M    M   1 13      M  M
 6  91  61  76   1   0  11 0.05    M    M  5.2 22 310   M    M   1 13     30 310
 7  87  63  75   0   0  10 0.02    M    M  8.3 24 210   M    M   3 3      31 210
 8  86  63  75   0   0  10 0.00    M    M  6.3 13 120   M    M   1 138     M  M
 9  91  64  78   3   0  13 0.00    M    M  8.3 14 150   M    M   0 1      22 170
10  95  71  83   8   0  18 0.00    M    M 14.6 22 160   M    M   0        30 160
11  89  67  78   3   0  13 0.00    M    M 13.6 27 200   M    M   0        32 170
12  87  56  72  -3   0   7 0.00    M    M  5.8 12  30   M    M   0         M  M
13  87  67  77   2   0  12 0.06    M    M  7.8 18 240   M    M   1 3      31 300
14  84  64  74  -1   0   9 0.02    M    M  4.9 14  20   M    M   1 3      17  20
15  75  57  66  -9   0   1 1.21    M    M  8.7 22  60   M    M   3 3      32  60
16  86  58  72  -3   0   7 0.00    M    M  9.8 18 170   M    M   3 1      25 170
17  85  72  79   4   0  14 0.00    M    M 10.7 28 180   M    M   1        45 180
18  89  71  80   5   0  15 0.00    M    M  8.1 14 100   M    M   3 1      16 110
19  94  67  81   6   0  16    T    M    M 12.4 29 320   M    M   1 3      39 320
20  97  70  84   9   0  19 0.00    M    M 10.2 15 160   M    M   0        23 180
21  98  72  85  10   0  20 0.00    M    M  6.5 12 200   M    M   0         M  M
22  92  71  82   7   0  17 0.00    M    M  3.5 10 140   M    M   0 13      M  M
23  93  70  82   7   0  17 0.03    M    M  6.6 20 340   M    M   1 3      33 340
24  85  68  77   2   0  12 0.00    M    M  9.9 20 100   M    M   0        24  40
25  85  64  75   0   0  10 0.00    M    M  6.5 13 110   M    M   1 1      16 100
26  87  62  75   0   0  10 0.00    M    M  7.2 13 160   M    M   1        17 150
27  83  62  73  -2   0   8 0.27    M    M  6.3 22  20   M    M   1 3      40  20
28  77  62  70  -5   0   5 0.13    M    M  4.2  8  20   M    M   1 13     16 340
29  80  61  71  -4   0   6 0.00    M    M  3.3  8  90   M    M   3         M  M
================================================================================
SM 2493 1876         1 308  1.79    M    221.4          M       59
================================================================================
AV 86.0 64.7                               7.6 FASTST   M    M   2    MAX(MPH)
                                 MISC ---->    29   M                 45    M
================================================================================
NOTES:
# LAST OF SEVERAL OCCURRENCES

COLUMN 17 PEAK WIND IN M.P.H.

PRELIMINARY LOCAL CLIMATOLOGICAL DATA (WS FORM: F-6) , PAGE 2

                                          STATION:  HOLDREGE
                                          MONTH:    JULY
                                          YEAR:     2016
                                          LATITUDE:   40 27 N
                                          LONGITUDE:  99 20 W

[TEMPERATURE DATA]      [PRECIPITATION DATA]       SYMBOLS USED IN COLUMN 16

AVERAGE MONTHLY: 75.3   TOTAL FOR MONTH:   1.79    1 = FOG OR MIST
DPTR FM NORMAL:   0.4   DPTR FM NORMAL:   -2.11    2 = FOG REDUCING VISIBILITY
HIGHEST:    98 ON 21    GRTST 24HR  1.21 ON 15-15      TO 1/4 MILE OR LESS
LOWEST:     56 ON 12                               3 = THUNDER
                        SNOW, ICE PELLETS, HAIL    4 = ICE PELLETS
                        TOTAL MONTH:    M          5 = HAIL
                        GRTST 24HR    M  ON   M    6 = FREEZING RAIN OR DRIZZLE
                        GRTST DEPTH:  M  ON   M    7 = DUSTSTORM OR SANDSTORM:
                                                       VSBY 1/2 MILE OR LESS
                                                   8 = SMOKE OR HAZE
[NO. OF DAYS WITH]      [WEATHER - DAYS WITH]      9 = BLOWING SNOW
                                                   X = TORNADO
MAX 32 OR BELOW:   0    0.01 INCH OR MORE:   8
MAX 90 OR ABOVE:   9    0.10 INCH OR MORE:   3
MIN 32 OR BELOW:   0    0.50 INCH OR MORE:   1
MIN  0 OR BELOW:   0    1.00 INCH OR MORE:   1

[HDD (BASE 65) ]
TOTAL THIS MO.     1    CLEAR  (SCALE 0-3)  25
DPTR FM NORMAL     1    PTCLDY (SCALE 4-7)   2
TOTAL FM JUL 1     1    CLOUDY (SCALE 8-10)  2
DPTR FM NORMAL     1

[CDD (BASE 65) ]
TOTAL THIS MO.   308
DPTR FM NORMAL    20    [PRESSURE DATA]
TOTAL FM JAN 1   620    HIGHEST SLP M ON M
DPTR FM NORMAL    97    LOWEST  SLP M ON M

[REMARKS]
