372
CXUS54 KEWX 200910
CF6HDO
PRELIMINARY LOCAL CLIMATOLOGICAL DATA (WS FORM: F-6)

                                          STATION:   HONDO
                                          MONTH:     JANUARY
                                          YEAR:      2018
                                          LATITUDE:   29 21 N
                                          LONGITUDE:  99 10 W

  TEMPERATURE IN F:       :PCPN:    SNOW:  WIND      :SUNSHINE: SKY     :PK WND
================================================================================
1   2   3   4   5  6A  6B    7    8   9   10  11  12  13   14  15   16   17  18
                                     12Z  AVG MX 2MIN
DY MAX MIN AVG DEP HDD CDD  WTR  SNW DPTH SPD SPD DIR MIN PSBL S-S WX    SPD DR
================================================================================

 1  32  27  30 -21  35   0    T    M    M 11.8 22  30   M    M  10 4      27  30
 2  35  31  33 -17  32   0 0.00    M    M  7.2  8  60   M    M  10         M  M
 3  61  20  41  -9  24   0 0.00    M    M  6.6 13 240   M    M   0 8      25 210
 4  61  27  44  -6  21   0 0.00    M    M  6.9 21 180   M    M   0        29 190
 5  65  43  54   3  11   0 0.00    M    M  5.4 25 340   M    M   3        26 340
 6  68  36  52   1  13   0 0.00    M    M  9.0 30 210   M    M   6        32 220
 7  69  50  60   9   5   0 0.00    M    M  8.8 24 330   M    M   7        25 330
 8  76  41  59   8   6   0 0.00    M    M  8.1 17 360   M    M   0        24 360
 9  73  33  53   2  12   0 0.00    M    M  6.0 29 210   M    M   0 8      30 210
10  73  39  56   5   9   0 0.00    M    M  8.0 26 340   M    M   4 12     31 360
11  77  46  62  11   3   0 0.00    M    M 14.4 39 340   M    M   4 12     51  30
12  67  30  49  -2  16   0 0.00    M    M  7.8 18  20   M    M   0        23  30
13  61  29  45  -6  20   0 0.00    M    M  6.1 12  80   M    M   0        15  80
14  66  24  45  -6  20   0 0.00    M    M  6.3 26 330   M    M   0        27 330
15  73  36  55   4  10   0 0.00    M    M  8.5 35  20   M    M   5 1     112 330
16  49  29  39 -12  26   0 0.10    M    M 16.4 36  30   M    M  10 16     43  30
17  37  29  33 -18  32   0 0.00    M    M  5.4 14  40   M    M  10        17  40
18  47  35  41 -10  24   0 0.00    M    M  3.9 29 330   M    M  10        35 320
19  54  40  47  -4  18   0 0.01    M    0  7.0 31 320   M    M  10 128    33 320
================================================================================
SM 1144  645       337   0  0.11    M    153.6          M       89
================================================================================
AV 60.2 34.0                               8.1 FASTST   M    M   5    MAX(MPH)
                                 MISC ---->  # 39 340               #112  330
================================================================================
NOTES:
# LAST OF SEVERAL OCCURRENCES

COLUMN 17 PEAK WIND IN M.P.H.

PRELIMINARY LOCAL CLIMATOLOGICAL DATA (WS FORM: F-6) , PAGE 2

                                          STATION:  HONDO
                                          MONTH:    JANUARY
                                          YEAR:     2018
                                          LATITUDE:   29 21 N
                                          LONGITUDE:  99 10 W

[TEMPERATURE DATA]      [PRECIPITATION DATA]       SYMBOLS USED IN COLUMN 16

AVERAGE MONTHLY: 47.1   TOTAL FOR MONTH:   0.11    1 = FOG OR MIST
DPTR FM NORMAL:  -3.8   DPTR FM NORMAL:   -0.67    2 = FOG REDUCING VISIBILITY
HIGHEST:    77 ON 11    GRTST 24HR  0.10 ON 16-16      TO 1/4 MILE OR LESS
LOWEST:     20 ON  3                               3 = THUNDER
                        SNOW, ICE PELLETS, HAIL    4 = ICE PELLETS
                        TOTAL MONTH:    M          5 = HAIL
                        GRTST 24HR    M  ON   M    6 = FREEZING RAIN OR DRIZZLE
                        GRTST DEPTH:   0           7 = DUSTSTORM OR SANDSTORM:
                                                       VSBY 1/2 MILE OR LESS
                                                   8 = SMOKE OR HAZE
[NO. OF DAYS WITH]      [WEATHER - DAYS WITH]      9 = BLOWING SNOW
                                                   X = TORNADO
MAX 32 OR BELOW:   1    0.01 INCH OR MORE:   2
MAX 90 OR ABOVE:   0    0.10 INCH OR MORE:   1
MIN 32 OR BELOW:   9    0.50 INCH OR MORE:   0
MIN  0 OR BELOW:   0    1.00 INCH OR MORE:   0

[HDD (BASE 65) ]
TOTAL THIS MO.   337    CLEAR  (SCALE 0-3)   7
DPTR FM NORMAL    61    PTCLDY (SCALE 4-7)   6
TOTAL FM JUL 1   801    CLOUDY (SCALE 8-10)  6
DPTR FM NORMAL  -118

[CDD (BASE 65) ]
TOTAL THIS MO.     0
DPTR FM NORMAL     0    [PRESSURE DATA]
TOTAL FM JAN 1     0    HIGHEST SLP M ON M
DPTR FM NORMAL     0    LOWEST  SLP 29.67 ON 10

[REMARKS]
