000
CXUS54 KEWX 220910
CF6HDO
PRELIMINARY LOCAL CLIMATOLOGICAL DATA (WS FORM: F-6)

                                          STATION:   HONDO
                                          MONTH:     SEPTEMBER
                                          YEAR:      2017
                                          LATITUDE:   29 21 N
                                          LONGITUDE:  99 10 W

  TEMPERATURE IN F:       :PCPN:    SNOW:  WIND      :SUNSHINE: SKY     :PK WND
================================================================================
1   2   3   4   5  6A  6B    7    8   9   10  11  12  13   14  15   16   17  18
                                     12Z  AVG MX 2MIN
DY MAX MIN AVG DEP HDD CDD  WTR  SNW DPTH SPD SPD DIR MIN PSBL S-S WX    SPD DR
================================================================================

 1  98  65  82   0   0  17 0.00    M    M  6.8 15 110   M    M   1        20 110
 2  95  65  80  -2   0  15 0.00    M    M  6.0 14 160   M    M   2 18     17 160
 3  96  65  81  -1   0  16 0.00    M    M  7.9 15 110   M    M   1        18 120
 4  96  66  81  -1   0  16 0.00    M    M  6.4 17 120   M    M   3 1      21 120
 5  98  70  84   3   0  19 0.00    M    M  4.3 16 140   M    M   2 1      19 120
 6  93  64  79  -2   0  14 0.00    M    M 10.6 22  20   M    M   2        28  60
 7  91  55  73  -8   0   8 0.00    M    M  7.5 16 130   M    M   0        21 120
 8  90  54  72  -9   0   7 0.00    M    M  7.1 15  80   M    M   0        19 110
 9  92  58  75  -5   0  10 0.00    M    M  7.3 15 110   M    M   0 8      19 120
10  93  57  75  -5   0  10 0.00    M    M  8.3 15 100   M    M   0 8      22  80
11  93  58  76  -4   0  11 0.00    M    M  7.4 17  30   M    M   0        24  40
12   M  56   M   M   M   M 0.00    M    M  4.9 14 260   M    M   0        20 310
13  99  59  79   0   0  14 0.00    M    M  6.2 15 130   M    M   0        19 140
14 103  68  86   7   0  21 0.00    M    M 10.4 21 130   M    M   0 1      25 120
15  99  73  86   7   0  21 0.00    M    M  9.7 17 130   M    M   2        22 130
16  97  74  86   7   0  21 0.00    M    M  8.1 15 110   M    M   3        17 140
17  97  74  86   8   0  21 0.00    M    M  7.1 15 120   M    M   3 8      20 150
18  99  74  87   9   0  22 0.00    M    M  8.1 20 130   M    M   4        24 140
19  97  78  88  10   0  23    T    M    M  9.2 17 150   M    M   5 8      20 140
20 102  76  89  11   0  24 0.00    M    M 10.0 22 140   M    M   4        28 140
21  98  77  88  11   0  23 0.00    M    0 10.0 26 150   M    M   5 38     31 160
================================================================================
SM 1926 1386         0 333    T     M    163.3          M       37
================================================================================
AV 96.3 66.0                               7.8 FASTST   M    M   2    MAX(MPH)
                                 MISC ---->  # 26 150               # 31  160
================================================================================
NOTES:
# LAST OF SEVERAL OCCURRENCES

COLUMN 17 PEAK WIND IN M.P.H.

PRELIMINARY LOCAL CLIMATOLOGICAL DATA (WS FORM: F-6) , PAGE 2

                                          STATION:  HONDO
                                          MONTH:    SEPTEMBER
                                          YEAR:     2017
                                          LATITUDE:   29 21 N
                                          LONGITUDE:  99 10 W

[TEMPERATURE DATA]      [PRECIPITATION DATA]       SYMBOLS USED IN COLUMN 16

AVERAGE MONTHLY: 81.2   TOTAL FOR MONTH:      T    1 = FOG OR MIST
DPTR FM NORMAL:   1.3   DPTR FM NORMAL:   -1.91    2 = FOG REDUCING VISIBILITY
HIGHEST:   103 ON 14    GRTST 24HR    T  ON 19-19      TO 1/4 MILE OR LESS
LOWEST:     54 ON  8                               3 = THUNDER
                        SNOW, ICE PELLETS, HAIL    4 = ICE PELLETS
                        TOTAL MONTH:    M          5 = HAIL
                        GRTST 24HR    M  ON   M    6 = FREEZING RAIN OR DRIZZLE
                        GRTST DEPTH:   0           7 = DUSTSTORM OR SANDSTORM:
                                                       VSBY 1/2 MILE OR LESS
                                                   8 = SMOKE OR HAZE
[NO. OF DAYS WITH]      [WEATHER - DAYS WITH]      9 = BLOWING SNOW
                                                   X = TORNADO
MAX 32 OR BELOW:   0    0.01 INCH OR MORE:   0
MAX 90 OR ABOVE:  20    0.10 INCH OR MORE:   0
MIN 32 OR BELOW:   0    0.50 INCH OR MORE:   0
MIN  0 OR BELOW:   0    1.00 INCH OR MORE:   0

[HDD (BASE 65) ]
TOTAL THIS MO.     0    CLEAR  (SCALE 0-3)  15
DPTR FM NORMAL     0    PTCLDY (SCALE 4-7)   6
TOTAL FM JUL 1     0    CLOUDY (SCALE 8-10)  0
DPTR FM NORMAL     0

[CDD (BASE 65) ]
TOTAL THIS MO.   333
DPTR FM NORMAL    21    [PRESSURE DATA]
TOTAL FM JAN 1  3013    HIGHEST SLP M ON M
DPTR FM NORMAL   457    LOWEST  SLP 29.70 ON 13

[REMARKS]
