000
CXUS51 KPBZ 230804
CF6HLG
PRELIMINARY LOCAL CLIMATOLOGICAL DATA (WS FORM: F-6)

                                          STATION:   WHEELING
                                          MONTH:     SEPTEMBER
                                          YEAR:      2017
                                          LATITUDE:   40 10 N
                                          LONGITUDE:  80 39 W

  TEMPERATURE IN F:       :PCPN:    SNOW:  WIND      :SUNSHINE: SKY     :PK WND
================================================================================
1   2   3   4   5  6A  6B    7    8   9   10  11  12  13   14  15   16   17  18
                                     12Z  AVG MX 2MIN
DY MAX MIN AVG DEP HDD CDD  WTR  SNW DPTH SPD SPD DIR MIN PSBL S-S WX    SPD DR
================================================================================

 1  58  51  55 -14  10   0    T  0.0    0 10.8 20  70   M    M   0        26  70
 2  64  52  58 -11   7   0 0.18  0.0    0  9.3 16 140   M    M   9 1      21 100
 3  73  59  66  -2   0   1 0.02  0.0    0  8.4 18 270   M    M   7 1      28  90
 4  80  58  69   1   0   4 0.00    M    M 10.9 22 210   M    M   2 12     30 210
 5  73  60  67  -1   0   2 0.33    M    M  9.0 22 220   M    M   7 13     33 220
 6  69  53  61  -7   4   0 0.00    M    M  4.2 13 280   M    M   5 1      17 270
 7  65  48  57 -10   8   0 0.02    M    0  7.1 17 260   M    M   6        25 230
 8  69  52  61  -6   4   0 0.06    M    0  5.8 14 280   M    M   7 12     24 170
 9  68  47  58  -9   7   0 0.00    M    0  3.4 12  20   M    M   5 128    15  10
10  68  45  57  -9   8   0 0.00  0.0    0  7.3 16  50   M    M   0        21  80
11  70  48  59  -7   6   0 0.00  0.0    0  7.1 15 130   M    M   0        20 100
12  71  54  63  -3   2   0    T  0.0    0  8.1 14  90   M    M   2        17  90
13  79  57  68   3   0   3 0.04  0.0    0  5.8 21 280   M    M   4 18     28 270
14  67  57  62  -3   3   0 0.11  0.0    0  3.0  8 310   M    M   8 12     10 270
15  74  55  65   0   0   0 0.00  0.0    0  2.0  8 150   M    M   8 12     10 140
16  78  54  66   2   0   1 0.00  0.0    0  1.0  8  30   M    M   4 12     10  50
17  80  57  69   5   0   4 0.00    M    M  1.4  8 320   M    M   4 12     10 320
18  83  56  70   6   0   5 0.00    M    M  2.3  7 110   M    M   3 12      9 290
19  83  59  71   8   0   6 0.00  0.0    0  3.3  9 110   M    M   3 1      11 110
20  81  61  71   8   0   6 0.00  0.0    0  1.9  9 280   M    M   3 12     11 220
21  84  60  72  10   0   7 0.00  0.0    0  1.1  7 190   M    M   3 128     9 160
22  85  59  72  10   0   7 0.00  0.0    0  1.9 10 360   M    M   2 128    13  10
================================================================================
SM 1622 1202        59  46  0.76     0.0 115.1          M       92
================================================================================
AV 73.7 54.6                               5.2 FASTST   M    M   4    MAX(MPH)
                                 MISC ---->  # 22 210               # 33  220
================================================================================
NOTES:
# LAST OF SEVERAL OCCURRENCES

COLUMN 17 PEAK WIND IN M.P.H.

PRELIMINARY LOCAL CLIMATOLOGICAL DATA (WS FORM: F-6) , PAGE 2

                                          STATION:  WHEELING
                                          MONTH:    SEPTEMBER
                                          YEAR:     2017
                                          LATITUDE:   40 10 N
                                          LONGITUDE:  80 39 W

[TEMPERATURE DATA]      [PRECIPITATION DATA]       SYMBOLS USED IN COLUMN 16

AVERAGE MONTHLY: 64.2   TOTAL FOR MONTH:   0.76    1 = FOG OR MIST
DPTR FM NORMAL:  -1.5   DPTR FM NORMAL:   -1.00    2 = FOG REDUCING VISIBILITY
HIGHEST:    85 ON 22    GRTST 24HR  0.33 ON  5- 5      TO 1/4 MILE OR LESS
LOWEST:     45 ON 10                               3 = THUNDER
                        SNOW, ICE PELLETS, HAIL    4 = ICE PELLETS
                        TOTAL MONTH:   0.0 INCH    5 = HAIL
                        GRTST 24HR     0.0         6 = FREEZING RAIN OR DRIZZLE
                        GRTST DEPTH:   0           7 = DUSTSTORM OR SANDSTORM:
                                                       VSBY 1/2 MILE OR LESS
                                                   8 = SMOKE OR HAZE
[NO. OF DAYS WITH]      [WEATHER - DAYS WITH]      9 = BLOWING SNOW
                                                   X = TORNADO
MAX 32 OR BELOW:   0    0.01 INCH OR MORE:   7
MAX 90 OR ABOVE:   0    0.10 INCH OR MORE:   3
MIN 32 OR BELOW:   0    0.50 INCH OR MORE:   0
MIN  0 OR BELOW:   0    1.00 INCH OR MORE:   0

[HDD (BASE 65) ]
TOTAL THIS MO.    59    CLEAR  (SCALE 0-3)   7
DPTR FM NORMAL    15    PTCLDY (SCALE 4-7)  13
TOTAL FM JUL 1    66    CLOUDY (SCALE 8-10)  2
DPTR FM NORMAL    11

[CDD (BASE 65) ]
TOTAL THIS MO.    46
DPTR FM NORMAL   -16    [PRESSURE DATA]
TOTAL FM JAN 1   674    HIGHEST SLP M ON M
DPTR FM NORMAL     4    LOWEST  SLP 29.72 ON  5

[REMARKS]
