000
CXUS51 KPBZ 250804
CF6HLG
PRELIMINARY LOCAL CLIMATOLOGICAL DATA (WS FORM: F-6)

                                          STATION:   WHEELING
                                          MONTH:     JULY
                                          YEAR:      2017
                                          LATITUDE:   40 10 N
                                          LONGITUDE:  80 39 W

  TEMPERATURE IN F:       :PCPN:    SNOW:  WIND      :SUNSHINE: SKY     :PK WND
================================================================================
1   2   3   4   5  6A  6B    7    8   9   10  11  12  13   14  15   16   17  18
                                     12Z  AVG MX 2MIN
DY MAX MIN AVG DEP HDD CDD  WTR  SNW DPTH SPD SPD DIR MIN PSBL S-S WX    SPD DR
================================================================================

 1  81  70  76   4   0  11 0.22  0.0    0  9.2 18 260   M    M   6 1      25 260
 2  83  67  75   3   0  10 0.00    M    M  6.9 17 260   M    M   1 1      32 220
 3  84  60  72   0   0   7 0.00    M    0  3.8 17 340   M    M   1        24 340
 4  84  66  75   3   0  10 0.00    M    0  6.8 10  20   M    M   4 1      14  40
 5  86  63  75   3   0  10 0.00  0.0    0  4.0 14 130   M    M   1        18 130
 6  79  66  73   1   0   8 0.23  0.0    0  4.0 12 350   M    M   6 1      15 100
 7  79  62  71  -1   0   6 0.35  0.0    0  7.0 29 280   M    M   6 123    36 290
 8  75  64  70  -2   0   5 0.19  0.0    0  6.4 20 300   M    M   7 13     29 100
 9  78  54  66  -6   0   1 0.00  0.0    0  4.1 13 190   M    M   2 1      26 110
10  78  58  68  -4   0   3 0.34  0.0    0  7.9 30 280   M    M   4 13     40 280
11  83  65  74   2   0   9 0.35    M    0  8.1 21 210   M    M   4 13     30 310
12  86  69  78   6   0  13    T    M    0  8.6 18 220   M    M   4        32 210
13  76  71  74   2   0   9 0.35    M    0  7.5 21 220   M    M   5 123    33 230
14  85  70  78   6   0  13 0.01    M    0  7.0 14 260   M    M   6 1      24 180
15  79  64  72   0   0   7 0.00  0.0    0  4.8 13 330   M    M   4 12     25 300
16  82  58  70  -2   0   5 0.00  0.0    0  4.0 13 230   M    M   3 12     21 240
17  84  63  74   2   0   9 0.00    M    0  3.4  9 330   M    M   2 12     18 230
18  87  65  76   4   0  11 0.00  0.0    0  3.1  9 320   M    M   1 1      11 320
19  89  69  79   7   0  14 0.00    M    M  4.2 13 280   M    M   1 18     15 290
20  88  69  79   7   0  14 0.24    M    0  6.4 25 310   M    M   2 1238   37 310
21  86  70  78   6   0  13 0.00    M    0  4.5 17 210   M    M   6 12     22 230
22  79  69  74   2   0   9 0.88    M    0  5.8 16 200   M    M   8 138    23 210
23  79  67  73   1   0   8 1.25    M    0  6.7 15 240   M    M   9 13     19 220
24  81  61  71  -1   0   6    T  0.0    0  8.4 20 320   M    M   6 12     25 320
================================================================================
SM 1971 1560         0 211  4.41     0.0 142.6          M       99
================================================================================
AV 82.1 65.0                               5.9 FASTST   M    M   4    MAX(MPH)
                                 MISC ---->  # 30 280               # 40  280
================================================================================
NOTES:
# LAST OF SEVERAL OCCURRENCES

COLUMN 17 PEAK WIND IN M.P.H.

PRELIMINARY LOCAL CLIMATOLOGICAL DATA (WS FORM: F-6) , PAGE 2

                                          STATION:  WHEELING
                                          MONTH:    JULY
                                          YEAR:     2017
                                          LATITUDE:   40 10 N
                                          LONGITUDE:  80 39 W

[TEMPERATURE DATA]      [PRECIPITATION DATA]       SYMBOLS USED IN COLUMN 16

AVERAGE MONTHLY: 73.6   TOTAL FOR MONTH:   4.41    1 = FOG OR MIST
DPTR FM NORMAL:   1.6   DPTR FM NORMAL:    1.27    2 = FOG REDUCING VISIBILITY
HIGHEST:    89 ON 19    GRTST 24HR  1.25 ON 23-23      TO 1/4 MILE OR LESS
LOWEST:     54 ON  9                               3 = THUNDER
                        SNOW, ICE PELLETS, HAIL    4 = ICE PELLETS
                        TOTAL MONTH:   0.0 INCH    5 = HAIL
                        GRTST 24HR     0.0         6 = FREEZING RAIN OR DRIZZLE
                        GRTST DEPTH:   0           7 = DUSTSTORM OR SANDSTORM:
                                                       VSBY 1/2 MILE OR LESS
                                                   8 = SMOKE OR HAZE
[NO. OF DAYS WITH]      [WEATHER - DAYS WITH]      9 = BLOWING SNOW
                                                   X = TORNADO
MAX 32 OR BELOW:   0    0.01 INCH OR MORE:  11
MAX 90 OR ABOVE:   0    0.10 INCH OR MORE:  10
MIN 32 OR BELOW:   0    0.50 INCH OR MORE:   2
MIN  0 OR BELOW:   0    1.00 INCH OR MORE:   1

[HDD (BASE 65) ]
TOTAL THIS MO.     0    CLEAR  (SCALE 0-3)   9
DPTR FM NORMAL     0    PTCLDY (SCALE 4-7)  13
TOTAL FM JUL 1     0    CLOUDY (SCALE 8-10)  2
DPTR FM NORMAL     0

[CDD (BASE 65) ]
TOTAL THIS MO.   211
DPTR FM NORMAL    32    [PRESSURE DATA]
TOTAL FM JAN 1   443    HIGHEST SLP M ON M
DPTR FM NORMAL    82    LOWEST  SLP 29.74 ON 23

[REMARKS]
