000
CXUS56 KTFX 011205
CF6HLN
PRELIMINARY LOCAL CLIMATOLOGICAL DATA (WS FORM: F-6)

                                          STATION:   HELENA MT
                                          MONTH:     JUNE
                                          YEAR:      2015
                                          LATITUDE:   46 35 N
                                          LONGITUDE: 112  0 W

  TEMPERATURE IN F:       :PCPN:    SNOW:  WIND      :SUNSHINE: SKY     :PK WND
================================================================================
1   2   3   4   5  6A  6B    7    8   9   10  11  12  13   14  15   16   17  18
                                     12Z  AVG MX 2MIN
DY MAX MIN AVG DEP HDD CDD  WTR  SNW DPTH SPD SPD DIR MIN PSBL S-S WX    SPD DR
================================================================================

 1  75  53  64   6   1   0 0.04  0.0    0  5.1 28 280   M    M   4 3      34 270
 2  69  50  60   2   5   0 0.11  0.0    0  7.1 29 280   M    M   4 38     36 280
 3  69  50  60   1   5   0 0.13  0.0    0  4.9 20 270   M    M   7 13     24 240
 4  74  45  60   1   5   0    T  0.0    0  4.1 20 180   M    M   2 12     27 180
 5  80  48  64   5   1   0    T  0.0    0  4.9 25 170   M    M   1 3      35 170
 6  84  51  68   8   0   3 0.00  0.0    0  5.2 13  30   M    M   3        19  30
 7  87  56  72  12   0   7 0.00  0.0    0  7.3 17 280   M    M   1        21 280
 8  93  57  75  15   0  10 0.00  0.0    0  7.3 23 260   M    M   0        27 260
 9  95  57  76  16   0  11 0.10  0.0    0  6.9 36 270   M    M   0 38     45 250
10  84  57  71  11   0   6    T  0.0    0  6.5 16 360   M    M   2        22 360
11  88  55  72  11   0   7 0.00  0.0    0  7.9 23 250   M    M   1        30 260
12  84  57  71  10   0   6 0.00  0.0    0 12.3 26 270   M    M   0        35 280
13  79  47  63   2   2   0 0.00  0.0    0  9.5 25 290   M    M   0        36 300
14  67  48  58  -4   7   0 0.00  0.0    0  9.4 18 350   M    M   3        22 350
15  73  49  61  -1   4   0 0.00  0.0    0  8.7 20 360   M    M   6        24  10
16  83  49  66   4   0   1 0.00  0.0    0  5.0 12  30   M    M   1 3      18  30
17  85  54  70   8   0   5 0.00  0.0    0  6.8 24 300   M    M   1        30 290
18  87  55  71   8   0   6 0.00  0.0    0  5.0 13 140   M    M   0        18  30
19  86  55  71   8   0   6 0.00  0.0    0  9.1 23 280   M    M   1        31 280
20  80  50  65   2   0   0 0.00  0.0    0  7.4 17 120   M    M   1        25 110
21  78  48  63  -1   2   0    T  0.0    0  6.2 28 340   M    M   1        36 350
22  82  52  67   3   0   2 0.00  0.0    0  7.6 18 300   M    M   2        24 340
23  88  51  70   6   0   5 0.01  0.0    0  5.3 23 350   M    M   1 3      32 350
24  86  55  71   7   0   6 0.00  0.0    0  5.6 13  90   M    M   2        16 110
25  90  67  79  14   0  14 0.00  0.0    0  6.7 16 310   M    M   4        23 330
26  98  57  78  13   0  13 0.00  0.0    0  4.5 14  80   M    M   0        19  80
27 103  60  82  17   0  17 0.00  0.0    0  5.3 15 310   M    M   0        22 320
28 102  68  85  19   0  20 0.00  0.0    0  4.3 16  50   M    M   0        20  50
29 100  64  82  16   0  17 0.08  0.0    0  5.5 23 180   M    M   1 38     33 220
30  95  64  80  14   0  15 0.03  0.0    0  9.9 24 300   M    M   2        29 300
================================================================================
SM 2544 1629        32 177  0.50     0.0 201.3          M       51
================================================================================
AV 84.8 54.3                               6.7 FASTST   M    M   2    MAX(MPH)
                                 MISC ---->  # 36 270               # 45  250
================================================================================
NOTES:
# LAST OF SEVERAL OCCURRENCES

COLUMN 17 PEAK WIND IN M.P.H.

PRELIMINARY LOCAL CLIMATOLOGICAL DATA (WS FORM: F-6) , PAGE 2

                                          STATION:  HELENA MT
                                          MONTH:    JUNE
                                          YEAR:     2015
                                          LATITUDE:   46 35 N
                                          LONGITUDE: 112  0 W

[TEMPERATURE DATA]      [PRECIPITATION DATA]       SYMBOLS USED IN COLUMN 16

AVERAGE MONTHLY: 69.6   TOTAL FOR MONTH:   0.50    1 = FOG OR MIST
DPTR FM NORMAL:   7.5   DPTR FM NORMAL:   -1.56    2 = FOG REDUCING VISIBILITY
HIGHEST:   103 ON 27    GRTST 24HR  0.15 ON  1- 2      TO 1/4 MILE OR LESS
LOWEST:     45 ON  4                               3 = THUNDER
                        SNOW, ICE PELLETS, HAIL    4 = ICE PELLETS
                        TOTAL MONTH:   0.0 INCH    5 = HAIL
                        GRTST 24HR     0.0         6 = FREEZING RAIN OR DRIZZLE
                        GRTST DEPTH:   0           7 = DUSTSTORM OR SANDSTORM:
                                                       VSBY 1/2 MILE OR LESS
                                                   8 = SMOKE OR HAZE
[NO. OF DAYS WITH]      [WEATHER - DAYS WITH]      9 = BLOWING SNOW
                                                   X = TORNADO
MAX 32 OR BELOW:   0    0.01 INCH OR MORE:   7
MAX 90 OR ABOVE:   8    0.10 INCH OR MORE:   3
MIN 32 OR BELOW:   0    0.50 INCH OR MORE:   0
MIN  0 OR BELOW:   0    1.00 INCH OR MORE:   0

[HDD (BASE 65) ]
TOTAL THIS MO.    32    CLEAR  (SCALE 0-3)  24
DPTR FM NORMAL  -104    PTCLDY (SCALE 4-7)   6
TOTAL FM JUL 1  6557    CLOUDY (SCALE 8-10)  0
DPTR FM NORMAL  -984

[CDD (BASE 65) ]
TOTAL THIS MO.   177
DPTR FM NORMAL   128    [PRESSURE DATA]
TOTAL FM JAN 1   177    HIGHEST SLP 30.23 ON 15
DPTR FM NORMAL   120    LOWEST  SLP 29.71 ON 12

[REMARKS]
#FINAL-06-15#
