000
CXUS52 KMHX 200700
CF6HSE
PRELIMINARY LOCAL CLIMATOLOGICAL DATA (WS FORM: F-6)

                                          STATION:   CAPE HATTERAS NC
                                          MONTH:     SEPTEMBER
                                          YEAR:      2017
                                          LATITUDE:   35 13 N
                                          LONGITUDE:  75 37 W

  TEMPERATURE IN F:       :PCPN:    SNOW:  WIND      :SUNSHINE: SKY     :PK WND
================================================================================
1   2   3   4   5  6A  6B    7    8   9   10  11  12  13   14  15   16   17  18
                                     12Z  AVG MX 2MIN
DY MAX MIN AVG DEP HDD CDD  WTR  SNW DPTH SPD SPD DIR MIN PSBL S-S WX    SPD DR
================================================================================

 1  83  74  79   2   0  14 1.11  0.0    0  8.1 28 140   M    M   5        47 220
 2  84  72  78   1   0  13 2.32  0.0    0 10.4 28 170   M    M   8 3      34 160
 3  82  73  78   1   0  13 0.39  0.0    0  7.3 14 230   M    M   0        24 210
 4  83  64  74  -3   0   9 0.00  0.0    0  5.5 13 220   M    M   0        19 220
 5  86  76  81   4   0  16 0.00  0.0    0 11.5 17 210   M    M   0        24 210
 6  85  71  78   1   0  13 0.67  0.0    0 12.9 22 190   M    M   4        36 220
 7  77  64  71  -5   0   6    T  0.0    0  4.9 12 320   M    M   2        19 320
 8  78  59  69  -7   0   4 0.00  0.0    0  4.8 10  80   M    M   0        17  10
 9  77  68  73  -3   0   8 0.00  0.0    0  9.8 17  40   M    M   0        25  40
10  75  68  72  -4   0   7 0.00  0.0    0 10.9 17  40   M    M   0        28  50
11  80  72  76   0   0  11    T  0.0    0 13.9 22 100   M    M   5        31  80
12  84  74  79   3   0  14 0.92  0.0    0 14.4 21 130   M    M  10        27 100
13  82  73  78   3   0  13 0.52  0.0    0  4.6 14 140   M    M   3        18 140
14  89  71  80   5   0  15 0.14  0.0    0  5.4 13 290   M    M   3 1      19 280
15  86  72  79   4   0  14 0.58  0.0    0  4.3 20 270   M    M   2 1      31 270
16  83  73  78   3   0  13    T  0.0    0  7.1 14  30   M    M   3 1      21  40
17  81  74  78   4   0  13 0.07  0.0    0  7.9 14  40   M    M   7 1      24  30
18  80  75  78   4   0  13 0.00  0.0    0 11.5 16  10   M    M   9        30  10
19  78  71  75   1   0  10 0.12  0.0    0 10.8 18 320   M    M  10 1      31 330
================================================================================
SM 1553 1344         0 219  6.84     0.0 166.0          M       71
================================================================================
AV 81.7 70.7                               8.7 FASTST   M    M   4    MAX(MPH)
                                 MISC ---->  # 28 140               # 47  220
================================================================================
NOTES:
# LAST OF SEVERAL OCCURRENCES

COLUMN 17 PEAK WIND IN M.P.H.

PRELIMINARY LOCAL CLIMATOLOGICAL DATA (WS FORM: F-6) , PAGE 2

                                          STATION:  CAPE HATTERAS NC
                                          MONTH:    SEPTEMBER
                                          YEAR:     2017
                                          LATITUDE:   35 13 N
                                          LONGITUDE:  75 37 W

[TEMPERATURE DATA]      [PRECIPITATION DATA]       SYMBOLS USED IN COLUMN 16

AVERAGE MONTHLY: 76.2   TOTAL FOR MONTH:   6.84    1 = FOG OR MIST
DPTR FM NORMAL:   0.4   DPTR FM NORMAL:    2.67    2 = FOG REDUCING VISIBILITY
HIGHEST:    89 ON 14    GRTST 24HR  2.32 ON  2- 2      TO 1/4 MILE OR LESS
LOWEST:     59 ON  8                               3 = THUNDER
                        SNOW, ICE PELLETS, HAIL    4 = ICE PELLETS
                        TOTAL MONTH:   0.0 INCH    5 = HAIL
                        GRTST 24HR     0.0         6 = FREEZING RAIN OR DRIZZLE
                        GRTST DEPTH:   0           7 = DUSTSTORM OR SANDSTORM:
                                                       VSBY 1/2 MILE OR LESS
                                                   8 = SMOKE OR HAZE
[NO. OF DAYS WITH]      [WEATHER - DAYS WITH]      9 = BLOWING SNOW
                                                   X = TORNADO
MAX 32 OR BELOW:   0    0.01 INCH OR MORE:  10
MAX 90 OR ABOVE:   0    0.10 INCH OR MORE:   9
MIN 32 OR BELOW:   0    0.50 INCH OR MORE:   6
MIN  0 OR BELOW:   0    1.00 INCH OR MORE:   2

[HDD (BASE 65) ]
TOTAL THIS MO.     0    CLEAR  (SCALE 0-3)  11
DPTR FM NORMAL     0    PTCLDY (SCALE 4-7)   5
TOTAL FM JUL 1     0    CLOUDY (SCALE 8-10)  3
DPTR FM NORMAL     0

[CDD (BASE 65) ]
TOTAL THIS MO.   219
DPTR FM NORMAL    15    [PRESSURE DATA]
TOTAL FM JAN 1  1980    HIGHEST SLP M ON M
DPTR FM NORMAL   470    LOWEST  SLP 29.76 ON 19

[REMARKS]
