000
CXUS52 KMHX 250700
CF6HSE
PRELIMINARY LOCAL CLIMATOLOGICAL DATA (WS FORM: F-6)

                                          STATION:   CAPE HATTERAS NC
                                          MONTH:     FEBRUARY
                                          YEAR:      2017
                                          LATITUDE:   35 13 N
                                          LONGITUDE:  75 37 W

  TEMPERATURE IN F:       :PCPN:    SNOW:  WIND      :SUNSHINE: SKY     :PK WND
================================================================================
1   2   3   4   5  6A  6B    7    8   9   10  11  12  13   14  15   16   17  18
                                     12Z  AVG MX 2MIN
DY MAX MIN AVG DEP HDD CDD  WTR  SNW DPTH SPD SPD DIR MIN PSBL S-S WX    SPD DR
================================================================================

 1  66  55  61  15   4   0 0.00  0.0    0 12.4 21 250   M    M   0 8      29 250
 2  63  51  57  11   8   0 0.00  0.0    0  4.4 14 250   M    M   2 18     23 240
 3  55  42  49   3  16   0 0.20    M    0  9.2 17  30   M    M  10 18     31  30
 4  42  35  39  -7  26   0 0.00  0.0    0  9.2 16  30   M    M   1 8      31  30
 5  60  36  48   2  17   0 0.08    M    0  7.1 20 170   M    M   4 18     28 220
 6  60  42  51   5  14   0 0.00  0.0    0  4.1  8 240   M    M   0 18     12 220
 7  66  51  59  13   6   0 0.00  0.0    0  8.0 16 210   M    M   1 18     23 210
 8  66  58  62  16   3   0 0.34  0.0    0  8.0 20 230   M    M   3 128    26 230
 9  64  40  52   6  13   0 0.01  0.0    0 14.9 23 310   M    M   5 18     41 310
10  53  33  43  -3  22   0 0.00  0.0    0  9.0 22 240   M    M   0        30 220
11  64  50  57  11   8   0 0.00  0.0    0 15.0 23 250   M    M   1 8      36 240
12  67  56  62  16   3   0 0.00  0.0    0 14.7 23 240   M    M   5 18     33 230
13  57  44  51   5  14   0    T  0.0    0  7.3 15 320   M    M   1        27 350
14  63  42  53   6  12   0 0.00  0.0    0  6.1 12 230   M    M   2 8      16 220
15  66  46  56   9   9   0 0.58  0.0    0 10.8 25 250   M    M   5 18     35 250
16  51  42  47   0  18   0 0.00  0.0    0 10.6 18 310   M    M   0        29 320
17  57  42  50   3  15   0 0.00  0.0    0  6.2 16 250   M    M   1 8      22 250
18  66  54  60  13   5   0 0.00  0.0    0 10.8 18 240   M    M   0 8      27 230
19  64  48  56   9   9   0 0.00  0.0    0  5.0 15 250   M    M   2 8      21 240
20  61  47  54   7  11   0 0.00  0.0    0  6.4 14  20   M    M   0 18     22  20
21  65  52  59  12   6   0 0.00  0.0    0  6.2 14  60   M    M   1 8      19  50
22  75  54  65  18   0   0 0.00  0.0    0  6.1  9 170   M    M   1 8       M  M
23  73  58  66  18   0   1 0.11  0.0    0  4.4 14 130   M    M   5 18     19 120
24  76  61  69  21   0   4 0.01  0.0    0  7.7 16 140   M    M   3 18     21 140
================================================================================
SM 1500 1139       239   5  1.33     0.0 203.6          M       53
================================================================================
AV 62.5 47.5                               8.5 FASTST   M    M   2    MAX(MPH)
                                 MISC ---->  # 25 250               # 41  310
================================================================================
NOTES:
# LAST OF SEVERAL OCCURRENCES

COLUMN 17 PEAK WIND IN M.P.H.

PRELIMINARY LOCAL CLIMATOLOGICAL DATA (WS FORM: F-6) , PAGE 2

                                          STATION:  CAPE HATTERAS NC
                                          MONTH:    FEBRUARY
                                          YEAR:     2017
                                          LATITUDE:   35 13 N
                                          LONGITUDE:  75 37 W

[TEMPERATURE DATA]      [PRECIPITATION DATA]       SYMBOLS USED IN COLUMN 16

AVERAGE MONTHLY: 55.0   TOTAL FOR MONTH:   1.33    1 = FOG OR MIST
DPTR FM NORMAL:   8.4   DPTR FM NORMAL:   -2.12    2 = FOG REDUCING VISIBILITY
HIGHEST:    76 ON 24    GRTST 24HR  0.58 ON 15-15      TO 1/4 MILE OR LESS
LOWEST:     33 ON 10                               3 = THUNDER
                        SNOW, ICE PELLETS, HAIL    4 = ICE PELLETS
                        TOTAL MONTH:   0.0 INCH    5 = HAIL
                        GRTST 24HR     0.0         6 = FREEZING RAIN OR DRIZZLE
                        GRTST DEPTH:   0           7 = DUSTSTORM OR SANDSTORM:
                                                       VSBY 1/2 MILE OR LESS
                                                   8 = SMOKE OR HAZE
[NO. OF DAYS WITH]      [WEATHER - DAYS WITH]      9 = BLOWING SNOW
                                                   X = TORNADO
MAX 32 OR BELOW:   0    0.01 INCH OR MORE:   7
MAX 90 OR ABOVE:   0    0.10 INCH OR MORE:   4
MIN 32 OR BELOW:   0    0.50 INCH OR MORE:   1
MIN  0 OR BELOW:   0    1.00 INCH OR MORE:   0

[HDD (BASE 65) ]
TOTAL THIS MO.   239    CLEAR  (SCALE 0-3)  18
DPTR FM NORMAL  -204    PTCLDY (SCALE 4-7)   5
TOTAL FM JUL 1  1297    CLOUDY (SCALE 8-10)  1
DPTR FM NORMAL  -559

[CDD (BASE 65) ]
TOTAL THIS MO.     5
DPTR FM NORMAL     5    [PRESSURE DATA]
TOTAL FM JAN 1     5    HIGHEST SLP M ON M
DPTR FM NORMAL     5    LOWEST  SLP 29.41 ON 15

[REMARKS]
