000
CXUS53 KGID 230830
CF6HSI
PRELIMINARY LOCAL CLIMATOLOGICAL DATA (WS FORM: F-6)
STATION: HASTINGS NE
MONTH: APRIL
YEAR: 2024
LATITUDE: 40 35 N
LONGITUDE: 98 26 W
TEMPERATURE IN F: :PCPN: SNOW: WIND :SUNSHINE: SKY :PK WND
================================================================================
1 2 3 4 5 6A 6B 7 8 9 10 11 12 13 14 15 16 17 18
12Z AVG MX 2MIN
DY MAX MIN AVG DEP HDD CDD WTR SNW DPTH SPD SPD DIR MIN PSBL S-S WX SPD DR
================================================================================
1 44 35 40 -7 25 0 T 0.0 0 17.2 26 350 M M 10 1 36 360
2 58 34 46 -1 19 0 0.00 0.0 0 22.9 38 340 M M 4 48 350
3 57 30 44 -4 21 0 0.00 0.0 0 15.1 29 340 M M 0 37 340
4 62 26 44 -4 21 0 0.00 0.0 0 8.1 17 10 M M 0 23 20
5 67 40 54 6 11 0 0.00 0.0 0 13.9 25 130 M M 0 39 120
6 69 43 56 8 9 0 0.07 0.0 0 19.2 36 150 M M 3 38 58 160
7 57 40 49 0 16 0 0.02 0.0 0 19.1 31 220 M M 6 50 200
8 65 31 48 -1 17 0 0.00 0.0 0 12.8 29 280 M M 0 41 280
9 67 31 49 0 16 0 0.00 0.0 0 7.5 20 260 M M 0 28 240
10 71 34 53 3 12 0 0.00 0.0 0 12.4 31 320 M M 1 40 330
11 62 35 49 -1 16 0 0.00 0.0 0 15.9 35 330 M M 0 48 330
12 70 30 50 0 15 0 0.00 0.0 0 7.8 17 170 M M 0 26 190
13 87 50 69 19 0 4 0.00 0.0 0 7.4 18 210 M M 0 26 200
14 86 47 67 17 0 2 0.00 0.0 0 11.8 25 40 M M 0 33 50
15 85 57 71 20 0 6 T 0.0 0 20.7 32 150 M M 2 50 140
16 68 54 61 10 4 0 0.24 0.0 0 19.2 37 210 M M 6 13 66 220
17 71 49 60 9 5 0 0.00 0.0 0 12.7 29 30 M M 1 41 30
18 55 36 46 -6 19 0 T 0.0 0 16.7 35 360 M M 7 1 46 10
19 52 35 44 -8 21 0 0.00 0.0 0 5.8 17 350 M M 6 23 350
20 51 30 41 -11 24 0 0.00 0.0 0 8.6 18 310 M M 6 27 300
21 61 28 45 -7 20 0 0.00 0.0 0 7.3 15 260 M M 0 25 260
22 75 44 60 7 5 0 0.00 0.0 0 13.5 26 210 M M 2 42 230
================================================================================
SM 1440 839 296 12 0.33 0.0 295.6 M 54
================================================================================
AV 65.5 38.1 13.4 FASTST M M 2 MAX(MPH)
MISC ----> 38 340 66 220
================================================================================
NOTES:
# LAST OF SEVERAL OCCURRENCES
COLUMN 17 PEAK WIND IN M.P.H.
PRELIMINARY LOCAL CLIMATOLOGICAL DATA (WS FORM: F-6) , PAGE 2
STATION: HASTINGS NE
MONTH: APRIL
YEAR: 2024
LATITUDE: 40 35 N
LONGITUDE: 98 26 W
[TEMPERATURE DATA] [PRECIPITATION DATA] SYMBOLS USED IN COLUMN 16
AVERAGE MONTHLY: 51.8 TOTAL FOR MONTH: 0.33 1 = FOG OR MIST
DPTR FM NORMAL: 1.9 DPTR FM NORMAL: -1.54 2 = FOG REDUCING VISIBILITY
HIGHEST: 87 ON 13 GRTST 24HR 0.24 ON 15-16 TO 1/4 MILE OR LESS
LOWEST: 26 ON 4 3 = THUNDER
SNOW, ICE PELLETS, HAIL 4 = ICE PELLETS
TOTAL MONTH: 0.0 INCH 5 = HAIL
GRTST 24HR 0.0 6 = FREEZING RAIN OR DRIZZLE
GRTST DEPTH: 0 7 = DUSTSTORM OR SANDSTORM:
VSBY 1/2 MILE OR LESS
8 = SMOKE OR HAZE
[NO. OF DAYS WITH] [WEATHER - DAYS WITH] 9 = BLOWING SNOW
X = TORNADO
MAX 32 OR BELOW: 0 0.01 INCH OR MORE: 3
MAX 90 OR ABOVE: 0 0.10 INCH OR MORE: 1
MIN 32 OR BELOW: 7 0.50 INCH OR MORE: 0
MIN 0 OR BELOW: 0 1.00 INCH OR MORE: 0
[HDD (BASE 65) ]
TOTAL THIS MO. 296 CLEAR (SCALE 0-3) 15
DPTR FM NORMAL -41 PTCLDY (SCALE 4-7) 6
TOTAL FM JUL 1 5086 CLOUDY (SCALE 8-10) 1
DPTR FM NORMAL -511
[CDD (BASE 65) ]
TOTAL THIS MO. 12
DPTR FM NORMAL 12 [PRESSURE DATA]
TOTAL FM JAN 1 12 HIGHEST SLP M ON M
DPTR FM NORMAL 11 LOWEST SLP 29.26 ON 16
[REMARKS]