000
CXUS54 KHUN 241015
CF6HSV
PRELIMINARY LOCAL CLIMATOLOGICAL DATA (WS FORM: F-6)

                                          STATION:   HUNTSVILLE
                                          MONTH:     FEBRUARY
                                          YEAR:      2018
                                          LATITUDE:   34 39 N
                                          LONGITUDE:  86 46 W

  TEMPERATURE IN F:       :PCPN:    SNOW:  WIND      :SUNSHINE: SKY     :PK WND
================================================================================
1   2   3   4   5  6A  6B    7    8   9   10  11  12  13   14  15   16   17  18
                                     12Z  AVG MX 2MIN
DY MAX MIN AVG DEP HDD CDD  WTR  SNW DPTH SPD SPD DIR MIN PSBL S-S WX    SPD DR
================================================================================

 1  65  37  51   8  14   0 0.25  0.0    0 11.6 30 360   M    M   8 1      40  10
 2  37  24  31 -12  34   0 0.00  0.0    0  8.8 22  10   M    M   3        26  10
 3  54  29  42  -1  23   0    T  0.0    0  9.9 28 150   M    M   7        39 150
 4  49  38  44   1  21   0 0.90  0.0    0  7.2 25 140   M    M   7 1      31 140
 5  45  27  36  -7  29   0 0.00  0.0    0  7.7 20  10   M    M   5 18     24 360
 6  54  42  48   4  17   0 0.11  0.0    0  4.9 14 110   M    M   9 1      16 110
 7  57  33  45   1  20   0 1.17  0.0    0 10.1 23 330   M    M   9 1      29 320
 8  53  29  41  -3  24   0 0.00  0.0    0  5.0 17  10   M    M   3 18     20  10
 9  67  29  48   4  17   0 0.04  0.0    0  7.6 17 170   M    M   4 1      21 160
10  63  55  59  15   6   0 1.93  0.0    0  7.9 18 190   M    M  10 12     22 190
11  69  43  56  11   9   0 0.09  0.0    0  9.4 20 290   M    M  10 1      25 290
12  43  35  39  -6  26   0    T  0.0    0 11.1 20  20   M    M  10 1      25  10
13  63  40  52   7  13   0 0.00  0.0    0  5.1 12 150   M    M  10 1      13 160
14  64  52  58  13   7   0 0.38  0.0    0  8.8 16 220   M    M  10 1      23 230
15  75  64  70  24   0   5 0.00  0.0    0 11.6 24 230   M    M   7 1      30 240
16  68  46  57  11   8   0 0.03  0.0    0 11.6 24 360   M    M   9 1      32 360
17  60  46  53   7  12   0 0.18  0.0    0  8.2 23 240   M    M  10 1      30 230
18  63  39  51   5  14   0 0.01  0.0    0  7.9 15  20   M    M   7        18  50
19  77  56  67  20   0   2 0.00  0.0    0 11.4 22 170   M    M   6        28 180
20  78  58  68  21   0   3 0.00  0.0    0 10.6 20 170   M    M   6        25 170
21  81  68  75  28   0  10 0.02  0.0    0 10.5 22 180   M    M   9 1      26 180
22  77  63  70  22   0   5 0.10  0.0    0  7.7 24 270   M    M   5 13     34 260
23  79  61  70  22   0   5    T  0.0    0  7.3 15 190   M    M   5 1      19 230
================================================================================
SM 1441 1014       294  30  5.21     0.0 201.9          M      169
================================================================================
AV 62.7 44.1                               8.8 FASTST   M    M   7    MAX(MPH)
                                 MISC ---->  # 30 360               # 40   10
================================================================================
NOTES:
# LAST OF SEVERAL OCCURRENCES

COLUMN 17 PEAK WIND IN M.P.H.

PRELIMINARY LOCAL CLIMATOLOGICAL DATA (WS FORM: F-6) , PAGE 2

                                          STATION:  HUNTSVILLE
                                          MONTH:    FEBRUARY
                                          YEAR:     2018
                                          LATITUDE:   34 39 N
                                          LONGITUDE:  86 46 W

[TEMPERATURE DATA]      [PRECIPITATION DATA]       SYMBOLS USED IN COLUMN 16

AVERAGE MONTHLY: 53.4   TOTAL FOR MONTH:   5.21    1 = FOG OR MIST
DPTR FM NORMAL:   8.3   DPTR FM NORMAL:    1.26    2 = FOG REDUCING VISIBILITY
HIGHEST:    81 ON 21    GRTST 24HR  1.93 ON 10-10      TO 1/4 MILE OR LESS
LOWEST:     24 ON  2                               3 = THUNDER
                        SNOW, ICE PELLETS, HAIL    4 = ICE PELLETS
                        TOTAL MONTH:   0.0 INCH    5 = HAIL
                        GRTST 24HR     0.0         6 = FREEZING RAIN OR DRIZZLE
                        GRTST DEPTH:   0           7 = DUSTSTORM OR SANDSTORM:
                                                       VSBY 1/2 MILE OR LESS
                                                   8 = SMOKE OR HAZE
[NO. OF DAYS WITH]      [WEATHER - DAYS WITH]      9 = BLOWING SNOW
                                                   X = TORNADO
MAX 32 OR BELOW:   0    0.01 INCH OR MORE:  13
MAX 90 OR ABOVE:   0    0.10 INCH OR MORE:   8
MIN 32 OR BELOW:   5    0.50 INCH OR MORE:   3
MIN  0 OR BELOW:   0    1.00 INCH OR MORE:   2

[HDD (BASE 65) ]
TOTAL THIS MO.   294    CLEAR  (SCALE 0-3)   1
DPTR FM NORMAL  -166    PTCLDY (SCALE 4-7)  12
TOTAL FM JUL 1  2257    CLOUDY (SCALE 8-10) 10
DPTR FM NORMAL  -113

[CDD (BASE 65) ]
TOTAL THIS MO.    30
DPTR FM NORMAL    30    [PRESSURE DATA]
TOTAL FM JAN 1    30    HIGHEST SLP M ON M
DPTR FM NORMAL    30    LOWEST  SLP 29.82 ON  4

[REMARKS]
