000
CXUS51 KRLX 291131
CF6HTS
PRELIMINARY LOCAL CLIMATOLOGICAL DATA (WS FORM: F-6)

                                          STATION:   HUNTINGTON WV
                                          MONTH:     JULY
                                          YEAR:      2015
                                          LATITUDE:   38 22 N
                                          LONGITUDE:  82 33 W

  TEMPERATURE IN F:       :PCPN:    SNOW:  WIND      :SUNSHINE: SKY     :PK WND
================================================================================
1   2   3   4   5  6A  6B    7    8   9   10  11  12  13   14  15   16   17  18
                                     12Z  AVG MX 2MIN
DY MAX MIN AVG DEP HDD CDD  WTR  SNW DPTH SPD SPD DIR MIN PSBL S-S WX    SPD DR
================================================================================

 1  79  59  69  -6   0   4 0.02  0.0    0  2.1  9 200   M    M   6 18     12 210
 2  71  64  68  -7   0   3 0.18  0.0    0  3.7 10 100   M    M   9 12     15 120
 3  75  66  71  -4   0   6 0.37  0.0    0  3.2  8 170   M    M   9 13      9 170
 4  78  65  72  -4   0   7 0.01  0.0    0  1.9  8 360   M    M   8 128    11 360
 5  78  63  71  -5   0   6 0.76  0.0    0  2.6 13  80   M    M   8 1238   18 110
 6  83  66  75  -1   0  10 0.00  0.0    0  4.7 14 260   M    M   6 12     19 270
 7  85  68  77   1   0  12 0.37  0.0    0  6.8 21 180   M    M   3 18     28 180
 8  77  68  73  -3   0   8 1.05  0.0    0  4.7 12 320   M    M   9 1      18 280
 9  82  71  77   1   0  12 0.03  0.0    0  8.4 20 240   M    M   5 1      26 250
10  85  68  77   1   0  12 0.51  0.0    0  4.9 23 240   M    M   9 18     32 230
11  77  65  71  -5   0   6    T  0.0    0  2.7  7 220   M    M   7 1      11 340
12  80  63  72  -4   0   7 0.09  0.0    0  2.8 13 190   M    M   7 1      16 190
13  85  64  75  -1   0  10 1.07  0.0    0  6.3 26 320   M    M   8 13     38 300
14  85  65  75  -1   0  10 1.24  0.0    0  8.4 32 350   M    M   7 138    50 350
15  76  66  71  -5   0   6    T  0.0    0  4.7 13 350   M    M   8 1      16 360
16  81  61  71  -5   0   6 0.00  0.0    0  1.3  7  50   M    M   4 12     17  10
17  89  62  76   0   0  11    T  0.0    0  5.1 14 190   M    M   2 1      18 220
18  90  69  80   4   0  15 0.22  0.0    0  4.3 17 260   M    M   4 13     22 250
19  89  67  78   2   0  13 0.21  0.0    0  3.4 17 260   M    M   2 138    24 230
20  87  69  78   2   0  13 0.01  0.0    0  4.0 12 220   M    M   4 1      16 240
21  85  69  77   1   0  12 1.82  0.0    0  5.1 20 210   M    M   6 12     27 220
22  83  64  74  -2   0   9 0.00  0.0    0  2.8  9 260   M    M   2 12     13 250
23  83  62  73  -3   0   8 0.00  0.0    0  3.3 10  30   M    M   1        13  10
24  84  60  72  -4   0   7 0.00  0.0    0  2.6 10  40   M    M   1 1      14 360
25  86  60  73  -3   0   8 0.00  0.0    0  1.6  7  40   M    M   1 12     10 340
26  87  64  76   0   0  11 0.00  0.0    0  2.5  9 220   M    M   1 1      14 190
27  87  72  80   4   0  15 0.01  0.0    0  2.3  9  80   M    M   6 1      12 250
28  91  69  80   4   0  15 0.00  0.0    0  2.3  7 100   M    M   5 128    10 340
================================================================================
SM 2318 1829         0 262  7.97     0.0 108.5          M      148
================================================================================
AV 82.8 65.3                               3.9 FASTST   M    M   5    MAX(MPH)
                                 MISC ---->  # 32 350               # 50  350
================================================================================
NOTES:
# LAST OF SEVERAL OCCURRENCES

COLUMN 17 PEAK WIND IN M.P.H.

PRELIMINARY LOCAL CLIMATOLOGICAL DATA (WS FORM: F-6) , PAGE 2

                                          STATION:  HUNTINGTON WV
                                          MONTH:    JULY
                                          YEAR:     2015
                                          LATITUDE:   38 22 N
                                          LONGITUDE:  82 33 W

[TEMPERATURE DATA]      [PRECIPITATION DATA]       SYMBOLS USED IN COLUMN 16

AVERAGE MONTHLY: 74.1   TOTAL FOR MONTH:   7.97    1 = FOG OR MIST
DPTR FM NORMAL:  -1.8   DPTR FM NORMAL:    3.86    2 = FOG REDUCING VISIBILITY
HIGHEST:    91 ON 28    GRTST 24HR  1.83 ON 20-21      TO 1/4 MILE OR LESS
LOWEST:     59 ON  1                               3 = THUNDER
                        SNOW, ICE PELLETS, HAIL    4 = ICE PELLETS
                        TOTAL MONTH:   0.0 INCH    5 = HAIL
                        GRTST 24HR     0.0         6 = FREEZING RAIN OR DRIZZLE
                        GRTST DEPTH:   0           7 = DUSTSTORM OR SANDSTORM:
                                                       VSBY 1/2 MILE OR LESS
                                                   8 = SMOKE OR HAZE
[NO. OF DAYS WITH]      [WEATHER - DAYS WITH]      9 = BLOWING SNOW
                                                   X = TORNADO
MAX 32 OR BELOW:   0    0.01 INCH OR MORE:  17
MAX 90 OR ABOVE:   2    0.10 INCH OR MORE:  11
MIN 32 OR BELOW:   0    0.50 INCH OR MORE:   6
MIN  0 OR BELOW:   0    1.00 INCH OR MORE:   4

[HDD (BASE 65) ]
TOTAL THIS MO.     0    CLEAR  (SCALE 0-3)   7
DPTR FM NORMAL     0    PTCLDY (SCALE 4-7)  16
TOTAL FM JUL 1     0    CLOUDY (SCALE 8-10)  5
DPTR FM NORMAL     0

[CDD (BASE 65) ]
TOTAL THIS MO.   262
DPTR FM NORMAL   -43    [PRESSURE DATA]
TOTAL FM JAN 1   701    HIGHEST SLP M ON M
DPTR FM NORMAL    58    LOWEST  SLP 29.58 ON 14

[REMARKS]
