000
CXUS53 KIND 280730
CF6HUF
PRELIMINARY LOCAL CLIMATOLOGICAL DATA (WS FORM: F-6)

                                          STATION:   TERRE HAUTE IN
                                          MONTH:     APRIL
                                          YEAR:      2016
                                          LATITUDE:   39 27 N
                                          LONGITUDE:  87 18 W

  TEMPERATURE IN F:       :PCPN:    SNOW:  WIND      :SUNSHINE: SKY     :PK WND
================================================================================
1   2   3   4   5  6A  6B    7    8   9   10  11  12  13   14  15   16   17  18
                                     12Z  AVG MX 2MIN
DY MAX MIN AVG DEP HDD CDD  WTR  SNW DPTH SPD SPD DIR MIN PSBL S-S WX    SPD DR
================================================================================

 1  54  39  47  -2  18   0    T    M    M 10.9 23 290   M    M   6        32 260
 2  53  35  44  -5  21   0    T    M    M 17.4 36 310   M    M   4        53 300
 3  64  27  46  -3  19   0 0.00    M    M 13.0 28 210   M    M   0        35 200
 4  59  32  46  -4  19   0    T    M    M 12.3 21  10   M    M   4        27 240
 5  52  26  39 -11  26   0 0.00    M    M  9.0 16 150   M    M   0        23 160
 6  61  43  52   2  13   0 0.19    M    M 14.3 29 240   M    M   5 1      37 190
 7  49  32  41 -10  24   0 0.02    M    M 12.1 23 300   M    M   9 18     35 300
 8  45  31  38 -13  27   0 0.06    M    M 11.6 25 270   M    M   8 1      36 290
 9  43  28  36 -15  29   0    T    M    M  9.6 28 330   M    M   0        36 320
10  61  35  48  -4  17   0 0.45    M    M 12.5 29 190   M    M   9 1      42 200
11  57  36  47  -5  18   0 1.37    M    M  8.5 20 330   M    M   7 13     27 320
12  55  32  44  -8  21   0 0.00    M    M  5.9 15  50   M    M   0        21  30
13  63  32  48  -4  17   0 0.00    M    M  6.9 14 110   M    M   0        18 100
14  69  36  53   0  12   0 0.00    M    M  7.6 14  90   M    M   0        18 100
15  76  41  59   6   6   0 0.00    M    M  4.6 10 180   M    M   0        14 140
16  78  48  63  10   2   0 0.00    M    M  2.0 10 160   M    M   0        19 180
17  82  45  64  10   1   0 0.00    M    M  2.7 13 170   M    M   0        18 130
18  83  47  65  11   0   0 0.00    M    M  3.1 12 210   M    M   0        15 260
19  81  52  67  13   0   2 0.00    M    M  1.7 14 200   M    M   0        16 210
20  78  51  65  10   0   0 0.14    M    M  5.9 17 220   M    M   7 1      22 210
21  73  54  64   9   1   0 0.52    M    M  8.1 17 300   M    M   7 13     23 310
22  71  50  61   6   4   0 0.00    M    M  8.3 18 340   M    M   7 1      23 330
23  69  48  59   3   6   0 0.00    M    M  5.2 12 360   M    M   6 1      16  10
24  76  43  60   4   5   0 0.00    M    M  5.6 16 170   M    M   1 12     20 190
25  80  53  67  11   0   2 0.00    M    M 11.9 25 200   M    M   3        32 210
26  82  57  70  13   0   5 1.33    M    M  8.1 28 320   M    M   5 13     35 320
27  62  54  58   1   7   0 0.25    M    M  9.0 17  70   M    M  10 1238   21  80
================================================================================
SM 1776 1107       313   9  4.33    M    227.8          M       98
================================================================================
AV 65.8 41.0                               8.4 FASTST   M    M   4    MAX(MPH)
                                 MISC ---->  # 36 310               # 53  300
================================================================================
NOTES:
# LAST OF SEVERAL OCCURRENCES

COLUMN 17 PEAK WIND IN M.P.H.

PRELIMINARY LOCAL CLIMATOLOGICAL DATA (WS FORM: F-6) , PAGE 2

                                          STATION:  TERRE HAUTE IN
                                          MONTH:    APRIL
                                          YEAR:     2016
                                          LATITUDE:   39 27 N
                                          LONGITUDE:  87 18 W

[TEMPERATURE DATA]      [PRECIPITATION DATA]       SYMBOLS USED IN COLUMN 16

AVERAGE MONTHLY: 53.4   TOTAL FOR MONTH:   4.33    1 = FOG OR MIST
DPTR FM NORMAL:   0.6   DPTR FM NORMAL:    0.94    2 = FOG REDUCING VISIBILITY
HIGHEST:    83 ON 18    GRTST 24HR  1.80 ON 10-11      TO 1/4 MILE OR LESS
LOWEST:     26 ON  5                               3 = THUNDER
                        SNOW, ICE PELLETS, HAIL    4 = ICE PELLETS
                        TOTAL MONTH:    M          5 = HAIL
                        GRTST 24HR    M  ON   M    6 = FREEZING RAIN OR DRIZZLE
                        GRTST DEPTH:  M  ON   M    7 = DUSTSTORM OR SANDSTORM:
                                                       VSBY 1/2 MILE OR LESS
                                                   8 = SMOKE OR HAZE
[NO. OF DAYS WITH]      [WEATHER - DAYS WITH]      9 = BLOWING SNOW
                                                   X = TORNADO
MAX 32 OR BELOW:   0    0.01 INCH OR MORE:   9
MAX 90 OR ABOVE:   0    0.10 INCH OR MORE:   7
MIN 32 OR BELOW:   8    0.50 INCH OR MORE:   3
MIN  0 OR BELOW:   0    1.00 INCH OR MORE:   2

[HDD (BASE 65) ]
TOTAL THIS MO.   313    CLEAR  (SCALE 0-3)  13
DPTR FM NORMAL   -29    PTCLDY (SCALE 4-7)  11
TOTAL FM JUL 1  4263    CLOUDY (SCALE 8-10)  3
DPTR FM NORMAL  -933

[CDD (BASE 65) ]
TOTAL THIS MO.     9
DPTR FM NORMAL    -4    [PRESSURE DATA]
TOTAL FM JAN 1     9    HIGHEST SLP  0.00 ON 24
DPTR FM NORMAL    -5    LOWEST  SLP  0.00 ON 24

[REMARKS]
