000
CXUS51 KCAR 170600
CF6HUL
PRELIMINARY LOCAL CLIMATOLOGICAL DATA (WS FORM: F-6)

                                          STATION:   HOULTON ME
                                          MONTH:     AUGUST
                                          YEAR:      2017
                                          LATITUDE:   46  7 N
                                          LONGITUDE:  67 48 W

  TEMPERATURE IN F:       :PCPN:    SNOW:  WIND      :SUNSHINE: SKY     :PK WND
================================================================================
1   2   3   4   5  6A  6B    7    8   9   10  11  12  13   14  15   16   17  18
                                     12Z  AVG MX 2MIN
DY MAX MIN AVG DEP HDD CDD  WTR  SNW DPTH SPD SPD DIR MIN PSBL S-S WX    SPD DR
================================================================================

 1  81  50  66   0   0   1 0.00    M    M  3.7 15 310   M    M   2 12     20 240
 2  88  46  67   1   0   2 0.00    M    M  4.0 13 250   M    M   2        19 190
 3  83  63  73   7   0   8 0.22    M    M  5.3 21 140   M    M   3 1      29 150
 4  84  63  74   8   0   9 0.00    M    M  7.0 13 200   M    M   4 1      20 190
 5  78  63  71   6   0   6 0.36    M    M  8.1 16 160   M    M   7 1      25 170
 6  73  52  63  -2   2   0 0.40    M    M  8.0 21 260   M    M   8 1      28 260
 7  74  48  61  -4   4   0    T    M    M  6.8 17 240   M    M   2        22 300
 8  72  44  58  -7   7   0 0.01    M    M  1.8  9 290   M    M   5        13 270
 9  78  41  60  -5   5   0 0.00    M    M  5.5 18 240   M    M   3        24 240
10  77  49  63  -2   2   0 0.00    M    M  5.3 16 240   M    M   1        24 230
11  79  50  65   0   0   0 1.16    M    M  2.1 21 210   M    M   3 1      37 210
12  74  59  67   2   0   2    T    M    M  4.4 12 140   M    M   8 1      15 130
13  77  53  65   1   0   0 0.49    M    M  7.4 28 280   M    M   5 18     42 280
14  80  48  64   0   1   0 0.03    M    M  5.0 18 260   M    M   2 1      22 230
15  83  57  70   6   0   5    T    M    M  6.9 16 220   M    M   1        23 180
16  73  51  62  -2   3   0 0.00    M    M  8.1 17 320   M    M   4 1      27 330
================================================================================
SM 1254  837        24  33  2.67    M     89.4          M       60
================================================================================
AV 78.4 52.3                               5.6 FASTST   M    M   4    MAX(MPH)
                                 MISC ---->  # 28 280               # 42  280
================================================================================
NOTES:
# LAST OF SEVERAL OCCURRENCES

COLUMN 17 PEAK WIND IN M.P.H.

PRELIMINARY LOCAL CLIMATOLOGICAL DATA (WS FORM: F-6) , PAGE 2

                                          STATION:  HOULTON ME
                                          MONTH:    AUGUST
                                          YEAR:     2017
                                          LATITUDE:   46  7 N
                                          LONGITUDE:  67 48 W

[TEMPERATURE DATA]      [PRECIPITATION DATA]       SYMBOLS USED IN COLUMN 16

AVERAGE MONTHLY: 65.3   TOTAL FOR MONTH:   2.67    1 = FOG OR MIST
DPTR FM NORMAL:   0.3   DPTR FM NORMAL:    0.63    2 = FOG REDUCING VISIBILITY
HIGHEST:    88 ON  2    GRTST 24HR  1.16 ON 11-11      TO 1/4 MILE OR LESS
LOWEST:     41 ON  9                               3 = THUNDER
                        SNOW, ICE PELLETS, HAIL    4 = ICE PELLETS
                        TOTAL MONTH:    M          5 = HAIL
                        GRTST 24HR    M  ON   M    6 = FREEZING RAIN OR DRIZZLE
                        GRTST DEPTH:  M  ON   M    7 = DUSTSTORM OR SANDSTORM:
                                                       VSBY 1/2 MILE OR LESS
                                                   8 = SMOKE OR HAZE
[NO. OF DAYS WITH]      [WEATHER - DAYS WITH]      9 = BLOWING SNOW
                                                   X = TORNADO
MAX 32 OR BELOW:   0    0.01 INCH OR MORE:   7
MAX 90 OR ABOVE:   0    0.10 INCH OR MORE:   5
MIN 32 OR BELOW:   0    0.50 INCH OR MORE:   1
MIN  0 OR BELOW:   0    1.00 INCH OR MORE:   1

[HDD (BASE 65) ]
TOTAL THIS MO.    24    CLEAR  (SCALE 0-3)   8
DPTR FM NORMAL   -12    PTCLDY (SCALE 4-7)   8
TOTAL FM JUL 1    75    CLOUDY (SCALE 8-10)  0
DPTR FM NORMAL   -21

[CDD (BASE 65) ]
TOTAL THIS MO.    33
DPTR FM NORMAL    -1    [PRESSURE DATA]
TOTAL FM JAN 1   157    HIGHEST SLP M ON M
DPTR FM NORMAL     3    LOWEST  SLP 29.71 ON 13

[REMARKS]
