773
CXUS51 KCAR 260600
CF6HUL
PRELIMINARY LOCAL CLIMATOLOGICAL DATA (WS FORM: F-6)

                                          STATION:   HOULTON ME
                                          MONTH:     FEBRUARY
                                          YEAR:      2017
                                          LATITUDE:   46  7 N
                                          LONGITUDE:  67 48 W

  TEMPERATURE IN F:       :PCPN:    SNOW:  WIND      :SUNSHINE: SKY     :PK WND
================================================================================
1   2   3   4   5  6A  6B    7    8   9   10  11  12  13   14  15   16   17  18
                                     12Z  AVG MX 2MIN
DY MAX MIN AVG DEP HDD CDD  WTR  SNW DPTH SPD SPD DIR MIN PSBL S-S WX    SPD DR
================================================================================

 1  18 -13   3  -9  62   0 0.06    M    M  1.4 10 110   M    M   6 1      14 130
 2  26  -9   9  -3  56   0    T    M    M  4.0 14 270   M    M   3 1      20 280
 3  17  -9   4  -8  61   0    T    M    M  5.2 18 260   M    M   5        24 260
 4  16 -19  -1 -13  66   0 0.00    M    M  4.5 21 290   M    M   4 1      27 280
 5  27  -2  13   1  52   0 0.01    M    M  3.6 13 180   M    M  10 1      19 180
 6  25   2  14   1  51   0 0.09    M    M 10.1 29 320   M    M   4 1289   39 320
 7  10 -19  -4 -17  69   0 0.05    M    M  4.5 12 120   M    M   4 18     16 100
 8  33   8  21   8  44   0 0.38    M    M  4.1 14 280   M    M   7 18     18 280
 9  24   3  14   1  51   0 0.02    M    M 12.8 21 360   M    M   7 18     29 350
10   9  -8   1 -13  64   0    T    M    M 11.5 25 300   M    M   5 18     36 310
11   7 -21  -7 -21  72   0 0.01    M    M  1.9  7  10   M    M   7 18     11 210
12  18 -21  -1 -15  66   0 0.13    M    M  4.6 14  80   M    M   2 1      19  50
13  23  15  19   5  46   0 0.25    M    M 17.6 28  10   M    M  10 12     34  10
14  23  -3  10  -5  55   0    T    M    M  5.4 17 360   M    M   1        21  10
15  25 -11   7  -8  58   0    T    M    M  4.8 16  70   M    M   6 8      23  70
16  25  20  23   8  42   0    T    M    M 13.6 22 330   M    M  10 18     31 340
17  34  20  27  11  38   0 0.00    M    M 12.0 22 300   M    M   2        34 270
18  34   6  20   4  45   0 0.00    M    M  4.6 13 290   M    M   7        17 300
19  39  28  34  18  31   0    T    M    M  6.5 15 340   M    M  10 1      25 350
20  32  12  22   5  43   0 0.00    M    M 10.0 22  10   M    M   2        25  10
21  36  -7  15  -2  50   0 0.00    M    M  2.8  8 190   M    M   1         M  M
22  47  25  36  19  29   0 0.00    M    M  4.7 12 300   M    M   6        16 220
23  53  16  35  17  30   0 0.00    M    M  7.5 17 190   M    M   2        27 180
24  52  34  43  25  22   0 0.03    M    M  5.9 15 350   M    M   4 1      17 350
25  44  33  39  21  26   0 0.19    M    M  6.7 15 120   M    M  10 1      23 110
================================================================================
SM  697   80      1229   0  1.22    M    170.3          M      135
================================================================================
AV 27.9  3.2                               6.8 FASTST   M    M   5    MAX(MPH)
                                 MISC ---->  # 29 320               # 39  320
================================================================================
NOTES:
# LAST OF SEVERAL OCCURRENCES

COLUMN 17 PEAK WIND IN M.P.H.

PRELIMINARY LOCAL CLIMATOLOGICAL DATA (WS FORM: F-6) , PAGE 2

                                          STATION:  HOULTON ME
                                          MONTH:    FEBRUARY
                                          YEAR:     2017
                                          LATITUDE:   46  7 N
                                          LONGITUDE:  67 48 W

[TEMPERATURE DATA]      [PRECIPITATION DATA]       SYMBOLS USED IN COLUMN 16

AVERAGE MONTHLY: 15.5   TOTAL FOR MONTH:   1.22    1 = FOG OR MIST
DPTR FM NORMAL:   0.9   DPTR FM NORMAL:   -0.55    2 = FOG REDUCING VISIBILITY
HIGHEST:    53 ON 23    GRTST 24HR  0.43 ON  7- 8      TO 1/4 MILE OR LESS
LOWEST:    -21 ON 12,11                            3 = THUNDER
                        SNOW, ICE PELLETS, HAIL    4 = ICE PELLETS
                        TOTAL MONTH:    M          5 = HAIL
                        GRTST 24HR    M  ON   M    6 = FREEZING RAIN OR DRIZZLE
                        GRTST DEPTH:  M  ON   M    7 = DUSTSTORM OR SANDSTORM:
                                                       VSBY 1/2 MILE OR LESS
                                                   8 = SMOKE OR HAZE
[NO. OF DAYS WITH]      [WEATHER - DAYS WITH]      9 = BLOWING SNOW
                                                   X = TORNADO
MAX 32 OR BELOW:  16    0.01 INCH OR MORE:  11
MAX 90 OR ABOVE:   0    0.10 INCH OR MORE:   4
MIN 32 OR BELOW:  23    0.50 INCH OR MORE:   0
MIN  0 OR BELOW:  12    1.00 INCH OR MORE:   0

[HDD (BASE 65) ]
TOTAL THIS MO.  1229    CLEAR  (SCALE 0-3)   7
DPTR FM NORMAL   -30    PTCLDY (SCALE 4-7)  13
TOTAL FM JUL 1  5854    CLOUDY (SCALE 8-10)  5
DPTR FM NORMAL  -580

[CDD (BASE 65) ]
TOTAL THIS MO.     0
DPTR FM NORMAL     0    [PRESSURE DATA]
TOTAL FM JAN 1     0    HIGHEST SLP M ON M
DPTR FM NORMAL     0    LOWEST  SLP 29.21 ON 16

[REMARKS]
