000
CXUS56 KTFX 011205
CF6HVR
PRELIMINARY LOCAL CLIMATOLOGICAL DATA (WS FORM: F-6)

                                          STATION:   HAVRE MT
                                          MONTH:     SEPTEMBER
                                          YEAR:      2014
                                          LATITUDE:   48 32 N
                                          LONGITUDE: 109 46 W

  TEMPERATURE IN F:       :PCPN:    SNOW:  WIND      :SUNSHINE: SKY     :PK WND
================================================================================
1   2   3   4   5  6A  6B    7    8   9   10  11  12  13   14  15   16   17  18
                                     12Z  AVG MX 2MIN
DY MAX MIN AVG DEP HDD CDD  WTR  SNW DPTH SPD SPD DIR MIN PSBL S-S WX    SPD DR
================================================================================

 1  75  50  63   1   2   0 0.00  0.0    0 14.0 29 260   M    M   5        34 250
 2  77  48  63   1   2   0 0.00  0.0    0  9.5 22 200   M    M   1        30 230
 3  64  48  56  -6   9   0 0.14  0.0    0 14.4 36 280   M    M   6 13     44 290
 4  70  43  57  -4   8   0    T  0.0    0  8.4 17 310   M    M   2        23 310
 5  74  41  58  -3   7   0 0.00  0.0    0  6.4 15 220   M    M   1        19 210
 6  79  41  60   0   5   0 0.00  0.0    0  5.3 13  90   M    M   0        14 220
 7  85  42  64   4   1   0 0.00  0.0    0  7.5 17 230   M    M   0        22 290
 8  73  42  58  -1   7   0 0.03  0.0    0 10.8 25 330   M    M   3 1      32 320
 9  46  39  43 -16  22   0 0.19  0.0    0 10.8 17  80   M    M  10 1      22 290
10  42  34  38 -21  27   0 0.33    T    0 14.3 24  70   M    M  10 1      29  90
11  49  34  42 -16  23   0 0.04    T    0  5.5 13  60   M    M   7 1      16  50
12  61  28  45 -13  20   0 0.00  0.0    0  5.4 20 240   M    M   0        23 320
13  58  39  49  -8  16   0 0.00  0.0    0  8.2 18 290   M    M   6        26 280
14  65  34  50  -7  15   0 0.00  0.0    0  3.9 12 170   M    M   0        14  10
15  75  36  56  -1   9   0 0.00  0.0    0  3.1 10  90   M    M   0        11  90
16  82  37  60   4   5   0 0.00  0.0    0  3.8 13  60   M    M   0        13  60
17  83  45  64   8   1   0 0.00  0.0    0  5.5 14 300   M    M   0        17 300
18  80  49  65  10   0   0 0.01  0.0    0  9.4 23 220   M    M   0 8      28 230
19  79  55  67  12   0   2    T  0.0    0 13.4 26 300   M    M   3        33 300
20  74  44  59   4   6   0 0.00  0.0    0  6.9 20 320   M    M   0        26 320
21  81  37  59   5   6   0 0.00  0.0    0  5.9 14 130   M    M   0        18 120
22  84  40  62   8   3   0 0.00  0.0    0  3.5 10  70   M    M   0        12  60
23  83  48  66  12   0   1 0.00  0.0    0  8.7 23 220   M    M   0        28 230
24  93  48  71  18   0   6 0.00  0.0    0  6.5 21 210   M    M   1        27 200
25  90  46  68  15   0   3 0.00  0.0    0  7.5 17 160   M    M   0        23 160
26  79  46  63  11   2   0 0.00  0.0    0 11.0 23 260   M    M   0        30 230
27  58  47  53   1  12   0    T  0.0    0  8.1 20  90   M    M   7        23  90
28  50  46  48  -4  17   0    T  0.0    0 13.4 22 100   M    M  10        26  90
29  67  45  56   5   9   0 0.00  0.0    0 13.2 23  90   M    M   M        29 100
30  69  46  58   7   7   0 0.10  0.0    0 16.6 26 310   M    M   9        33 320
================================================================================
SM 2145 1278       241  12  0.84    T    260.9          M       81
================================================================================
AV 71.5 42.6                               8.7 FASTST   M    M   3    MAX(MPH)
                                 MISC ---->  # 36 280               # 44  290
================================================================================
NOTES:
# LAST OF SEVERAL OCCURRENCES

COLUMN 17 PEAK WIND IN M.P.H.

PRELIMINARY LOCAL CLIMATOLOGICAL DATA (WS FORM: F-6) , PAGE 2

                                          STATION:  HAVRE MT
                                          MONTH:    SEPTEMBER
                                          YEAR:     2014
                                          LATITUDE:   48 32 N
                                          LONGITUDE: 109 46 W

[TEMPERATURE DATA]      [PRECIPITATION DATA]       SYMBOLS USED IN COLUMN 16

AVERAGE MONTHLY: 57.0   TOTAL FOR MONTH:   0.84    1 = FOG OR MIST
DPTR FM NORMAL:   0.5   DPTR FM NORMAL:   -0.28    2 = FOG REDUCING VISIBILITY
HIGHEST:    93 ON 24    GRTST 24HR  0.37 ON 10-11      TO 1/4 MILE OR LESS
LOWEST:     28 ON 12                               3 = THUNDER
                        SNOW, ICE PELLETS, HAIL    4 = ICE PELLETS
                        TOTAL MONTH:    T          5 = HAIL
                        GRTST 24HR    T  ON 11-11  6 = FREEZING RAIN OR DRIZZLE
                        GRTST DEPTH:   0           7 = DUSTSTORM OR SANDSTORM:
                                                       VSBY 1/2 MILE OR LESS
                                                   8 = SMOKE OR HAZE
[NO. OF DAYS WITH]      [WEATHER - DAYS WITH]      9 = BLOWING SNOW
                                                   X = TORNADO
MAX 32 OR BELOW:   0    0.01 INCH OR MORE:   7
MAX 90 OR ABOVE:   2    0.10 INCH OR MORE:   4
MIN 32 OR BELOW:   1    0.50 INCH OR MORE:   0
MIN  0 OR BELOW:   0    1.00 INCH OR MORE:   0

[HDD (BASE 65) ]
TOTAL THIS MO.   241    CLEAR  (SCALE 0-3)  19
DPTR FM NORMAL   -33    PTCLDY (SCALE 4-7)   6
TOTAL FM JUL 1   285    CLOUDY (SCALE 8-10)  4
DPTR FM NORMAL   -72

[CDD (BASE 65) ]
TOTAL THIS MO.    12
DPTR FM NORMAL    -7    [PRESSURE DATA]
TOTAL FM JAN 1   402    HIGHEST SLP 30.63 ON 11
DPTR FM NORMAL    16    LOWEST  SLP 29.55 ON 18

[REMARKS]
#FINAL-09-14#
