000
CXUS53 KUNR 290945
CF6IEN
PRELIMINARY LOCAL CLIMATOLOGICAL DATA (WS FORM: F-6)

                                          STATION:   PINE RIDGE SD
                                          MONTH:     DECEMBER
                                          YEAR:      2014
                                          LATITUDE:   43  1 N
                                          LONGITUDE: 102 31 W

  TEMPERATURE IN F:       :PCPN:    SNOW:  WIND      :SUNSHINE: SKY     :PK WND
================================================================================
1   2   3   4   5  6A  6B    7    8   9   10  11  12  13   14  15   16   17  18
                                     12Z  AVG MX 2MIN
DY MAX MIN AVG DEP HDD CDD  WTR  SNW DPTH SPD SPD DIR MIN PSBL S-S WX    SPD DR
================================================================================

 1  37   0  19  -7  46   0 0.00    M    M 14.9 33 190   M    M   1        44 200
 2  43  12  28   2  37   0    T    M    M  5.7 16 310   M    M   5        21 310
 3  39   8  24  -1  41   0 0.00    M    M 13.2 32 190   M    M   1        44 190
 4  60  16  38  13  27   0 0.00    M    M  5.0 20 190   M    M   0 8      25 190
 5  50  19  35  10  30   0 0.00    M    M  2.2  9 310   M    M   3        12 320
 6  52  20  36  12  29   0 0.00    M    M 16.6 30 180   M    M   0        40 170
 7  56  20  38  14  27   0 0.00    M    M  6.4 23 290   M    M   2        32 300
 8  52  15  34  10  31   0 0.00    M    M  4.3 13 250   M    M   0 8      16 260
 9  56  20  38  14  27   0 0.00    M    M  6.0 21 200   M    M   0 8      26 200
10  60  18  39  16  26   0 0.00    M    M  2.3 10 240   M    M   0 8      12 240
11  68  21  45  22  20   0 0.00    M    M  5.9 20 190   M    M   0 8      27 190
12  68  32  50  27  15   0 0.00    M    M 11.2 25 190   M    M   0        34 180
13  50  31  41  18  24   0 0.00    M    M  9.1 20 190   M    M   0 1      25 190
14  36  26  31   8  34   0    T    M    M 13.5 32  10   M    M   7 168    44  10
15  28  22  25   3  40   0 0.10    M    M 13.8 25 340   M    M   9 16     35 330
16  24  19  22   0  43   0 0.00    M    M  4.3 10 170   M    M  10        14 140
17  28  16  22   0  43   0 0.00    M    M  7.3 16 190   M    M   9 1      20 180
18  37   6  22   0  43   0 0.00    M    M  5.3 13 240   M    M   3 18     16 240
19  42  14  28   6  37   0 0.00    M    M  5.6 14 270   M    M   0        18 250
20  47  14  31   9  34   0 0.00    M    M  4.0 12 290   M    M   4        14 280
21  50  25  38  16  27   0    T    M    M  7.5 20 270   M    M   2        26 250
22  44  26  35  13  30   0 0.16    M    M 16.4 29 310   M    M   8 1      41 310
23  31  10  21  -1  44   0 0.16    M    M 14.4 30 350   M    M   8 12     39 330
24  38  -4  17  -5  48   0 0.00    M    M  4.5 15 270   M    M   1        17 270
25  34  21  28   6  37   0 0.08    M    M 12.2 23  30   M    M   9 1      29  30
26  21  16  19  -3  46   0 0.01    M    M  7.7 17  20   M    M  10 1      21  20
27  26   4  15  -7  50   0 0.00    M    M  5.9 15 250   M    M   2        18 250
28  29  -3  13  -9  52   0 0.03    M    M  4.6 14  60   M    M   6 18     17  60
================================================================================
SM 1206  444       988   0  0.54    M    229.8          M      100
================================================================================
AV 43.1 15.9                               8.2 FASTST   M    M   4    MAX(MPH)
                                 MISC ---->  # 33 190               # 44  200
================================================================================
NOTES:
# LAST OF SEVERAL OCCURRENCES

COLUMN 17 PEAK WIND IN M.P.H.

PRELIMINARY LOCAL CLIMATOLOGICAL DATA (WS FORM: F-6) , PAGE 2

                                          STATION:  PINE RIDGE SD
                                          MONTH:    DECEMBER
                                          YEAR:     2014
                                          LATITUDE:   43  1 N
                                          LONGITUDE: 102 31 W

[TEMPERATURE DATA]      [PRECIPITATION DATA]       SYMBOLS USED IN COLUMN 16

AVERAGE MONTHLY: 29.5   TOTAL FOR MONTH:   0.54    1 = FOG OR MIST
DPTR FM NORMAL:   6.4   DPTR FM NORMAL:    0.22    2 = FOG REDUCING VISIBILITY
HIGHEST:    68 ON 12,11 GRTST 24HR  0.25 ON 22-23      TO 1/4 MILE OR LESS
LOWEST:     -4 ON 24                               3 = THUNDER
                        SNOW, ICE PELLETS, HAIL    4 = ICE PELLETS
                        TOTAL MONTH:    M          5 = HAIL
                        GRTST 24HR    M  ON   M    6 = FREEZING RAIN OR DRIZZLE
                        GRTST DEPTH:  M  ON   M    7 = DUSTSTORM OR SANDSTORM:
                                                       VSBY 1/2 MILE OR LESS
                                                   8 = SMOKE OR HAZE
[NO. OF DAYS WITH]      [WEATHER - DAYS WITH]      9 = BLOWING SNOW
                                                   X = TORNADO
MAX 32 OR BELOW:   7    0.01 INCH OR MORE:   6
MAX 90 OR ABOVE:   0    0.10 INCH OR MORE:   3
MIN 32 OR BELOW:  28    0.50 INCH OR MORE:   0
MIN  0 OR BELOW:   3    1.00 INCH OR MORE:   0

[HDD (BASE 65) ]
TOTAL THIS MO.   988    CLEAR  (SCALE 0-3)  17
DPTR FM NORMAL  -186    PTCLDY (SCALE 4-7)   5
TOTAL FM JUL 1  2787    CLOUDY (SCALE 8-10)  6
DPTR FM NORMAL   -77

[CDD (BASE 65) ]
TOTAL THIS MO.     0
DPTR FM NORMAL     0    [PRESSURE DATA]
TOTAL FM JAN 1   482    HIGHEST SLP M ON M
DPTR FM NORMAL  -235    LOWEST  SLP 29.43 ON 21

[REMARKS]
