000
CXUS55 KLBF 231200
CF6IML
PRELIMINARY LOCAL CLIMATOLOGICAL DATA (WS FORM: F-6)

                                          STATION:   IMPERIAL
                                          MONTH:     JANUARY
                                          YEAR:      2018
                                          LATITUDE:   40 31 N
                                          LONGITUDE: 101 37 W

  TEMPERATURE IN F:       :PCPN:    SNOW:  WIND      :SUNSHINE: SKY     :PK WND
================================================================================
1   2   3   4   5  6A  6B    7    8   9   10  11  12  13   14  15   16   17  18
                                     12Z  AVG MX 2MIN
DY MAX MIN AVG DEP HDD CDD  WTR  SNW DPTH SPD SPD DIR MIN PSBL S-S WX    SPD DR
================================================================================

 1  17  -3   7 -21  58   0 0.00    M    M 12.3 23 150   M    M   4        28 160
 2  35  -7  14 -14  51   0 0.00    M    M  9.7 24 320   M    M   0        31 320
 3  42  16  29   1  36   0 0.00    M    M  7.3 22  30   M    M   0        22  30
 4  47  13  30   2  35   0 0.00    M    M  6.7 18 340   M    M   1        23 340
 5  42  13  28   0  37   0 0.00    M    M  6.5 15 120   M    M   2 1      17 140
 6  43   7  25  -3  40   0 0.00    M    M  6.5 14 160   M    M   1 1      17 160
 7  50  22  36   8  29   0 0.01    M    M 13.0 32 330   M    M   3        40 320
 8  56  17  37   9  28   0 0.00    M    M  6.0 15 240   M    M   0        19 190
 9  66  25  46  18  19   0 0.00    M    M  5.6 13 190   M    M   0        16 340
10  61  18  40  12  25   0 0.21    M    M 12.7 39 350   M    M   2 1      48 350
11  22   2  12 -16  53   0    T    M    M 14.5 29 340   M    M   1        35 340
12  15   4  10 -18  55   0    T    M    M  9.7 21 130   M    M   9        23 130
13  26   6  16 -12  49   0    T    M    M  8.1 15 140   M    M   9        17 140
14  48  24  36   8  29   0 0.03    M    M  9.8 21  10   M    M   6 1      27  10
15  27   0  14 -14  51   0 0.00    M    M 17.1 28 360   M    M   3        33 330
16  21  -7   7 -21  58   0 0.00  0.0    0  7.1 13 300   M    M   0        16 300
17  45   0  23  -5  42   0 0.00    M    M  4.6 10 290   M    M   0        14 280
18  56  18  37   9  28   0 0.00    M    M  6.7 14 270   M    M   0        19 260
19  63  26  45  17  20   0 0.00    M    M  3.5 10  20   M    M   0        12 340
20  50  24  37   9  28   0 0.00    M    M 10.2 18  30   M    M   1        22  40
21  33  27  30   2  35   0    M    M    M 23.8 36 330   M    M  10 16     47 340
22  31  18  25  -4  40   0 0.57    M    M 21.5 40 330   M    M   4 1      48 340
================================================================================
SM  896  263       846   0  0.82     0.0 222.9          M       56
================================================================================
AV 40.7 12.0                              10.1 FASTST   M    M   3    MAX(MPH)
                                 MISC ---->  # 40 330               # 48  350
================================================================================
NOTES:
# LAST OF SEVERAL OCCURRENCES

COLUMN 17 PEAK WIND IN M.P.H.

PRELIMINARY LOCAL CLIMATOLOGICAL DATA (WS FORM: F-6) , PAGE 2

                                          STATION:  IMPERIAL
                                          MONTH:    JANUARY
                                          YEAR:     2018
                                          LATITUDE:   40 31 N
                                          LONGITUDE: 101 37 W

[TEMPERATURE DATA]      [PRECIPITATION DATA]       SYMBOLS USED IN COLUMN 16

AVERAGE MONTHLY: 26.3   TOTAL FOR MONTH:   0.82    1 = FOG OR MIST
DPTR FM NORMAL:  -1.7   DPTR FM NORMAL:    0.64    2 = FOG REDUCING VISIBILITY
HIGHEST:    66 ON  9    GRTST 24HR  0.57 ON 22-22      TO 1/4 MILE OR LESS
LOWEST:     -7 ON 16, 2                            3 = THUNDER
                        SNOW, ICE PELLETS, HAIL    4 = ICE PELLETS
                        TOTAL MONTH:   0.0 INCH    5 = HAIL
                        GRTST 24HR     0.0         6 = FREEZING RAIN OR DRIZZLE
                        GRTST DEPTH:   0           7 = DUSTSTORM OR SANDSTORM:
                                                       VSBY 1/2 MILE OR LESS
                                                   8 = SMOKE OR HAZE
[NO. OF DAYS WITH]      [WEATHER - DAYS WITH]      9 = BLOWING SNOW
                                                   X = TORNADO
MAX 32 OR BELOW:   7    0.01 INCH OR MORE:   4
MAX 90 OR ABOVE:   0    0.10 INCH OR MORE:   2
MIN 32 OR BELOW:  22    0.50 INCH OR MORE:   1
MIN  0 OR BELOW:   5    1.00 INCH OR MORE:   0

[HDD (BASE 65) ]
TOTAL THIS MO.   846    CLEAR  (SCALE 0-3)  16
DPTR FM NORMAL    34    PTCLDY (SCALE 4-7)   3
TOTAL FM JUL 1  3167    CLOUDY (SCALE 8-10)  3
DPTR FM NORMAL  -160

[CDD (BASE 65) ]
TOTAL THIS MO.     0
DPTR FM NORMAL     0    [PRESSURE DATA]
TOTAL FM JAN 1     0    HIGHEST SLP M ON M
DPTR FM NORMAL     0    LOWEST  SLP 29.35 ON 10

[REMARKS]
