000
CXUS55 KLBF 241200
CF6IML
PRELIMINARY LOCAL CLIMATOLOGICAL DATA (WS FORM: F-6)

                                          STATION:   IMPERIAL NE
                                          MONTH:     OCTOBER
                                          YEAR:      2014
                                          LATITUDE:   40 31 N
                                          LONGITUDE: 101 37 W

  TEMPERATURE IN F:       :PCPN:    SNOW:  WIND      :SUNSHINE: SKY     :PK WND
================================================================================
1   2   3   4   5  6A  6B    7    8   9   10  11  12  13   14  15   16   17  18
                                     12Z  AVG MX 2MIN
DY MAX MIN AVG DEP HDD CDD  WTR  SNW DPTH SPD SPD DIR MIN PSBL S-S WX    SPD DR
================================================================================

 1  75  49  62   4   3   0 0.38    M    M 10.5 39 310   M    M   1 138    55 310
 2  66  41  54  -3  11   0 0.01    M    M 14.2 39  10   M    M   3 8      46  10
 3  56  37  47 -10  18   0 0.01    M    M 15.1 29 310   M    M   3        40 310
 4  71  34  53  -3  12   0 0.00    M    M  9.2 21 320   M    M   3        33 320
 5  73  45  59   3   6   0    T    M    M 13.0 37 350   M    M   2 8      47 350
 6  78  48  63   8   2   0    T    M    M 10.3 24 330   M    M   2        31 320
 7  79  46  63   8   2   0 0.00    M    M  6.0 18  10   M    M   1        23  20
 8  73  44  59   5   6   0 0.00    M    M  9.3 18 150   M    M   2        24 160
 9  67  42  55   1  10   0 0.00    M    M  8.5 18  90   M    M   3        23  70
10  59  39  49  -4  16   0 0.00    M    M  6.7 14  50   M    M   6        16  50
11  68  34  51  -2  14   0    T    M    M 11.8 23 180   M    M   1 12     30 180
12  64  43  54   2  11   0    T    M    M 15.9 35 340   M    M   5        43 350
13  63  40  52   0  13   0 0.00    M    M 18.9 35 350   M    M   1        42 350
14  71  34  53   1  12   0 0.00    M    M  5.5 14 310   M    M   0        17 310
15  84  34  59   8   6   0 0.00    M    M  9.2 23 180   M    M   0 8      30 180
16  73  42  58   7   7   0 0.00    M    M 10.3 24 350   M    M   0 8      29 360
17  67  38  53   3  12   0 0.00    M    M  6.7 13 360   M    M   0 8      19 360
18  68  33  51   1  14   0 0.00    M    M 10.6 24 180   M    M   0        33 180
19  78  37  58   9   7   0 0.00    M    M  5.2 16  10   M    M   0        19  30
20  77  36  57   8   8   0 0.00    M    M  7.8 20 160   M    M   0        24 190
21  79  50  65  16   0   0 0.00    M    M 12.9 26 170   M    M   1 18     33 170
22  72  44  58  10   7   0    T    M    M  6.2 16 350   M    M   2        21 340
23  79  37  58  10   7   0 0.00    M    M  7.5 17 210   M    M   0 8      22 200
================================================================================
SM 1640  927       204   0  0.40    M    231.3          M       36
================================================================================
AV 71.3 40.3                              10.1 FASTST   M    M   2    MAX(MPH)
                                 MISC ---->  # 39 310               # 55  310
================================================================================
NOTES:
# LAST OF SEVERAL OCCURRENCES

COLUMN 17 PEAK WIND IN M.P.H.

PRELIMINARY LOCAL CLIMATOLOGICAL DATA (WS FORM: F-6) , PAGE 2

                                          STATION:  IMPERIAL NE
                                          MONTH:    OCTOBER
                                          YEAR:     2014
                                          LATITUDE:   40 31 N
                                          LONGITUDE: 101 37 W

[TEMPERATURE DATA]      [PRECIPITATION DATA]       SYMBOLS USED IN COLUMN 16

AVERAGE MONTHLY: 55.8   TOTAL FOR MONTH:   0.40    1 = FOG OR MIST
DPTR FM NORMAL:   3.2   DPTR FM NORMAL:   -0.71    2 = FOG REDUCING VISIBILITY
HIGHEST:    84 ON 15    GRTST 24HR  0.39 ON  1- 2      TO 1/4 MILE OR LESS
LOWEST:     33 ON 18                               3 = THUNDER
                        SNOW, ICE PELLETS, HAIL    4 = ICE PELLETS
                        TOTAL MONTH:    M          5 = HAIL
                        GRTST 24HR    M  ON   M    6 = FREEZING RAIN OR DRIZZLE
                        GRTST DEPTH:  M  ON   M    7 = DUSTSTORM OR SANDSTORM:
                                                       VSBY 1/2 MILE OR LESS
                                                   8 = SMOKE OR HAZE
[NO. OF DAYS WITH]      [WEATHER - DAYS WITH]      9 = BLOWING SNOW
                                                   X = TORNADO
MAX 32 OR BELOW:   0    0.01 INCH OR MORE:   3
MAX 90 OR ABOVE:   0    0.10 INCH OR MORE:   1
MIN 32 OR BELOW:   0    0.50 INCH OR MORE:   0
MIN  0 OR BELOW:   0    1.00 INCH OR MORE:   0

[HDD (BASE 65) ]
TOTAL THIS MO.   204    CLEAR  (SCALE 0-3)  19
DPTR FM NORMAL   -89    PTCLDY (SCALE 4-7)   4
TOTAL FM JUL 1   306    CLOUDY (SCALE 8-10)  0
DPTR FM NORMAL  -103

[CDD (BASE 65) ]
TOTAL THIS MO.     0
DPTR FM NORMAL    -3    [PRESSURE DATA]
TOTAL FM JAN 1   955    HIGHEST SLP M ON M
DPTR FM NORMAL    -5    LOWEST  SLP 29.60 ON 12

[REMARKS]
