000
CXUS52 TJSJ 010443
CF6IST
PRELIMINARY LOCAL CLIMATOLOGICAL DATA (WS FORM: F-6)

                                          STATION:   CYRIL E. KING AP/ST THOMAS
                                          MONTH:     JUNE
                                          YEAR:      2015
                                          LATITUDE:   18 19 N
                                          LONGITUDE:  64 58 W

  TEMPERATURE IN F:       :PCPN:    SNOW:  WIND      :SUNSHINE: SKY     :PK WND
================================================================================
1   2   3   4   5  6A  6B    7    8   9   10  11  12  13   14  15   16   17  18
                                     12Z  AVG MX 2MIN
DY MAX MIN AVG DEP HDD CDD  WTR  SNW DPTH SPD SPD DIR MIN PSBL S-S WX    SPD DR
================================================================================

 1  87  80  84   1   0  19 0.01  0.0    0 12.0 18 120   M    M   6        23 110
 2  87  78  83   0   0  18    T  0.0    0  9.4 16 120   M    M   5        20 130
 3  87  77  82  -1   0  17 0.01  0.0    0  9.3 15 130   M    M   4 1      19 130
 4  87  79  83   0   0  18 0.01  0.0    0  8.5 15 140   M    M   3        19 130
 5  88  79  84   1   0  19 0.00  0.0    0 10.1 15 120   M    M   5        20 130
 6  87  79  83   0   0  18 0.23  0.0    0 12.7 18 130   M    M   8 1      23 110
 7  87  78  83   0   0  18 0.09  0.0    0 13.3 20 130   M    M   7 1      25 130
 8  87  79  83   0   0  18 0.00  0.0    0  9.8 17 130   M    M   8        23 140
 9  89  78  84   1   0  19    T  0.0    0  8.9 17 130   M    M   8        22 130
10  88  77  83   0   0  18    T  0.0    0  8.8 20 130   M    M   7        25 120
11  88  77  83   0   0  18 0.22  0.0    0 11.5 21 120   M    M   6 1      27 130
12  88  78  83   0   0  18 0.00  0.0    0 12.7 20 110   M    M   5        25 110
13  90  81  86   2   0  21    T  0.0    0 13.6 22 120   M    M   9        29 120
14  88  80  84   0   0  19 0.00  0.0    0 11.7 21 130   M    M   8        27 110
15  87  78  83  -1   0  18 0.00  0.0    0 11.0 20 130   M    M   8        26 130
16  90  78  84   0   0  19    T  0.0    0 10.4 15  80   M    M   7        21  80
17  90  81  86   2   0  21    T  0.0    0 11.1 18 130   M    M   7        24 140
18  89  79  84   0   0  19 0.22  0.0    0 11.3 17 130   M    M   7 1      21 120
19  88  80  84   0   0  19 0.00  0.0    0 10.4 17 120   M    M   7        22 200
20  87  79  83  -1   0  18    T  0.0    0  8.7 14 130   M    M   7         M  M
21  89  78  84   0   0  19 0.00  0.0    0 11.9 20 120   M    M   4        26 130
22  89  78  84   0   0  19 0.07  0.0    0 11.6 25 150   M    M   6 18     37 110
23  89  80  85   1   0  20 0.01  0.0    0 13.5 24 110   M    M   9        30 120
24  90  80  85   1   0  20    T  0.0    0 15.6 24 110   M    M   8        30 120
25  91  77  84   0   0  19 0.01    M    0 12.8 21  70   M    M   7        26  70
26  89  79  84   0   0  19    T    M    0 13.8 22 110   M    M   4        28  90
27  90  80  85   1   0  20 0.04    M    0 14.7 24 120   M    M   8 1      31 120
28  90  80  85   1   0  20 0.01  0.0    0 15.1 22 120   M    M   8 1      29 110
29  93  81  87   3   0  22 0.00  0.0    0 14.9 23  60   M    M   8        30  80
30  88  79  84   0   0  19 0.14  0.0    0 12.8 24 130   M    M   8 1      32 130
================================================================================
SM 2657 2367         0 569  1.07     0.0 351.9          M      202
================================================================================
AV 88.6 78.9                              11.7 FASTST   M    M   7    MAX(MPH)
                                 MISC ---->  # 25 150               # 37  110
================================================================================
NOTES:
# LAST OF SEVERAL OCCURRENCES

COLUMN 17 PEAK WIND IN M.P.H.

PRELIMINARY LOCAL CLIMATOLOGICAL DATA (WS FORM: F-6) , PAGE 2

                                          STATION:  CYRIL E. KING AP/ST THOMAS
                                          MONTH:    JUNE
                                          YEAR:     2015
                                          LATITUDE:   18 19 N
                                          LONGITUDE:  64 58 W

[TEMPERATURE DATA]      [PRECIPITATION DATA]       SYMBOLS USED IN COLUMN 16

AVERAGE MONTHLY: 83.7   TOTAL FOR MONTH:   1.07    1 = FOG OR MIST
DPTR FM NORMAL:   0.2   DPTR FM NORMAL:   -1.46    2 = FOG REDUCING VISIBILITY
HIGHEST:    93 ON 29    GRTST 24HR  0.32 ON  6- 7      TO 1/4 MILE OR LESS
LOWEST:     77 ON 25,11                            3 = THUNDER
                        SNOW, ICE PELLETS, HAIL    4 = ICE PELLETS
                        TOTAL MONTH:   0.0 INCH    5 = HAIL
                        GRTST 24HR     0.0         6 = FREEZING RAIN OR DRIZZLE
                        GRTST DEPTH:   0           7 = DUSTSTORM OR SANDSTORM:
                                                       VSBY 1/2 MILE OR LESS
                                                   8 = SMOKE OR HAZE
[NO. OF DAYS WITH]      [WEATHER - DAYS WITH]      9 = BLOWING SNOW
                                                   X = TORNADO
MAX 32 OR BELOW:   0    0.01 INCH OR MORE:  13
MAX 90 OR ABOVE:   8    0.10 INCH OR MORE:   4
MIN 32 OR BELOW:   0    0.50 INCH OR MORE:   0
MIN  0 OR BELOW:   0    1.00 INCH OR MORE:   0

[HDD (BASE 65) ]
TOTAL THIS MO.     0    CLEAR  (SCALE 0-3)   1
DPTR FM NORMAL     0    PTCLDY (SCALE 4-7)  24
TOTAL FM JUL 1     0    CLOUDY (SCALE 8-10)  5
DPTR FM NORMAL     0

[CDD (BASE 65) ]
TOTAL THIS MO.   569
DPTR FM NORMAL    14    [PRESSURE DATA]
TOTAL FM JAN 1  2808    HIGHEST SLP M ON M
DPTR FM NORMAL     1    LOWEST  SLP 29.92 ON  3

[REMARKS]
#FINAL-06-15#
