000
CXUS52 TJSJ 010507
CF6ISX
PRELIMINARY LOCAL CLIMATOLOGICAL DATA (WS FORM: F-6)

                                          STATION:   HENRY E. ROHLSEN AP/ST CROIX
                                          MONTH:     JANUARY
                                          YEAR:      2015
                                          LATITUDE:   17 42 N
                                          LONGITUDE:  64 48 W

  TEMPERATURE IN F:       :PCPN:    SNOW:  WIND      :SUNSHINE: SKY     :PK WND
================================================================================
1   2   3   4   5  6A  6B    7    8   9   10  11  12  13   14  15   16   17  18
                                     12Z  AVG MX 2MIN
DY MAX MIN AVG DEP HDD CDD  WTR  SNW DPTH SPD SPD DIR MIN PSBL S-S WX    SPD DR
================================================================================

 1  86  73  80   2   0  15 0.00  0.0    0 12.6 20 100   M    M   3        25 100
 2  87  75  81   3   0  16    T  0.0    0 14.4 17  70   M    M   3        31  90
 3  87  74  81   3   0  16 0.02  0.0    0 16.1 18  60   M    M   3        27  60
 4  85  73  79   1   0  14 0.19  0.0    0 14.4 26  60   M    M   6 1      32  50
 5  83   M   M   M   M   M 0.01  0.0    0 13.1 30  70   M    M   3 8      40  80
 6  84  73  79   1   0  14 0.00  0.0    0 12.7 22  70   M    M   2        29  70
 7  85  72  79   1   0  14 0.00  0.0    0 10.4 22 110   M    M   1        27 100
 8  84  71  78   0   0  13 0.03  0.0    0  8.7 21  80   M    M   1        25  80
 9  84  69  77  -1   0  12    T  0.0    0  7.9 15 110   M    M   3        22 100
10  86  72  79   1   0  14    T  0.0    0 11.0 21  80   M    M   2        25 100
11  84  73  79   1   0  14 0.01  0.0    0 11.2 23  60   M    M   3        30  60
12  85  73  79   1   0  14 0.08  0.0    0 15.0 30  90   M    M   2        37  90
13  85  73  79   1   0  14 0.11  0.0    0 14.0 23  80   M    M   M        29  90
14  85  74  80   2   0  15 0.12  0.0    0 13.7 23 110   M    M   M        30 120
15  85  73  79   1   0  14 0.00  0.0    0 11.3 20 100   M    M   M        26 100
16  84  73  79   1   0  14 0.02  0.0    0  7.8 15 100   M    M   M        18 110
17  84  72  78   0   0  13 0.05  0.0    0  3.9  9 140   M    M   M        12 140
18  84  71  78   0   0  13 0.04  0.0    0  4.9 12  80   M    M   M        18 100
19  83  69  76  -2   0  11 0.03  0.0    0  3.6 10 100   M    M   M        13 100
20  84  71  78   0   0  13 0.00  0.0    0  6.0 12 110   M    M   M        14 110
21  85  69  77  -1   0  12 0.01  0.0    0  6.6 14  90   M    M   M        18  80
22  84  69  77  -1   0  12 0.00  0.0    0  5.2 12 130   M    M   M        14 160
23  85  69  77  -1   0  12 0.00  0.0    0  6.2 13  80   M    M   M        16  90
24  85  72  79   1   0  14 0.05  0.0    0  8.5 20  90   M    M   M        22 100
25  85  70  78   0   0  13 0.14  0.0    0  9.0 16  90   M    M   M        20 110
26  85  75  80   2   0  15 0.00  0.0    0 12.4 21 100   M    M   M        25  90
27  85  72  79   1   0  14    T  0.0    0  9.5 15 100   M    M   M        19 150
28  85  71  78   0   0  13 0.00  0.0    0  8.3 16 110   M    M   M        32 100
29  86  71  79   1   0  14    T  0.0    0  8.5 13 100   M    M   2        22 100
30  85  69  77  -1   0  12 0.01  0.0    0  5.3  9  50   M    M   2        20  50
31  85  69  77  -1   0  12 0.36  0.0    M  6.4 15 100   M    M   2 18     20  70
================================================================================
SM 2629 2150         0 406  1.28     0.0 298.6          M       38
================================================================================
AV 84.8 71.7                               9.6 FASTST   M    M   3    MAX(MPH)
                                 MISC ---->  # 30  70               # 40   80
================================================================================
NOTES:
# LAST OF SEVERAL OCCURRENCES

COLUMN 17 PEAK WIND IN M.P.H.

PRELIMINARY LOCAL CLIMATOLOGICAL DATA (WS FORM: F-6) , PAGE 2

                                          STATION:  HENRY E. ROHLSEN AP/ST CROIX
                                          MONTH:    JANUARY
                                          YEAR:     2015
                                          LATITUDE:   17 42 N
                                          LONGITUDE:  64 48 W

[TEMPERATURE DATA]      [PRECIPITATION DATA]       SYMBOLS USED IN COLUMN 16

AVERAGE MONTHLY: 78.2   TOTAL FOR MONTH:   1.28    1 = FOG OR MIST
DPTR FM NORMAL:   0.0   DPTR FM NORMAL:   -0.86    2 = FOG REDUCING VISIBILITY
HIGHEST:    87 ON  3, 2 GRTST 24HR  0.36 ON 31-31      TO 1/4 MILE OR LESS
LOWEST:     69 ON 31,30                            3 = THUNDER
                        SNOW, ICE PELLETS, HAIL    4 = ICE PELLETS
                        TOTAL MONTH:   0.0 INCH    5 = HAIL
                        GRTST 24HR     0.0         6 = FREEZING RAIN OR DRIZZLE
                        GRTST DEPTH:   0           7 = DUSTSTORM OR SANDSTORM:
                                                       VSBY 1/2 MILE OR LESS
                                                   8 = SMOKE OR HAZE
[NO. OF DAYS WITH]      [WEATHER - DAYS WITH]      9 = BLOWING SNOW
                                                   X = TORNADO
MAX 32 OR BELOW:   0    0.01 INCH OR MORE:  17
MAX 90 OR ABOVE:   0    0.10 INCH OR MORE:   5
MIN 32 OR BELOW:   0    0.50 INCH OR MORE:   0
MIN  0 OR BELOW:   0    1.00 INCH OR MORE:   0

[HDD (BASE 65) ]
TOTAL THIS MO.     0    CLEAR  (SCALE 0-3)  13
DPTR FM NORMAL     0    PTCLDY (SCALE 4-7)   2
TOTAL FM JUL 1     0    CLOUDY (SCALE 8-10)  0
DPTR FM NORMAL     0

[CDD (BASE 65) ]
TOTAL THIS MO.   406
DPTR FM NORMAL    -3    [PRESSURE DATA]
TOTAL FM JAN 1   406    HIGHEST SLP M ON M
DPTR FM NORMAL     3    LOWEST  SLP 29.93 ON 21

[REMARKS]
#FINAL-01-15#
