000
CXHW53 PHFO 291250
CF6ITO
PRELIMINARY LOCAL CLIMATOLOGICAL DATA (WS FORM: F-6)

                                          STATION:   HILO HI
                                          MONTH:     APRIL
                                          YEAR:      2016
                                          LATITUDE:   19 43 N
                                          LONGITUDE: 155  4 W

  TEMPERATURE IN F:       :PCPN:    SNOW:  WIND      :SUNSHINE: SKY     :PK WND
================================================================================
1   2   3   4   5  6A  6B    7    8   9   10  11  12  13   14  15   16   17  18
                                     12Z  AVG MX 2MIN
DY MAX MIN AVG DEP HDD CDD  WTR  SNW DPTH SPD SPD DIR MIN PSBL S-S WX    SPD DR
================================================================================

 1  86  66  76   4   0  11    T  0.0    0  7.7 16  90   M    M   5        24 100
 2  86  71  79   7   0  14 0.01  0.0    0  6.4 16  40   M    M   7        21  30
 3  86  69  78   6   0  13 0.12  0.0    0  6.5 18 130   M    M   6 1      24 130
 4  85  69  77   5   0  12 0.17  0.0    0  8.4 18 130   M    M   5 1      23 130
 5  87  66  77   5   0  12 0.00  0.0    0  7.5 16  90   M    M   3        21  70
 6  79  70  75   3   0  10 0.26  0.0    0  9.2 21 360   M    M   9 18     25 350
 7  79  69  74   2   0   9 1.34  0.0    0  5.7 17  50   M    M  10 1      22  50
 8  82  70  76   4   0  11 0.79  0.0    0  6.1 15  60   M    M   9 18     20  60
 9  84  68  76   4   0  11 0.12  0.0    0  6.6 14  40   M    M   5 1      19  60
10  83  68  76   4   0  11 0.11  0.0    0  6.0 14  80   M    M   7 1      16  70
11  80  69  75   3   0  10 0.17  0.0    0  5.4 15  40   M    M   8 18     19  60
12  83  69  76   4   0  11 0.44  0.0    0  7.0 18  90   M    M   9 18     23  80
13  78  70  74   2   0   9 0.67  0.0    0  5.2 18  90   M    M   9 18     21  90
14  83  70  77   5   0  12 0.30  0.0    0  5.9 16 110   M    M   8 1      21 100
15  84  68  76   4   0  11 0.08  0.0    0  6.6 14  60   M    M   3 1      19  60
16  83  67  75   3   0  10    T  0.0    0  7.6 16 340   M    M   4        19 340
17  82  65  74   2   0   9    T  0.0    0  7.8 15  40   M    M   5 18     19  40
18  73  69  71  -1   0   6 2.49  0.0    0  8.3 15 330   M    M  10 1      20 330
19  74  68  71  -1   0   6 0.07  0.0    0  6.9 13 220   M    M  10 1      13 220
20  82  68  75   3   0  10 0.06  0.0    0  7.2 15  50   M    M   8 1      19  70
21  82  68  75   3   0  10 0.06  0.0    0  7.2 15 130   M    M   5 1      20 130
22  84  67  76   4   0  11 0.07  0.0    0  6.9 17  70   M    M   6 1      22  70
23  80  69  75   3   0  10 0.69  0.0    0  7.5 21 100   M    M   8 1      27  90
24  82  70  76   4   0  11 0.41  0.0    0  5.7 16 100   M    M   6 18     21 100
25  84  70  77   5   0  12 0.23  0.0    0  5.7 14 110   M    M   5 18     19 100
26  83  69  76   3   0  11 0.16  0.0    0  6.1 14 100   M    M   7 1      18  50
27  82  69  76   3   0  11 0.26  0.0    0  5.8 22  90   M    M   7 18     26  80
28  82  68  75   2   0  10 0.11  0.0    0  6.6 16 140   M    M   6 18     21 130
================================================================================
SM 2298 1919         0 294  9.19     0.0 189.5          M      190
================================================================================
AV 82.1 68.5                               6.8 FASTST   M    M   7    MAX(MPH)
                                 MISC ---->  # 22  90               # 27   90
================================================================================
NOTES:
# LAST OF SEVERAL OCCURRENCES

COLUMN 17 PEAK WIND IN M.P.H.

PRELIMINARY LOCAL CLIMATOLOGICAL DATA (WS FORM: F-6) , PAGE 2

                                          STATION:  HILO HI
                                          MONTH:    APRIL
                                          YEAR:     2016
                                          LATITUDE:   19 43 N
                                          LONGITUDE: 155  4 W

[TEMPERATURE DATA]      [PRECIPITATION DATA]       SYMBOLS USED IN COLUMN 16

AVERAGE MONTHLY: 75.3   TOTAL FOR MONTH:   9.19    1 = FOG OR MIST
DPTR FM NORMAL:   3.2   DPTR FM NORMAL:   -1.71    2 = FOG REDUCING VISIBILITY
HIGHEST:    87 ON  5    GRTST 24HR  2.49 ON 18-18      TO 1/4 MILE OR LESS
LOWEST:     65 ON 17                               3 = THUNDER
                        SNOW, ICE PELLETS, HAIL    4 = ICE PELLETS
                        TOTAL MONTH:   0.0 INCH    5 = HAIL
                        GRTST 24HR     0.0         6 = FREEZING RAIN OR DRIZZLE
                        GRTST DEPTH:   0           7 = DUSTSTORM OR SANDSTORM:
                                                       VSBY 1/2 MILE OR LESS
                                                   8 = SMOKE OR HAZE
[NO. OF DAYS WITH]      [WEATHER - DAYS WITH]      9 = BLOWING SNOW
                                                   X = TORNADO
MAX 32 OR BELOW:   0    0.01 INCH OR MORE:  24
MAX 90 OR ABOVE:   0    0.10 INCH OR MORE:  18
MIN 32 OR BELOW:   0    0.50 INCH OR MORE:   5
MIN  0 OR BELOW:   0    1.00 INCH OR MORE:   2

[HDD (BASE 65) ]
TOTAL THIS MO.     0    CLEAR  (SCALE 0-3)   1
DPTR FM NORMAL     0    PTCLDY (SCALE 4-7)  18
TOTAL FM JUL 1     0    CLOUDY (SCALE 8-10)  9
DPTR FM NORMAL     0

[CDD (BASE 65) ]
TOTAL THIS MO.   294
DPTR FM NORMAL    96    [PRESSURE DATA]
TOTAL FM JAN 1  1167    HIGHEST SLP M ON M
DPTR FM NORMAL   388    LOWEST  SLP 29.99 ON 17

[REMARKS]
