000
CXUS55 KEAX 250736
CF6IXD
PRELIMINARY LOCAL CLIMATOLOGICAL DATA (WS FORM: F-6)

                                          STATION:   New Century Air Center KS
                                          MONTH:     AUGUST
                                          YEAR:      2016
                                          LATITUDE:   38 49 N
                                          LONGITUDE:  94 54 W

  TEMPERATURE IN F:       :PCPN:    SNOW:  WIND      :SUNSHINE: SKY     :PK WND
================================================================================
1   2   3   4   5  6A  6B    7    8   9   10  11  12  13   14  15   16   17  18
                                     12Z  AVG MX 2MIN
DY MAX MIN AVG DEP HDD CDD  WTR  SNW DPTH SPD SPD DIR MIN PSBL S-S WX    SPD DR
================================================================================

 1  88  70  79   0   0  14 0.01    M    M 12.1 28  70   M    M   3        44 100
 2  92  74  83   4   0  18 0.00    M    M  5.7 21 350   M    M   1        27 340
 3  95  75  85   6   0  20 0.00    M    M  7.2 14 150   M    M   2 12     17 150
 4 100  75  88   9   0  23 0.00    M    M  8.7 18 200   M    M   1        24 200
 5  84  75  80   1   0  15    T    M    M  7.0 14 360   M    M   7        17 320
 6  85  70  78  -1   0  13 0.00    M    M  6.0 13  50   M    M   6        17  30
 7  77  67  72  -7   0   7 0.23    M    M  7.1 16  70   M    M   6 13     22  80
 8  82  69  76  -3   0  11 0.11    M    M  4.2 13  60   M    M   8 13     16  60
 9  93  72  83   4   0  18 0.00    M    M  6.0 12 140   M    M   2 1      15 170
10  95  73  84   5   0  19    T    M    M  9.0 26 180   M    M   1 3      35 190
11  98  76  87   8   0  22 0.00    M    M 12.3 20 190   M    M   1        24 170
12  85  70  78  -1   0  13 0.53    M    M  8.8 26 270   M    M   5 13     41 280
13  88  66  77  -1   0  12 0.00    M    M  7.8 18  30   M    M   0        23  30
14  90  66  78   0   0  13 0.00    M    M  5.8 15  10   M    M   0        21  10
15  82  66  74  -4   0   9 0.00    M    M  2.3  9 270   M    M   2        13 210
16  87  61  74  -4   0   9 0.00    M    M  6.6 14 150   M    M   0 1      18 190
17  91  68  80   2   0  15 0.00    M    M  9.4 18 210   M    M   1        24 210
18  90  69  80   2   0  15 0.00    M    M  8.6 18 190   M    M   0        22 200
19  90  67  79   1   0  14 1.13    M    M  9.4 40 310   M    M   4 13     52 310
20  77  59  68  -9   0   3 0.00    M    M 10.6 21 340   M    M   6 1      26 350
21  81  57  69  -8   0   4 0.00    M    M  5.9 13 300   M    M   0        16 320
22  83  57  70  -7   0   5 0.00    M    M  9.7 18 150   M    M   0        25 160
23  86  65  76  -1   0  11 0.00    M    M 13.8 23 180   M    M   7        32 190
24  88  69  79   3   0  14 3.82    M    M  9.4 35 100   M    M   6 1358   45 200
================================================================================
SM 2107 1636         0 317  5.83    M    193.4          M       69
================================================================================
AV 87.8 68.2                               8.1 FASTST   M    M   3    MAX(MPH)
                                 MISC ---->  # 40 310               # 52  310
================================================================================
NOTES:
# LAST OF SEVERAL OCCURRENCES

COLUMN 17 PEAK WIND IN M.P.H.

PRELIMINARY LOCAL CLIMATOLOGICAL DATA (WS FORM: F-6) , PAGE 2

                                          STATION:  New Century Air Center KS
                                          MONTH:    AUGUST
                                          YEAR:     2016
                                          LATITUDE:   38 49 N
                                          LONGITUDE:  94 54 W

[TEMPERATURE DATA]      [PRECIPITATION DATA]       SYMBOLS USED IN COLUMN 16

AVERAGE MONTHLY: 78.0   TOTAL FOR MONTH:   5.83    1 = FOG OR MIST
DPTR FM NORMAL:  -0.3   DPTR FM NORMAL:    3.20    2 = FOG REDUCING VISIBILITY
HIGHEST:   100 ON  4    GRTST 24HR  3.82 ON 24-24      TO 1/4 MILE OR LESS
LOWEST:     57 ON 22,21                            3 = THUNDER
                        SNOW, ICE PELLETS, HAIL    4 = ICE PELLETS
                        TOTAL MONTH:    M          5 = HAIL
                        GRTST 24HR    M  ON   M    6 = FREEZING RAIN OR DRIZZLE
                        GRTST DEPTH:  M  ON   M    7 = DUSTSTORM OR SANDSTORM:
                                                       VSBY 1/2 MILE OR LESS
                                                   8 = SMOKE OR HAZE
[NO. OF DAYS WITH]      [WEATHER - DAYS WITH]      9 = BLOWING SNOW
                                                   X = TORNADO
MAX 32 OR BELOW:   0    0.01 INCH OR MORE:   6
MAX 90 OR ABOVE:  10    0.10 INCH OR MORE:   5
MIN 32 OR BELOW:   0    0.50 INCH OR MORE:   3
MIN  0 OR BELOW:   0    1.00 INCH OR MORE:   2

[HDD (BASE 65) ]
TOTAL THIS MO.     0    CLEAR  (SCALE 0-3)  14
DPTR FM NORMAL     0    PTCLDY (SCALE 4-7)   9
TOTAL FM JUL 1     0    CLOUDY (SCALE 8-10)  1
DPTR FM NORMAL     0

[CDD (BASE 65) ]
TOTAL THIS MO.   317
DPTR FM NORMAL    -2    [PRESSURE DATA]
TOTAL FM JAN 1  1716    HIGHEST SLP  0.00 ON M
DPTR FM NORMAL   607    LOWEST  SLP  0.00 ON M

[REMARKS]
