000
CXUS55 KEAX 170736
CF6IXD
PRELIMINARY LOCAL CLIMATOLOGICAL DATA (WS FORM: F-6)

                                          STATION:   New Century Air Center KS
                                          MONTH:     JANUARY
                                          YEAR:      2018
                                          LATITUDE:   38 49 N
                                          LONGITUDE:  94 54 W

  TEMPERATURE IN F:       :PCPN:    SNOW:  WIND      :SUNSHINE: SKY     :PK WND
================================================================================
1   2   3   4   5  6A  6B    7    8   9   10  11  12  13   14  15   16   17  18
                                     12Z  AVG MX 2MIN
DY MAX MIN AVG DEP HDD CDD  WTR  SNW DPTH SPD SPD DIR MIN PSBL S-S WX    SPD DR
================================================================================

 1   9  -9   0 -29  65   0 0.00    M    M  6.7 13 340   M    M   0        16 350
 2  22  -1  11 -18  54   0 0.00    M    M  7.8 17 210   M    M   0        23 220
 3  27   8  18 -11  47   0 0.00    M    M 12.4 24 330   M    M   3        30 330
 4  27   3  15 -14  50   0 0.00    M    M  4.5 10 150   M    M   1 1      12 130
 5  30  13  22  -7  43   0 0.00    M    M  9.0 15  40   M    M   1        18  60
 6  32  12  22  -7  43   0 0.00    M    M 10.6 16 110   M    M   0        21 110
 7  37  30  34   5  31   0 0.16    M    M  8.8 18 160   M    M   9 12     25 150
 8  48  24  36   7  29   0 0.00    M    M  5.2 12 310   M    M   0 1      16 310
 9  43  28  36   7  29   0 0.00    M    M 11.4 20 160   M    M   2 1      24 160
10  55  37  46  17  19   0    T    M    M 16.7 25 160   M    M   5 1      33 200
11  50  11  31   2  34   0 0.28    M    M 17.6 33 340   M    M  10 1689   40 340
12  19   5  12 -17  53   0 0.00    M    M 14.9 23 340   M    M   3        29 330
13  20  12  16 -13  49   0 0.00    M    M  7.7 17 350   M    M   9        21 350
14  33  16  25  -4  40   0 0.12    M    M  9.1 20 220   M    M   8 16     22 200
15  33   0  17 -12  48   0 0.02    M    M 17.1 31 330   M    M   4 1      37 330
16  10  -5   3 -26  62   0    T    M    M  9.1 18 330   M    M   1 1      23 320
================================================================================
SM  495  184       696   0  0.58    M    168.6          M       56
================================================================================
AV 30.9 11.5                              10.5 FASTST   M    M   4    MAX(MPH)
                                 MISC ---->  # 33 340               # 40  340
================================================================================
NOTES:
# LAST OF SEVERAL OCCURRENCES

COLUMN 17 PEAK WIND IN M.P.H.

PRELIMINARY LOCAL CLIMATOLOGICAL DATA (WS FORM: F-6) , PAGE 2

                                          STATION:  New Century Air Center KS
                                          MONTH:    JANUARY
                                          YEAR:     2018
                                          LATITUDE:   38 49 N
                                          LONGITUDE:  94 54 W

[TEMPERATURE DATA]      [PRECIPITATION DATA]       SYMBOLS USED IN COLUMN 16

AVERAGE MONTHLY: 21.2   TOTAL FOR MONTH:   0.58    1 = FOG OR MIST
DPTR FM NORMAL:  -7.8   DPTR FM NORMAL:    0.10    2 = FOG REDUCING VISIBILITY
HIGHEST:    55 ON 10    GRTST 24HR  0.28 ON 11-11      TO 1/4 MILE OR LESS
LOWEST:     -9 ON  1                               3 = THUNDER
                        SNOW, ICE PELLETS, HAIL    4 = ICE PELLETS
                        TOTAL MONTH:    M          5 = HAIL
                        GRTST 24HR    M  ON   M    6 = FREEZING RAIN OR DRIZZLE
                        GRTST DEPTH:  M  ON   M    7 = DUSTSTORM OR SANDSTORM:
                                                       VSBY 1/2 MILE OR LESS
                                                   8 = SMOKE OR HAZE
[NO. OF DAYS WITH]      [WEATHER - DAYS WITH]      9 = BLOWING SNOW
                                                   X = TORNADO
MAX 32 OR BELOW:   9    0.01 INCH OR MORE:   4
MAX 90 OR ABOVE:   0    0.10 INCH OR MORE:   3
MIN 32 OR BELOW:  15    0.50 INCH OR MORE:   0
MIN  0 OR BELOW:   4    1.00 INCH OR MORE:   0

[HDD (BASE 65) ]
TOTAL THIS MO.   696    CLEAR  (SCALE 0-3)  10
DPTR FM NORMAL   120    PTCLDY (SCALE 4-7)   2
TOTAL FM JUL 1  2563    CLOUDY (SCALE 8-10)  4
DPTR FM NORMAL   -41

[CDD (BASE 65) ]
TOTAL THIS MO.     0
DPTR FM NORMAL     0    [PRESSURE DATA]
TOTAL FM JAN 1     0    HIGHEST SLP  0.00 ON M
DPTR FM NORMAL     0    LOWEST  SLP  0.00 ON M

[REMARKS]
