000
CXUS55 KRIW 280945
CF6JAC
PRELIMINARY LOCAL CLIMATOLOGICAL DATA (WS FORM: F-6)

                                          STATION:   JACKSON  WY
                                          MONTH:     APRIL
                                          YEAR:      2016
                                          LATITUDE:   43 35 N
                                          LONGITUDE: 110 44 W

  TEMPERATURE IN F:       :PCPN:    SNOW:  WIND      :SUNSHINE: SKY     :PK WND
================================================================================
1   2   3   4   5  6A  6B    7    8   9   10  11  12  13   14  15   16   17  18
                                     12Z  AVG MX 2MIN
DY MAX MIN AVG DEP HDD CDD  WTR  SNW DPTH SPD SPD DIR MIN PSBL S-S WX    SPD DR
================================================================================

 1  46  18  32   0  33   0    M    M    M  3.9 13 350   M    M   1         M  M
 2  50   M   M   M   M   M    M    M    M  3.7 12 220   M    M   1        17 220
 3  50  28  39   6  26   0    M    M    M  3.6 12 240   M    M   4         M  M
 4  45  30  38   5  27   0 0.01    M    M  6.1 20 160   M    M   8 1      32 200
 5  43  27  35   1  30   0 0.00  0.0    M  7.6 21 200   M    M   4        28 200
 6  54   M   M   M   M   M 0.00  0.0    M  7.1 15 190   M    M   1        23 180
 7  61  27  44  10  21   0 0.00  0.0    M  6.1 13 190   M    M   0         M  M
 8  64  25  45  10  20   0 0.00  0.0    M  3.6 10 360   M    M   0         M  M
 9  61  25  43   8  22   0 0.00  0.0    M  3.9 12 220   M    M   3        23 220
10  50  34  42   7  23   0 0.38    M    0  2.1 10 210   M    M   7 1       M  M
11  55  30  43   7  22   0 0.00  0.0    M  2.8 17 270   M    M   8 18      M  M
12  61  32  47  11  18   0 0.00  0.0    M  5.2 13 240   M    M   4        24 240
13  52  37  45   9  20   0    M    M    M 11.2 23 170   M    M   8 1      29 190
14  39  32  36   0  29   0    M    M    M  8.4 17 180   M    M   7        23 180
15  43  27  35  -2  30   0    M    M    M  7.0 17 310   M    M   5        20 280
16  48  25  37   0  28   0    M    M    M 13.7 23 330   M    M   0        35 330
17  52  25  39   2  26   0 0.00  0.0    M 11.1 17 350   M    M   3        29 310
18  52  28  40   2  25   0    M    M    M 10.4 15 310   M    M   4        21 350
19  55  28  42   4  23   0    M    M    M  5.0 17 290   M    M   6 3      23 290
20  64  34  49  11  16   0    M    M    M  3.3 10 350   M    M   5         M  M
21  70  30  50  11  15   0 0.00  0.0    M  4.0 12  10   M    M   1        16 190
22  70  32  51  12  14   0 0.00  0.0    M  6.4 13 220   M    M   3        22 210
23  52  37  45   5  20   0    M    M    M  7.0 14 160   M    M   6 1      23 220
24  48  37  43   3  22   0    M    M    M  9.0 15 180   M    M   9        23 200
25  45  30  38  -2  27   0    M    M    M  7.0 17  10   M    M   6        28  10
26  48  36  42   2  23   0    M    M    M 13.8 24 360   M    M   7        31 360
27  48  27  38  -3  27   0    M    M    M  6.0 16 360   M    M   6        17  10
================================================================================
SM 1426  741       587   0  0.39     0.0 179.0          M      117
================================================================================
AV 52.8 29.6                               6.6 FASTST   M    M   4    MAX(MPH)
                                 MISC ---->    24   M               # 35  330
================================================================================
NOTES:
# LAST OF SEVERAL OCCURRENCES

COLUMN 17 PEAK WIND IN M.P.H.

PRELIMINARY LOCAL CLIMATOLOGICAL DATA (WS FORM: F-6) , PAGE 2

                                          STATION:  JACKSON  WY
                                          MONTH:    APRIL
                                          YEAR:     2016
                                          LATITUDE:   43 35 N
                                          LONGITUDE: 110 44 W

[TEMPERATURE DATA]      [PRECIPITATION DATA]       SYMBOLS USED IN COLUMN 16

AVERAGE MONTHLY: 41.2   TOTAL FOR MONTH:   0.39    1 = FOG OR MIST
DPTR FM NORMAL:   4.7   DPTR FM NORMAL:   -0.93    2 = FOG REDUCING VISIBILITY
HIGHEST:    70 ON 22,21 GRTST 24HR  0.38 ON 10-10      TO 1/4 MILE OR LESS
LOWEST:     18 ON  1                               3 = THUNDER
                        SNOW, ICE PELLETS, HAIL    4 = ICE PELLETS
                        TOTAL MONTH:   0.0 INCH    5 = HAIL
                        GRTST 24HR     0.0         6 = FREEZING RAIN OR DRIZZLE
                        GRTST DEPTH:   0           7 = DUSTSTORM OR SANDSTORM:
                                                       VSBY 1/2 MILE OR LESS
                                                   8 = SMOKE OR HAZE
[NO. OF DAYS WITH]      [WEATHER - DAYS WITH]      9 = BLOWING SNOW
                                                   X = TORNADO
MAX 32 OR BELOW:   0    0.01 INCH OR MORE:   2
MAX 90 OR ABOVE:   0    0.10 INCH OR MORE:   1
MIN 32 OR BELOW:  19    0.50 INCH OR MORE:   0
MIN  0 OR BELOW:   0    1.00 INCH OR MORE:   0

[HDD (BASE 65) ]
TOTAL THIS MO.   587    CLEAR  (SCALE 0-3)  10
DPTR FM NORMAL  -181    PTCLDY (SCALE 4-7)  15
TOTAL FM JUL 1  8047    CLOUDY (SCALE 8-10)  2
DPTR FM NORMAL -1012

[CDD (BASE 65) ]
TOTAL THIS MO.     0
DPTR FM NORMAL     0    [PRESSURE DATA]
TOTAL FM JAN 1     0    HIGHEST SLP M ON M
DPTR FM NORMAL     0    LOWEST  SLP M ON M

[REMARKS]
