000
CXUS54 KJAN 200800
CF6JAN
PRELIMINARY LOCAL CLIMATOLOGICAL DATA (WS FORM: F-6)

                                          STATION:   JACKSON
                                          MONTH:     APRIL
                                          YEAR:      2014
                                          LATITUDE:   32 19 N
                                          LONGITUDE:  90  5 W

  TEMPERATURE IN F:       :PCPN:    SNOW:  WIND      :SUNSHINE: SKY     :PK WND
================================================================================
1   2   3   4   5  6A  6B    7    8   9   10  11  12  13   14  15   16   17  18
                                     12Z  AVG MX 2MIN
DY MAX MIN AVG DEP HDD CDD  WTR  SNW DPTH SPD SPD DIR MIN PSBL S-S WX    SPD DR
================================================================================

 1  80  56  68   7   0   3    T  0.0    0  8.1 18 220   M    M   5        24 170
 2  81  61  71  10   0   6 0.00  0.0    0 10.1 20 160   M    M   8        25 160
 3  85  69  77  16   0  12 0.00  0.0    0 14.6 25 170   M    M   8        30 160
 4  72  54  63   2   2   0 1.27  0.0    0  9.0 23 340   M    M   8 13     30 300
 5  65  48  57  -4   8   0    T  0.0    0  8.4 15 340   M    M   3 3      21 350
 6  62  50  56  -6   9   0 5.97  0.0    0  7.5 28  70   M    M   7 13     36  70
 7  65  43  54  -8  11   0 0.06  0.0    0  8.1 20 270   M    M   7 13     30 270
 8  60  42  51 -11  14   0 0.03  0.0    0  5.9 20 340   M    M   6 1      28 340
 9  71  41  56  -6   9   0 0.00  0.0    0  3.8 14 250   M    M   0        20 290
10  79  42  61  -2   4   0 0.00  0.0    0 10.2 18 180   M    M   1        24 170
11  78  49  64   1   1   0 0.00  0.0    0  7.8 20 210   M    M   3        24 180
12  82  58  70   7   0   5 0.00  0.0    0 10.4 18 160   M    M   5 1      23 150
13  84  60  72   9   0   7 0.12  0.0    0 12.8 24 170   M    M   5 3      30 180
14  71  47  59  -5   6   0 2.94  0.0    0 11.4 29 350   M    M   7 13     36 360
15  55  41  48 -16  17   0 0.02  0.0    0 13.6 28 350   M    M   3 1      35 350
16  66  37  52 -12  13   0 0.00  0.0    0  4.8 13  70   M    M   2        17 110
17  68  41  55  -9  10   0 0.00  0.0    0  4.3 12 140   M    M   7        17 110
18  74  51  63  -2   2   0 0.00  0.0    0  6.2 14  10   M    M   7        18 360
19  79  47  63  -2   2   0 0.00  0.0    0  4.0 15  10   M    M   2 12     21  40
================================================================================
SM 1377  937       108  33 10.41     0.0 161.0          M       94
================================================================================
AV 72.5 49.3                               8.5 FASTST   M    M   5    MAX(MPH)
                                 MISC ---->  # 29 350               # 36   70
================================================================================
NOTES:
# LAST OF SEVERAL OCCURRENCES

COLUMN 17 PEAK WIND IN M.P.H.

PRELIMINARY LOCAL CLIMATOLOGICAL DATA (WS FORM: F-6) , PAGE 2

                                          STATION:  JACKSON
                                          MONTH:    APRIL
                                          YEAR:     2014
                                          LATITUDE:   32 19 N
                                          LONGITUDE:  90  5 W

[TEMPERATURE DATA]      [PRECIPITATION DATA]       SYMBOLS USED IN COLUMN 16

AVERAGE MONTHLY: 60.9   TOTAL FOR MONTH:  10.41    1 = FOG OR MIST
DPTR FM NORMAL:  -1.8   DPTR FM NORMAL:    7.06    2 = FOG REDUCING VISIBILITY
HIGHEST:    85 ON  3    GRTST 24HR  5.97 ON  6- 6      TO 1/4 MILE OR LESS
LOWEST:     37 ON 16                               3 = THUNDER
                        SNOW, ICE PELLETS, HAIL    4 = ICE PELLETS
                        TOTAL MONTH:   0.0 INCH    5 = HAIL
                        GRTST 24HR     0.0         6 = FREEZING RAIN OR DRIZZLE
                        GRTST DEPTH:   0           7 = DUSTSTORM OR SANDSTORM:
                                                       VSBY 1/2 MILE OR LESS
                                                   8 = SMOKE OR HAZE
[NO. OF DAYS WITH]      [WEATHER - DAYS WITH]      9 = BLOWING SNOW
                                                   X = TORNADO
MAX 32 OR BELOW:   0    0.01 INCH OR MORE:   7
MAX 90 OR ABOVE:   0    0.10 INCH OR MORE:   4
MIN 32 OR BELOW:   0    0.50 INCH OR MORE:   3
MIN  0 OR BELOW:   0    1.00 INCH OR MORE:   3

[HDD (BASE 65) ]
TOTAL THIS MO.   108    CLEAR  (SCALE 0-3)   6
DPTR FM NORMAL    22    PTCLDY (SCALE 4-7)  11
TOTAL FM JUL 1  2717    CLOUDY (SCALE 8-10)  2
DPTR FM NORMAL   361

[CDD (BASE 65) ]
TOTAL THIS MO.    33
DPTR FM NORMAL    -9    [PRESSURE DATA]
TOTAL FM JAN 1    43    HIGHEST SLP M ON M
DPTR FM NORMAL   -36    LOWEST  SLP 29.57 ON M

[REMARKS]
