000
CXUS54 KMEG 300637
CF6JBR
PRELIMINARY LOCAL CLIMATOLOGICAL DATA (WS FORM: F-6)

                                          STATION:   JONESBORO
                                          MONTH:     AUGUST
                                          YEAR:      2014
                                          LATITUDE:   35 49 N
                                          LONGITUDE:  90 39 W

  TEMPERATURE IN F:       :PCPN:    SNOW:  WIND      :SUNSHINE: SKY     :PK WND
================================================================================
1   2   3   4   5  6A  6B    7    8   9   10  11  12  13   14  15   16   17  18
                                     12Z  AVG MX 2MIN
DY MAX MIN AVG DEP HDD CDD  WTR  SNW DPTH SPD SPD DIR MIN PSBL S-S WX    SPD DR
================================================================================

 1  85  67  76  -5   0  11 0.00  0.0    0  1.9  8  90   M    M   6        13 330
 2  87  65  76  -5   0  11 0.00  0.0    0  5.8 12  60   M    M   0         M  M
 3  87  67  77  -4   0  12 0.00  0.0    0  6.9 14  60   M    M   0        20  40
 4  90  65  78  -3   0  13 0.00  0.0    0  3.5  M 220   M    M   0         M 220
 5  92  64  78  -3   0  13 0.00  0.0    0  4.4 14 210   M    M   0 1      20 210
 6  93  70  82   1   0  17 0.00  0.0    0  4.8 17  70   M    M   0        23  60
 7  89  70  80  -1   0  15 0.04  0.0    0  5.6 18 230   M    M   1 138    22 240
 8  93  73  83   2   0  18 0.03  0.0    0  5.5 20  70   M    M   5 3      22  70
 9  93  74  84   3   0  19 0.00  0.0    0  3.2 16 230   M    M   5 3      21 240
10  93  72  83   2   0  18 0.00  0.0    0  4.6 13 230   M    M   3 1      18 240
11  90  72  81   0   0  16 0.00  0.0    0  5.9 14 320   M    M   3 3      18 300
12  87  68  78  -2   0  13 0.00  0.0    0  6.3 14 360   M    M   2        22  10
13  85  61  73  -7   0   8 0.00  0.0    0  2.9 12 320   M    M   2        18 310
14  87  61  74  -6   0   9 0.00  0.0    0  2.5 12 120   M    M   1        24 150
15  88  62  75  -5   0  10 0.00  0.0    0  3.3 10 170   M    M   1        20 150
16  90  64  77  -3   0  12 0.00  0.0    0  7.4 18 200   M    M   1        23 210
17  97  74  86   6   0  21 0.32  0.0    0  8.6 22 310   M    M   3 3      32 320
18  89  72  81   1   0  16 0.15  0.0    0  4.3 12 200   M    M   6        14 220
19  93  70  82   2   0  17 0.00  0.0    0  9.4 18 210   M    M   0        22 210
20  94  75  85   5   0  20 0.00  0.0    0  9.5 18 210   M    M   0        23 210
21  95  75  85   5   0  20 0.00  0.0    0 10.4 20 200   M    M   0        24 200
22  96  73  85   6   0  20 0.00  0.0    0  8.5 18 210   M    M   0        21 200
23  98  77  88   9   0  23 0.00  0.0    0  5.6 13 220   M    M   1        16 130
24  97  75  86   7   0  21 0.00  0.0    0  2.8 14 270   M    M   0 3      21 270
25  96  74  85   6   0  20 0.00  0.0    0  4.7 14  80   M    M   0        22  60
26  96  73  85   6   0  20 0.00  0.0    0  2.3 17 120   M    M   1        21 120
27  94  72  83   5   0  18 0.00  0.0    0  3.1 12 100   M    M   1        21  90
28  94  69  82   4   0  17 0.00  0.0    0  3.5 14 150   M    M   0        20 200
29  93  69  81   3   0  16    T  0.0    0  5.6 21 250   M    M   1 3      26 220
================================================================================
SM 2661 2023         0 464  0.54     0.0 152.8          M       43
================================================================================
AV 91.8 69.8                               5.3 FASTST   M    M   1    MAX(MPH)
                                 MISC ---->  # 22 310               # 32  320
================================================================================
NOTES:
# LAST OF SEVERAL OCCURRENCES

COLUMN 17 PEAK WIND IN M.P.H.

PRELIMINARY LOCAL CLIMATOLOGICAL DATA (WS FORM: F-6) , PAGE 2

                                          STATION:  JONESBORO
                                          MONTH:    AUGUST
                                          YEAR:     2014
                                          LATITUDE:   35 49 N
                                          LONGITUDE:  90 39 W

[TEMPERATURE DATA]      [PRECIPITATION DATA]       SYMBOLS USED IN COLUMN 16

AVERAGE MONTHLY: 80.8   TOTAL FOR MONTH:   0.54    1 = FOG OR MIST
DPTR FM NORMAL:   0.8   DPTR FM NORMAL:   -1.83    2 = FOG REDUCING VISIBILITY
HIGHEST:    98 ON 23    GRTST 24HR  0.32 ON 17-17      TO 1/4 MILE OR LESS
LOWEST:     61 ON 14,13                            3 = THUNDER
                        SNOW, ICE PELLETS, HAIL    4 = ICE PELLETS
                        TOTAL MONTH:   0.0 INCH    5 = HAIL
                        GRTST 24HR     0.0         6 = FREEZING RAIN OR DRIZZLE
                        GRTST DEPTH:   0           7 = DUSTSTORM OR SANDSTORM:
                                                       VSBY 1/2 MILE OR LESS
                                                   8 = SMOKE OR HAZE
[NO. OF DAYS WITH]      [WEATHER - DAYS WITH]      9 = BLOWING SNOW
                                                   X = TORNADO
MAX 32 OR BELOW:   0    0.01 INCH OR MORE:   4
MAX 90 OR ABOVE:  20    0.10 INCH OR MORE:   2
MIN 32 OR BELOW:   0    0.50 INCH OR MORE:   0
MIN  0 OR BELOW:   0    1.00 INCH OR MORE:   0

[HDD (BASE 65) ]
TOTAL THIS MO.     0    CLEAR  (SCALE 0-3)  25
DPTR FM NORMAL     0    PTCLDY (SCALE 4-7)   4
TOTAL FM JUL 1     0    CLOUDY (SCALE 8-10)  0
DPTR FM NORMAL     0

[CDD (BASE 65) ]
TOTAL THIS MO.   464
DPTR FM NORMAL    29    [PRESSURE DATA]
TOTAL FM JAN 1  1432    HIGHEST SLP M ON M
DPTR FM NORMAL   -90    LOWEST  SLP 29.82 ON 19

[REMARKS]
