000
CXUS51 KOKX 270703
CF6JFK
PRELIMINARY LOCAL CLIMATOLOGICAL DATA (WS FORM: F-6)

                                          STATION:   KENNEDY NY
                                          MONTH:     AUGUST
                                          YEAR:      2015
                                          LATITUDE:   40 39 N
                                          LONGITUDE:  73 47 W

  TEMPERATURE IN F:       :PCPN:    SNOW:  WIND      :SUNSHINE: SKY     :PK WND
================================================================================
1   2   3   4   5  6A  6B    7    8   9   10  11  12  13   14  15   16   17  18
                                     12Z  AVG MX 2MIN
DY MAX MIN AVG DEP HDD CDD  WTR  SNW DPTH SPD SPD DIR MIN PSBL S-S WX    SPD DR
================================================================================

 1  91  74  83   7   0  18 0.00  0.0    0 12.5 23 230   M    M   4        44 110
 2  87  70  79   3   0  14 0.00  0.0    0  8.1 18 170   M    M   4        22 190
 3  89  71  80   4   0  15 0.00  0.0    0 13.1 28 190   M    M   4        33 190
 4  92  70  81   5   0  16 0.01  0.0    0 11.7 30 290   M    M   6 3      37 280
 5  91  71  81   5   0  16 0.00  0.0    0 10.4 26 260   M    M   5        31 260
 6  86  69  78   2   0  13 0.00  0.0    0  6.6 16 250   M    M   6        25 210
 7  86  69  78   2   0  13 0.00  0.0    0  8.1 20 110   M    M   6        23 130
 8  83  67  75  -1   0  10 0.00  0.0    0  6.8 15  20   M    M   6        18 150
 9  87  66  77   1   0  12 0.00  0.0    0  8.7 17 130   M    M   4        24 180
10  81  68  75  -1   0  10 0.00  0.0    0  9.6 18 140   M    M   6        99 999
11  81  72  77   1   0  12 1.13  0.0    0 13.3 32 170   M    M   9 18     44 180
12  88  73  81   6   0  16    T  0.0    0 11.2 16 330   M    M   5        23 310
13  87  69  78   3   0  13 0.00  0.0    0  7.6 18 200   M    M   3        25 290
14  86  66  76   1   0  11 0.00  0.0    0  8.2 21 190   M    M   3        24 190
15  88  70  79   4   0  14 0.00  0.0    0 10.2 22 190   M    M   3        25 190
16  90  74  82   7   0  17    T  0.0    0  7.2 18 200   M    M   5 3      25 210
17  91  74  83   8   0  18 0.00  0.0    0  9.2 20 190   M    M   3        24 180
18  86  75  81   6   0  16 0.00  0.0    0 12.3 21 180   M    M   5         M  M
19  86  76  81   6   0  16 0.00  0.0    0 10.6 20 150   M    M   5         M  M
20  87  77  82   7   0  17    T  0.0    0 13.2 23 140   M    M   6        30 150
21  87  73  80   6   0  15 2.48  0.0    0  8.4 18 350   M    M   8 13     23 350
22  86  70  78   4   0  13 0.00  0.0    0  8.8 18 360   M    M   6        23  20
23  83  69  76   2   0  11 0.00  0.0    0  5.2 14  30   M    M   7        17 190
24  84  71  78   4   0  13 0.00  0.0    0  7.7 16 170   M    M   6        18 160
25  85  75  80   6   0  15 0.01  0.0    0 11.1 20 180   M    M   6        24 190
26  84  68  76   2   0  11 0.00  0.0    0 10.1 20 260   M    M   3        23 270
================================================================================
SM 2252 1847         0 365  3.63     0.0 249.9          M      134
================================================================================
AV 86.6 71.0                               9.6 FASTST   M    M   5    MAX(MPH)
                                 MISC ---->  # 32 170               # 99  999
================================================================================
NOTES:
# LAST OF SEVERAL OCCURRENCES

COLUMN 17 PEAK WIND IN M.P.H.

PRELIMINARY LOCAL CLIMATOLOGICAL DATA (WS FORM: F-6) , PAGE 2

                                          STATION:  KENNEDY NY
                                          MONTH:    AUGUST
                                          YEAR:     2015
                                          LATITUDE:   40 39 N
                                          LONGITUDE:  73 47 W

[TEMPERATURE DATA]      [PRECIPITATION DATA]       SYMBOLS USED IN COLUMN 16

AVERAGE MONTHLY: 78.8   TOTAL FOR MONTH:   3.63    1 = FOG OR MIST
DPTR FM NORMAL:   3.6   DPTR FM NORMAL:    0.46    2 = FOG REDUCING VISIBILITY
HIGHEST:    92 ON  4    GRTST 24HR  2.48 ON 21-21      TO 1/4 MILE OR LESS
LOWEST:     66 ON 14, 9                            3 = THUNDER
                        SNOW, ICE PELLETS, HAIL    4 = ICE PELLETS
                        TOTAL MONTH:   0.0 INCH    5 = HAIL
                        GRTST 24HR     0.0         6 = FREEZING RAIN OR DRIZZLE
                        GRTST DEPTH:   0           7 = DUSTSTORM OR SANDSTORM:
                                                       VSBY 1/2 MILE OR LESS
                                                   8 = SMOKE OR HAZE
[NO. OF DAYS WITH]      [WEATHER - DAYS WITH]      9 = BLOWING SNOW
                                                   X = TORNADO
MAX 32 OR BELOW:   0    0.01 INCH OR MORE:   4
MAX 90 OR ABOVE:   5    0.10 INCH OR MORE:   2
MIN 32 OR BELOW:   0    0.50 INCH OR MORE:   2
MIN  0 OR BELOW:   0    1.00 INCH OR MORE:   2

[HDD (BASE 65) ]
TOTAL THIS MO.     0    CLEAR  (SCALE 0-3)   3
DPTR FM NORMAL     0    PTCLDY (SCALE 4-7)  22
TOTAL FM JUL 1     0    CLOUDY (SCALE 8-10)  1
DPTR FM NORMAL     0

[CDD (BASE 65) ]
TOTAL THIS MO.   365
DPTR FM NORMAL    99    [PRESSURE DATA]
TOTAL FM JAN 1  1073    HIGHEST SLP M ON M
DPTR FM NORMAL   252    LOWEST  SLP 29.71 ON 11

[REMARKS]
