000
CXUS55 KJKL 210800
CF6JKL
PRELIMINARY LOCAL CLIMATOLOGICAL DATA (WS FORM: F-6)

                                          STATION:   JACKSON KY
                                          MONTH:     AUGUST
                                          YEAR:      2017
                                          LATITUDE:   37 35 N
                                          LONGITUDE:  83 19 W

  TEMPERATURE IN F:       :PCPN:    SNOW:  WIND      :SUNSHINE: SKY     :PK WND
================================================================================
1   2   3   4   5  6A  6B    7    8   9   10  11  12  13   14  15   16   17  18
                                     12Z  AVG MX 2MIN
DY MAX MIN AVG DEP HDD CDD  WTR  SNW DPTH SPD SPD DIR MIN PSBL S-S WX    SPD DR
================================================================================

 1  84  67  76   1   0  11 0.00  0.0    0  0.0  5 140   M    M   0         8  70
 2  86  64  75   0   0  10 0.00  0.0    0  1.7 18 330   M    M   2 13     29 310
 3  87  64  76   1   0  11 0.00  0.0    0  0.8  7 170   M    M   1        12 160
 4  78  62  70  -5   0   5 0.17  0.0    0  1.3 13 330   M    M   3 13     19 320
 5  76  56  66  -9   0   1 0.00  0.0    0  1.7  9 310   M    M   1        13 310
 6  78  58  68  -7   0   3 0.10  0.0    0  1.3  7 230   M    M   5 1      14 260
 7  72  63  68  -7   0   3 1.24  0.0    0  1.0  6 320   M    M   9 1      10  50
 8  79  62  71  -4   0   6 0.00  0.0    0  0.1  6  70   M    M   3 12     11  70
 9  83  60  72  -3   0   7    T  0.0    0  0.8  6 140   M    M   1        10 140
10  79  66  73  -2   0   8 0.48  0.0    0  1.2  6 160   M    M   8 13     10 140
11  81  68  75   0   0  10 0.00  0.0    0  0.3  5 130   M    M   5 1       7 170
12  82  67  75   0   0  10 0.21  0.0    0  0.8  8 320   M    M   7 123    12 320
13  81  64  73  -2   0   8 0.00  0.0    0  0.6  7 140   M    M   1        11  80
14  82  65  74  -1   0   9 0.31  0.0    0  0.8  6 150   M    M   8 12      9 130
15  85  71  78   3   0  13 0.02  0.0    0  1.3  7 310   M    M   6 12     10 300
16  86  69  78   3   0  13 0.05  0.0    0  0.6  7 300   M    M   4 12     10 320
17  89  71  80   5   0  15 0.21  0.0    0  1.4  8 170   M    M   2 1      16 220
18  85  69  77   2   0  12 0.42  0.0    0  2.6 12 310   M    M   4 12     20 280
19  86  64  75   0   0  10 0.00  0.0    0  1.0  7 260   M    M   1 1      11 190
20  88  67  78   3   0  13 0.00  0.0    0  0.9  7 140   M    M   0 1      10 150
================================================================================
SM 1647 1297         0 178  3.21     0.0  20.2          M       71
================================================================================
AV 82.4 64.9                               1.0 FASTST   M    M   4    MAX(MPH)
                                 MISC ---->  # 18 330               # 29  310
================================================================================
NOTES:
# LAST OF SEVERAL OCCURRENCES

COLUMN 17 PEAK WIND IN M.P.H.

PRELIMINARY LOCAL CLIMATOLOGICAL DATA (WS FORM: F-6) , PAGE 2

                                          STATION:  JACKSON KY
                                          MONTH:    AUGUST
                                          YEAR:     2017
                                          LATITUDE:   37 35 N
                                          LONGITUDE:  83 19 W

[TEMPERATURE DATA]      [PRECIPITATION DATA]       SYMBOLS USED IN COLUMN 16

AVERAGE MONTHLY: 73.6   TOTAL FOR MONTH:   3.21    1 = FOG OR MIST
DPTR FM NORMAL:  -1.4   DPTR FM NORMAL:    0.64    2 = FOG REDUCING VISIBILITY
HIGHEST:    89 ON 17    GRTST 24HR  1.24 ON  7- 7      TO 1/4 MILE OR LESS
LOWEST:     56 ON  5                               3 = THUNDER
                        SNOW, ICE PELLETS, HAIL    4 = ICE PELLETS
                        TOTAL MONTH:   0.0 INCH    5 = HAIL
                        GRTST 24HR     0.0         6 = FREEZING RAIN OR DRIZZLE
                        GRTST DEPTH:   0           7 = DUSTSTORM OR SANDSTORM:
                                                       VSBY 1/2 MILE OR LESS
                                                   8 = SMOKE OR HAZE
[NO. OF DAYS WITH]      [WEATHER - DAYS WITH]      9 = BLOWING SNOW
                                                   X = TORNADO
MAX 32 OR BELOW:   0    0.01 INCH OR MORE:  10
MAX 90 OR ABOVE:   0    0.10 INCH OR MORE:   8
MIN 32 OR BELOW:   0    0.50 INCH OR MORE:   1
MIN  0 OR BELOW:   0    1.00 INCH OR MORE:   1

[HDD (BASE 65) ]
TOTAL THIS MO.     0    CLEAR  (SCALE 0-3)  11
DPTR FM NORMAL     0    PTCLDY (SCALE 4-7)   7
TOTAL FM JUL 1     0    CLOUDY (SCALE 8-10)  2
DPTR FM NORMAL     0

[CDD (BASE 65) ]
TOTAL THIS MO.   178
DPTR FM NORMAL   -22    [PRESSURE DATA]
TOTAL FM JAN 1   934    HIGHEST SLP M ON M
DPTR FM NORMAL    54    LOWEST  SLP 29.85 ON 15

[REMARKS]
