000
CXHW50 PHFO 211250
CF6JRF
PRELIMINARY LOCAL CLIMATOLOGICAL DATA (WS FORM: F-6)

                                          STATION:   KALAELOA ARPT/OAHU HI
                                          MONTH:     OCTOBER
                                          YEAR:      2014
                                          LATITUDE:   21 19 N
                                          LONGITUDE: 158  4 W

  TEMPERATURE IN F:       :PCPN:    SNOW:  WIND      :SUNSHINE: SKY     :PK WND
================================================================================
1   2   3   4   5  6A  6B    7    8   9   10  11  12  13   14  15   16   17  18
                                     12Z  AVG MX 2MIN
DY MAX MIN AVG DEP HDD CDD  WTR  SNW DPTH SPD SPD DIR MIN PSBL S-S WX    SPD DR
================================================================================

 1  88  72  80   0   0  15 0.01  0.0    0  3.2 14 150   M    M   2        17 150
 2  90  70  80   0   0  15 0.00  0.0    0  4.0 16 310   M    M   2        22 120
 3  91  73  82   2   0  17 0.00  0.0    0  4.3 15 120   M    M   2        22 140
 4  88  75  82   2   0  17 0.00  0.0    0  4.1 15 150   M    M   3        20 130
 5  89  71  80   0   0  15 0.00  0.0    0  4.3 15 230   M    M   4        21 280
 6  88  72  80   0   0  15    T  0.0    0  3.8 12 210   M    M   2        15 220
 7  88  74  81   1   0  16 0.00  0.0    0  2.7 12 150   M    M   3        15 160
 8  89  72  81   1   0  16 0.00  0.0    0  3.2 14 140   M    M   2        18 140
 9  92  75  84   4   0  19 0.00  0.0    0  3.9 13  70   M    M   1        23  70
10  91  74  83   3   0  18    T  0.0    0  5.4 14  90   M    M   2        23  50
11  92  75  84   4   0  19 0.00  0.0    0  6.8 15  70   M    M   1        25  80
12  90  72  81   2   0  16 0.00  0.0    0  4.5 13  70   M    M   2        22  60
13  89  71  80   1   0  15    T  0.0    0  4.1 13  60   M    M   1        24  90
14  86  71  79   0   0  14 0.02  0.0    0  3.5 14 130   M    M   1        21 130
15  85  71  78  -1   0  13 0.00  0.0    0  4.0 14 150   M    M   3        18 150
16  85  67  76  -3   0  11 0.00  0.0    0  3.6 13 160   M    M   3        20  70
17  87  64  76  -3   0  11    T  0.0    0  4.1 12  80   M    M   4        21  70
18  72  63  68 -11   0   3 1.43  0.0    0  7.7 16 110   M    M   6        30  90
19  65  61  63 -16   2   0 3.64  0.0    0  3.3 12 100   M    M  10        21  60
20  86  62  74  -5   0   9    T  0.0    0  4.4 13 120   M    M   2        17 150
================================================================================
SM 1731 1405         2 274  5.10     0.0  84.9          M       56
================================================================================
AV 86.6 70.2                               4.2 FASTST   M    M   3    MAX(MPH)
                                 MISC ---->  # 16 310               # 30   90
================================================================================
NOTES:
# LAST OF SEVERAL OCCURRENCES

COLUMN 17 PEAK WIND IN M.P.H.

PRELIMINARY LOCAL CLIMATOLOGICAL DATA (WS FORM: F-6) , PAGE 2

                                          STATION:  KALAELOA ARPT/OAHU HI
                                          MONTH:    OCTOBER
                                          YEAR:     2014
                                          LATITUDE:   21 19 N
                                          LONGITUDE: 158  4 W

[TEMPERATURE DATA]      [PRECIPITATION DATA]       SYMBOLS USED IN COLUMN 16

AVERAGE MONTHLY: 78.4   TOTAL FOR MONTH:   5.10    1 = FOG OR MIST
DPTR FM NORMAL:  -1.2   DPTR FM NORMAL:    4.26    2 = FOG REDUCING VISIBILITY
HIGHEST:    92 ON 11, 9 GRTST 24HR  3.97 ON 18-19      TO 1/4 MILE OR LESS
LOWEST:     61 ON 19                               3 = THUNDER
                        SNOW, ICE PELLETS, HAIL    4 = ICE PELLETS
                        TOTAL MONTH:   0.0 INCH    5 = HAIL
                        GRTST 24HR     0.0         6 = FREEZING RAIN OR DRIZZLE
                        GRTST DEPTH:   0           7 = DUSTSTORM OR SANDSTORM:
                                                       VSBY 1/2 MILE OR LESS
                                                   8 = SMOKE OR HAZE
[NO. OF DAYS WITH]      [WEATHER - DAYS WITH]      9 = BLOWING SNOW
                                                   X = TORNADO
MAX 32 OR BELOW:   0    0.01 INCH OR MORE:   4
MAX 90 OR ABOVE:   6    0.10 INCH OR MORE:   2
MIN 32 OR BELOW:   0    0.50 INCH OR MORE:   2
MIN  0 OR BELOW:   0    1.00 INCH OR MORE:   2

[HDD (BASE 65) ]
TOTAL THIS MO.     2    CLEAR  (SCALE 0-3)  16
DPTR FM NORMAL     2    PTCLDY (SCALE 4-7)   3
TOTAL FM JUL 1     2    CLOUDY (SCALE 8-10)  1
DPTR FM NORMAL     2

[CDD (BASE 65) ]
TOTAL THIS MO.   274
DPTR FM NORMAL   -15    [PRESSURE DATA]
TOTAL FM JAN 1  3486    HIGHEST SLP M ON M
DPTR FM NORMAL    -7    LOWEST  SLP 29.87 ON M

[REMARKS]
