000
CXUS52 TJSJ 270439
CF6JSJ
PRELIMINARY LOCAL CLIMATOLOGICAL DATA (WS FORM: F-6)

                                          STATION:   SAN JUAN AREA/PR
                                          MONTH:     AUGUST
                                          YEAR:      2015
                                          LATITUDE:   18 25 N
                                          LONGITUDE:  66  0 W

  TEMPERATURE IN F:       :PCPN:    SNOW:  WIND      :SUNSHINE: SKY     :PK WND
================================================================================
1   2   3   4   5  6A  6B    7    8   9   10  11  12  13   14  15   16   17  18
                                     12Z  AVG MX 2MIN
DY MAX MIN AVG DEP HDD CDD  WTR  SNW DPTH SPD SPD DIR MIN PSBL S-S WX    SPD DR
================================================================================

 1  90  78  84   0   0  19 0.02  0.0    0 11.7 21  60   M    M   4        28  60
 2  88  76  82  -2   0  17 0.36  0.0    0  9.6 22  80   M    M   4 1      25  80
 3  92  79  86   2   0  21 0.05  0.0    0 12.8 26  80   M    M   4 1      31  60
 4  90  79  85   1   0  20    T  0.0    0 12.5 23  70   M    M   3        28  80
 5  90  77  84   0   0  19 0.12  0.0    0 12.0 24  70   M    M   3 1      30  80
 6  90  79  85   1   0  20 0.04  0.0    0 10.5 23  60   M    M   4        28  80
 7  90  76  83  -1   0  18 0.05  0.0    0 10.3 25  70   M    M   4 1      29  70
 8  92  80  86   2   0  21 0.44  0.0    0  8.5 23  70   M    M   3 18     26 100
 9  90  78  84   0   0  19 0.00  0.0    0 10.8 24  60   M    M   4        28  70
10  92  78  85   1   0  20    T  0.0    0 11.8 25  70   M    M   3        30  60
11  90  78  84   0   0  19 0.03  0.0    0 10.8 24 100   M    M   4        30 100
12  91  80  86   2   0  21 0.01  0.0    0 11.7 23  60   M    M   4        29  60
13  90  78  84   0   0  19 0.01    M    0 11.6 25  70   M    M   4        30  70
14  91  79  85   1   0  20 0.01  0.0    0 11.0 25  60   M    M   4        32  70
15  89  80  85   1   0  20 0.01  0.0    0  8.0 16  70   M    M   6 1      22  60
16  91  75  83  -1   0  18 1.82  0.0    0  4.8 29  90   M    M   6 138    33  90
17  87  74  81  -3   0  16 0.57  0.0    0  9.2 23  70   M    M   4 18     29  60
18  86  75  81  -3   0  16 0.08  0.0    0 10.7 23  60   M    M   4        29  60
19  87  76  82  -2   0  17 0.00  0.0    0 11.2 23  60   M    M   4        28  60
20  88  77  83  -1   0  18 0.00  0.0    0  9.7 23  70   M    M   3        28  60
21  88  76  82  -2   0  17 1.04  0.0    0  4.6 16  70   M    M   3 13     23 150
22  89  75  82  -2   0  17 0.00  0.0    0  3.6 21  70   M    M   3        24  60
23  87  77  82  -2   0  17 0.02  0.0    0  8.3 23  80   M    M   3        26  80
24  88  78  83  -1   0  18 0.04  0.0    0 10.4 24  60   M    M   5 1      29  70
25  82  75  79  -5   0  14 0.48  0.0    0  5.8 20  80   M    M   7 13     29  90
26  85  77  81  -3   0  16 0.00  0.0    0 11.7 20  80   M    M   5        25  60
================================================================================
SM 2313 2010         0 477  5.20     0.0 253.6          M      105
================================================================================
AV 89.0 77.3                               9.8 FASTST   M    M   4    MAX(MPH)
                                 MISC ---->  # 29  90               # 33   90
================================================================================
NOTES:
# LAST OF SEVERAL OCCURRENCES

COLUMN 17 PEAK WIND IN M.P.H.

PRELIMINARY LOCAL CLIMATOLOGICAL DATA (WS FORM: F-6) , PAGE 2

                                          STATION:  SAN JUAN AREA/PR
                                          MONTH:    AUGUST
                                          YEAR:     2015
                                          LATITUDE:   18 25 N
                                          LONGITUDE:  66  0 W

[TEMPERATURE DATA]      [PRECIPITATION DATA]       SYMBOLS USED IN COLUMN 16

AVERAGE MONTHLY: 83.1   TOTAL FOR MONTH:   5.20    1 = FOG OR MIST
DPTR FM NORMAL:  -0.9   DPTR FM NORMAL:    0.78    2 = FOG REDUCING VISIBILITY
HIGHEST:    92 ON 10, 8 GRTST 24HR  1.82 ON 16-16      TO 1/4 MILE OR LESS
LOWEST:     74 ON 17                               3 = THUNDER
                        SNOW, ICE PELLETS, HAIL    4 = ICE PELLETS
                        TOTAL MONTH:   0.0 INCH    5 = HAIL
                        GRTST 24HR     0.0         6 = FREEZING RAIN OR DRIZZLE
                        GRTST DEPTH:   0           7 = DUSTSTORM OR SANDSTORM:
                                                       VSBY 1/2 MILE OR LESS
                                                   8 = SMOKE OR HAZE
[NO. OF DAYS WITH]      [WEATHER - DAYS WITH]      9 = BLOWING SNOW
                                                   X = TORNADO
MAX 32 OR BELOW:   0    0.01 INCH OR MORE:  19
MAX 90 OR ABOVE:  14    0.10 INCH OR MORE:   7
MIN 32 OR BELOW:   0    0.50 INCH OR MORE:   3
MIN  0 OR BELOW:   0    1.00 INCH OR MORE:   2

[HDD (BASE 65) ]
TOTAL THIS MO.     0    CLEAR  (SCALE 0-3)   5
DPTR FM NORMAL     0    PTCLDY (SCALE 4-7)  21
TOTAL FM JUL 1     0    CLOUDY (SCALE 8-10)  0
DPTR FM NORMAL     0

[CDD (BASE 65) ]
TOTAL THIS MO.   477
DPTR FM NORMAL   -17    [PRESSURE DATA]
TOTAL FM JAN 1  3981    HIGHEST SLP M ON M
DPTR FM NORMAL   203    LOWEST  SLP 29.88 ON M

[REMARKS]
