000
CXUS55 KCTP 230700
CF6JST
PRELIMINARY LOCAL CLIMATOLOGICAL DATA (WS FORM: F-6)

                                          STATION:   JOHNSTOWN
                                          MONTH:     FEBRUARY
                                          YEAR:      2018
                                          LATITUDE:   40 18 N
                                          LONGITUDE:  78 50 W

  TEMPERATURE IN F:       :PCPN:    SNOW:  WIND      :SUNSHINE: SKY     :PK WND
================================================================================
1   2   3   4   5  6A  6B    7    8   9   10  11  12  13   14  15   16   17  18
                                     12Z  AVG MX 2MIN
DY MAX MIN AVG DEP HDD CDD  WTR  SNW DPTH SPD SPD DIR MIN PSBL S-S WX    SPD DR
================================================================================

 1  43  24  34   9  31   0 0.12    M    M 14.7 24 300   M    M   9 1      35 250
 2  24   7  16  -9  49   0 0.01    M    M 17.7 30 310   M    M  10 1289   38 290
 3  30   8  19  -6  46   0 0.00    M    M 11.2 17 230   M    M   9        23 210
 4  33  26  30   5  35   0 0.14    M    M 11.8 23 260   M    M  10 1268   34 260
 5  31  11  21  -5  44   0 0.06    M    M 13.7 32 300   M    M   6 168    41 310
 6  24  19  22  -4  43   0    T    M    M  5.8 16 280   M    M  10 18     19 300
 7  35  16  26   0  39   0 0.69    M    M 14.7 29 290   M    M  10 126    35 290
 8  20  13  17  -9  48   0    T    M    M 12.2 28 280   M    M  10 18     35 270
 9  38  15  27   1  38   0 0.00    M    M  9.0 17 170   M    M   6        22 170
10  49  36  43  17  22   0 0.10    M    M  6.7 12 190   M    M   8 12     16 190
11  56  34  45  19  20   0 0.40    M    M  9.2 22 310   M    M   9 12     31 310
12  34  22  28   2  37   0 0.02    M    M 11.0 20 310   M    M   5 12     24 310
13  36  14  25  -2  40   0 0.00    M    M  7.3 17 170   M    M   3        23 170
14  55  32  44  17  21   0 0.48    M    M 12.6 25 260   M    M  10 12     36 260
15  59  52  56  29   9   0 1.50    M    M 12.8 24 260   M    M  10 1      34 270
16  59  23  41  14  24   0 1.14    M    M 13.5 28 300   M    M  10 1      40 260
17  30  20  25  -2  40   0 0.24    M    M  6.9 18 170   M    M   8 12     24 150
18  34  28  31   3  34   0 0.02    M    M 10.3 28 320   M    M   6 18     32 310
19  57  33  45  17  20   0 0.30    M    M 10.4 18 160   M    M   7 1      24 150
20  73  57  65  37   0   0 0.00    M    M 11.3 21 220   M    M   3        27 240
21  71  44  58  30   7   0    T    M    M 12.7 32 230   M    M   5 12     44 260
22  44  33  39  11  26   0 0.68    M    M  8.9 16  70   M    M  10 1      23  90
================================================================================
SM  935  567       673   0  5.90    M    244.4          M      174
================================================================================
AV 42.5 25.8                              11.1 FASTST   M    M   8    MAX(MPH)
                                 MISC ---->  # 32 300               # 44  260
================================================================================
NOTES:
# LAST OF SEVERAL OCCURRENCES

COLUMN 17 PEAK WIND IN M.P.H.

PRELIMINARY LOCAL CLIMATOLOGICAL DATA (WS FORM: F-6) , PAGE 2

                                          STATION:  JOHNSTOWN
                                          MONTH:    FEBRUARY
                                          YEAR:     2018
                                          LATITUDE:   40 18 N
                                          LONGITUDE:  78 50 W

[TEMPERATURE DATA]      [PRECIPITATION DATA]       SYMBOLS USED IN COLUMN 16

AVERAGE MONTHLY: 34.1   TOTAL FOR MONTH:   5.90    1 = FOG OR MIST
DPTR FM NORMAL:   7.6   DPTR FM NORMAL:    4.06    2 = FOG REDUCING VISIBILITY
HIGHEST:    73 ON 20    GRTST 24HR  1.50 ON 15-15      TO 1/4 MILE OR LESS
LOWEST:      7 ON  2                               3 = THUNDER
                        SNOW, ICE PELLETS, HAIL    4 = ICE PELLETS
                        TOTAL MONTH:    M          5 = HAIL
                        GRTST 24HR    M  ON   M    6 = FREEZING RAIN OR DRIZZLE
                        GRTST DEPTH:  M  ON   M    7 = DUSTSTORM OR SANDSTORM:
                                                       VSBY 1/2 MILE OR LESS
                                                   8 = SMOKE OR HAZE
[NO. OF DAYS WITH]      [WEATHER - DAYS WITH]      9 = BLOWING SNOW
                                                   X = TORNADO
MAX 32 OR BELOW:   6    0.01 INCH OR MORE:  15
MAX 90 OR ABOVE:   0    0.10 INCH OR MORE:  11
MIN 32 OR BELOW:  15    0.50 INCH OR MORE:   4
MIN  0 OR BELOW:   0    1.00 INCH OR MORE:   2

[HDD (BASE 65) ]
TOTAL THIS MO.   673    CLEAR  (SCALE 0-3)   1
DPTR FM NORMAL  -175    PTCLDY (SCALE 4-7)   8
TOTAL FM JUL 1  4317    CLOUDY (SCALE 8-10) 13
DPTR FM NORMAL  -353

[CDD (BASE 65) ]
TOTAL THIS MO.     0
DPTR FM NORMAL     0    [PRESSURE DATA]
TOTAL FM JAN 1     0    HIGHEST SLP M ON M
DPTR FM NORMAL     0    LOWEST  SLP 29.61 ON 16

[REMARKS]
