000
CXUS55 KCTP 011131
CF6JST
PRELIMINARY LOCAL CLIMATOLOGICAL DATA (WS FORM: F-6)

                                          STATION:   JOHNSTOWN
                                          MONTH:     JULY
                                          YEAR:      2014
                                          LATITUDE:   40 18 N
                                          LONGITUDE:  78 50 W

  TEMPERATURE IN F:       :PCPN:    SNOW:  WIND      :SUNSHINE: SKY     :PK WND
================================================================================
1   2   3   4   5  6A  6B    7    8   9   10  11  12  13   14  15   16   17  18
                                     12Z  AVG MX 2MIN
DY MAX MIN AVG DEP HDD CDD  WTR  SNW DPTH SPD SPD DIR MIN PSBL S-S WX    SPD DR
================================================================================

 1  85  65  75   7   0  10 0.00    M    M  9.9 17 250   M    M   1        23 220
 2  81  69  75   6   0  10 0.00  0.0    0  8.7 15 240   M    M   3        19 250
 3  80  59  70   1   0   5 0.01  0.0    0  9.0 18 270   M    M   5 13     28 230
 4  68  54  61  -8   4   0 0.00  0.0    0 12.7 22 300   M    M   5        30 310
 5  73  50  62  -7   3   0 0.00  0.0    0  5.8 12 320   M    M   0        16 290
 6  77  54  66  -3   0   1    T  0.0    0  7.3 17 270   M    M   3        23 270
 7  83  66  75   6   0  10 0.00  0.0    0 15.4 25 240   M    M   5        33 230
 8  82  67  75   6   0  10 0.48  0.0    0 13.0 18 210   M    M   5 13     31 240
 9  77  62  70   1   0   5    T  0.0    0  8.4 22 230   M    M   4        29 240
10  77  58  68  -1   0   3 0.00  0.0    0  3.4 15 320   M    M   3 13     18 330
11  77  57  67  -2   0   2 0.00  0.0    0  3.7 12 160   M    M   3 1      14 160
12  81  62  72   3   0   7 0.00  0.0    0  6.3 14 270   M    M   1        19 260
13  81  66  74   5   0   9 0.61  0.0    0 10.0 31 270   M    M   6 13     46 270
14  72  65  69  -1   0   4 1.08  0.0    0  6.0 15 290   M    M   8 13     18 300
15  73  58  66  -4   0   1 0.07  0.0    0  7.8 15 240   M    M   6 1      21 290
16  69  52  61  -9   4   0 0.00    M    M  8.5 15 290   M    M   3        19 300
17  69  51  60 -10   5   0 0.00    M    M  5.8 14 300   M    M   2        18 270
18  71  51  61  -9   4   0 0.01    M    M  4.5 12 150   M    M   3        15 160
19  68  59  64  -6   1   0 0.28    M    M  7.7 15 160   M    M  10 1      19 170
20  72  60  66  -4   0   1 0.03  0.0    0  6.5 12 160   M    M   8 1      18  50
21  77  63  70   0   0   5 0.05    M    M  5.9 15  20   M    M   8        18  20
22  80  65  73   3   0   8    T    M    M  5.2 14 170   M    M   3 1      16 170
23  82  63  73   3   0   8 0.02  0.0    0  9.7 22 310   M    M   3 138    25 310
24  72  56  64  -6   1   0 0.00    M    M  7.8 14 320   M    M   5        18 310
25  73  50  62  -7   3   0 0.00    M    M  4.2 13 290   M    M   0        21 270
26  78  58  68  -1   0   3 0.15    M    M  6.4 16 240   M    M   7 13     22 250
27  79  63  71   2   0   6 0.26    M    M  9.1 20 230   M    M   9 138    26 220
28  64  52  58 -11   7   0 0.44    M    M 13.3 23 310   M    M   8 1      32 280
29  62  48  55 -14  10   0 0.00    M    M  7.1 14 280   M    M   8        18 300
30  69  48  59 -10   6   0    T    M    M  7.8 15 240   M    M   4        20 240
31  74  54  64  -5   1   0    T    M    M  7.1 16 230   M    M   4 1      23 250
================================================================================
SM 2326 1805        49 108  3.49     0.0 244.0          M      143
================================================================================
AV 75.0 58.2                               7.9 FASTST   M    M   5    MAX(MPH)
                                 MISC ---->  # 31 270               # 46  270
================================================================================
NOTES:
# LAST OF SEVERAL OCCURRENCES

COLUMN 17 PEAK WIND IN M.P.H.

PRELIMINARY LOCAL CLIMATOLOGICAL DATA (WS FORM: F-6) , PAGE 2

                                          STATION:  JOHNSTOWN
                                          MONTH:    JULY
                                          YEAR:     2014
                                          LATITUDE:   40 18 N
                                          LONGITUDE:  78 50 W

[TEMPERATURE DATA]      [PRECIPITATION DATA]       SYMBOLS USED IN COLUMN 16

AVERAGE MONTHLY: 66.6   TOTAL FOR MONTH:   3.49    1 = FOG OR MIST
DPTR FM NORMAL:  -2.7   DPTR FM NORMAL:   -0.36    2 = FOG REDUCING VISIBILITY
HIGHEST:    85 ON  1    GRTST 24HR  1.69 ON 13-14      TO 1/4 MILE OR LESS
LOWEST:     48 ON 30,29                            3 = THUNDER
                        SNOW, ICE PELLETS, HAIL    4 = ICE PELLETS
                        TOTAL MONTH:   0.0 INCH    5 = HAIL
                        GRTST 24HR     0.0         6 = FREEZING RAIN OR DRIZZLE
                        GRTST DEPTH:   0           7 = DUSTSTORM OR SANDSTORM:
                                                       VSBY 1/2 MILE OR LESS
                                                   8 = SMOKE OR HAZE
[NO. OF DAYS WITH]      [WEATHER - DAYS WITH]      9 = BLOWING SNOW
                                                   X = TORNADO
MAX 32 OR BELOW:   0    0.01 INCH OR MORE:  13
MAX 90 OR ABOVE:   0    0.10 INCH OR MORE:   7
MIN 32 OR BELOW:   0    0.50 INCH OR MORE:   2
MIN  0 OR BELOW:   0    1.00 INCH OR MORE:   1

[HDD (BASE 65) ]
TOTAL THIS MO.    49    CLEAR  (SCALE 0-3)  10
DPTR FM NORMAL    36    PTCLDY (SCALE 4-7)  18
TOTAL FM JUL 1    49    CLOUDY (SCALE 8-10)  3
DPTR FM NORMAL    36

[CDD (BASE 65) ]
TOTAL THIS MO.   108
DPTR FM NORMAL   -37    [PRESSURE DATA]
TOTAL FM JAN 1   218    HIGHEST SLP 30.33 ON  5
DPTR FM NORMAL   -25    LOWEST  SLP 29.57 ON 28

[REMARKS]
#FINAL-07-14#
