000
CXUS55 KCTP 270700
CF6JST
PRELIMINARY LOCAL CLIMATOLOGICAL DATA (WS FORM: F-6)

                                          STATION:   JOHNSTOWN
                                          MONTH:     APRIL
                                          YEAR:      2017
                                          LATITUDE:   40 18 N
                                          LONGITUDE:  78 50 W

  TEMPERATURE IN F:       :PCPN:    SNOW:  WIND      :SUNSHINE: SKY     :PK WND
================================================================================
1   2   3   4   5  6A  6B    7    8   9   10  11  12  13   14  15   16   17  18
                                     12Z  AVG MX 2MIN
DY MAX MIN AVG DEP HDD CDD  WTR  SNW DPTH SPD SPD DIR MIN PSBL S-S WX    SPD DR
================================================================================

 1  43  34  39  -3  26   0 0.06    M    M 13.1 22 300   M    M  10 12     28 300
 2  55  33  44   2  21   0 0.00    M    M  4.9 13 300   M    M   4        17 270
 3  63  44  54  12  11   0 0.03    M    M 10.7 22 150   M    M   3 1      31 150
 4  62  48  55  12  10   0 0.09    M    M 16.7 31 270   M    M   8 1      44 260
 5  65  41  53  10  12   0 0.00    M    M 11.2 23 300   M    M   3        42 130
 6  55  32  44   0  21   0 0.76    M    M 13.9 30 260   M    M   9 12     40 270
 7  32  29  31 -13  34   0    T    M    M 20.4 32 290   M    M   9 12     46 300
 8  52  27  40  -4  25   0 0.00    M    M 12.8 23 290   M    M   0        30 290
 9  68  37  53   8  12   0 0.00    M    M  7.6 15 220   M    M   0        19 230
10  75  54  65  20   0   0 0.00    M    M 10.9 22 250   M    M   0        30 230
11  73  54  64  18   1   0 0.20    M    M 10.3 22 300   M    M   3 13     28 250
12  62  46  54   8  11   0 0.06    M    M 10.5 17 290   M    M   3 12     29 280
13  59  37  48   2  17   0 0.00    M    M  5.8 17 310   M    M   3        21 300
14  67  43  55   8  10   0 0.00    M    M  3.7 14 150   M    M   6        18 150
15  77  50  64  17   1   0 0.00    M    M  9.7 22 250   M    M   3        31 260
16  72  58  65  17   0   0 0.28    M    M 14.1 30 240   M    M   7 13     40 230
17  64  49  57   9   8   0 0.17    M    M  9.2 18 310   M    M   3 1      25 310
18  66  43  55   7  10   0 0.00    M    M  7.0 18 150   M    M   1        26 140
19  66  47  57   8   8   0 0.10    M    M 12.0 18 160   M    M   8 1      26 160
20  75  55  65  16   0   0 0.64    M    M  9.2 22 240   M    M   3 13     32 280
21  67  48  58   9   7   0 0.17    M    M 10.2 23 260   M    M   6 1      31 270
22  50  41  46  -4  19   0 0.03    M    M  8.1 15 340   M    M   7 1      19 340
23  63  35  49  -1  16   0 0.00    M    M  5.6 12 140   M    M   0        19 120
24  54  43  49  -2  16   0 0.01    M    M  8.4 20 100   M    M   6        30 120
25  57  45  51   0  14   0 0.06    M    M  9.1 17  80   M    M  10 12     27 110
26  74  50  62  11   3   0 0.00    M    M  4.5 13 150   M    M   5 12     18 110
================================================================================
SM 1616 1123       313   0  2.66    M    259.6          M      120
================================================================================
AV 62.2 43.2                              10.0 FASTST   M    M   5    MAX(MPH)
                                 MISC ---->  # 32 290               # 46  300
================================================================================
NOTES:
# LAST OF SEVERAL OCCURRENCES

COLUMN 17 PEAK WIND IN M.P.H.

PRELIMINARY LOCAL CLIMATOLOGICAL DATA (WS FORM: F-6) , PAGE 2

                                          STATION:  JOHNSTOWN
                                          MONTH:    APRIL
                                          YEAR:     2017
                                          LATITUDE:   40 18 N
                                          LONGITUDE:  78 50 W

[TEMPERATURE DATA]      [PRECIPITATION DATA]       SYMBOLS USED IN COLUMN 16

AVERAGE MONTHLY: 52.7   TOTAL FOR MONTH:   2.66    1 = FOG OR MIST
DPTR FM NORMAL:   6.1   DPTR FM NORMAL:   -0.48    2 = FOG REDUCING VISIBILITY
HIGHEST:    77 ON 15    GRTST 24HR  0.86 ON 31- 1      TO 1/4 MILE OR LESS
LOWEST:     27 ON  8                               3 = THUNDER
                        SNOW, ICE PELLETS, HAIL    4 = ICE PELLETS
                        TOTAL MONTH:    M          5 = HAIL
                        GRTST 24HR    M  ON   M    6 = FREEZING RAIN OR DRIZZLE
                        GRTST DEPTH:  M  ON   M    7 = DUSTSTORM OR SANDSTORM:
                                                       VSBY 1/2 MILE OR LESS
                                                   8 = SMOKE OR HAZE
[NO. OF DAYS WITH]      [WEATHER - DAYS WITH]      9 = BLOWING SNOW
                                                   X = TORNADO
MAX 32 OR BELOW:   1    0.01 INCH OR MORE:  14
MAX 90 OR ABOVE:   0    0.10 INCH OR MORE:   7
MIN 32 OR BELOW:   3    0.50 INCH OR MORE:   2
MIN  0 OR BELOW:   0    1.00 INCH OR MORE:   0

[HDD (BASE 65) ]
TOTAL THIS MO.   313    CLEAR  (SCALE 0-3)  12
DPTR FM NORMAL  -172    PTCLDY (SCALE 4-7)  10
TOTAL FM JUL 1  5163    CLOUDY (SCALE 8-10)  4
DPTR FM NORMAL -1114

[CDD (BASE 65) ]
TOTAL THIS MO.     0
DPTR FM NORMAL     0    [PRESSURE DATA]
TOTAL FM JAN 1     0    HIGHEST SLP M ON M
DPTR FM NORMAL     0    LOWEST  SLP 29.18 ON  6

[REMARKS]
