000
CXUS53 KGID 300730
CF6JYR
PRELIMINARY LOCAL CLIMATOLOGICAL DATA (WS FORM: F-6)

                                          STATION:   YORK
                                          MONTH:     AUGUST
                                          YEAR:      2016
                                          LATITUDE:   40 54 N
                                          LONGITUDE:  97 37 W

  TEMPERATURE IN F:       :PCPN:    SNOW:  WIND      :SUNSHINE: SKY     :PK WND
================================================================================
1   2   3   4   5  6A  6B    7    8   9   10  11  12  13   14  15   16   17  18
                                     12Z  AVG MX 2MIN
DY MAX MIN AVG DEP HDD CDD  WTR  SNW DPTH SPD SPD DIR MIN PSBL S-S WX    SPD DR
================================================================================

 1  86  72  79   M   0  14    T    M    M 10.9 24 140   M    M   2 13     31 140
 2  84  68  76   M   0  11 0.22    M    M  8.5 18 120   M    M   4 3      30  10
 3  90  66  78   M   0  13 0.00    M    M  7.5 15 130   M    M   3 12     20 150
 4  88  66  77   M   0  12    T    M    M  9.4 20  10   M    M   3 3      27 360
 5  77  63  70   M   0   5 0.00    M    M  6.3 14  40   M    M   3 3       M  M
 6  75  64  70   M   0   5 0.00    M    M  5.4 10  70   M    M   7         M  M
 7  75  63  69   M   0   4 0.03    M    M  4.4 14 110   M    M   5        21 110
 8  81  57  69   M   0   4 0.00    M    M  4.7 10 140   M    M   7 1       M  M
 9  90  68  79   M   0  14 0.00    M    M  6.9 14 160   M    M   3 1       M  M
10  91  73  82   M   0  17 0.00    M    M 10.5 15 170   M    M   1        23 160
11  91  72  82   M   0  17    T    M    M  8.5 13 190   M    M   1 3      17 170
12  81  63  72   M   0   7 0.45    M    M  7.0 15 360   M    M   4 123    22 360
13  82  59  71   M   0   6 0.00    M    M  2.8 10 360   M    M   0         M  M
14  82  61  72   M   0   7 0.00    M    M  3.6  8 100   M    M   2         M  M
15  82  59  71   M   0   6 0.00    M    M  8.2 14 160   M    M   0        18 180
16  84  64  74   M   0   9 0.00    M    M  6.1 14 140   M    M   1 13     23 140
17  90  61  76   M   0  11 0.00    M    M  3.4 10 100   M    M   2 12      M  M
18  90  68  79   M   0  14 0.24    M    M  9.2 16 230   M    M   2 3      23 230
19  75  61  68   M   0   3 0.32    M    M  6.9 12  20   M    M   3 3      16 360
20  73  52  63   M   2   0 0.00    M    M  8.9 16  10   M    M   3        23  10
21  81  48  65   M   0   0 0.00    M    M  7.1 14 180   M    M   0         M  M
22  82  61  72   M   0   7 0.00    M    M 14.3 21 180   M    M   0        28 180
23  88  66  77   M   0  12 0.07    M    M 11.7 20 180   M    M   4 3      25 180
24  75  57  66   M   0   1 0.01    M    M  5.6 14  30   M    M   3 3      16 360
25  75  55  65   M   0   0 0.00    M    M  4.6  9  40   M    M   0        16  30
26  72  54  63   M   2   0 0.01    M    M  5.0 14 120   M    M   6 1      20 120
27  82  63  73   M   0   8 0.01    M    M  3.4  9 190   M    M   4 1       M  M
28  90  66  78   M   0  13 0.00    M    M  8.7 16 130   M    M   1        16 170
29  86  64  75   M   0  10    T    M    M  4.0 10 250   M    M   2 3       M  M
================================================================================
SM 2398 1814         4 230  1.36    M    203.5          M       76
================================================================================
AV 82.7 62.6                               7.0 FASTST   M    M   3    MAX(MPH)
                                 MISC ---->    24   M                 31    M
================================================================================
NOTES:
# LAST OF SEVERAL OCCURRENCES

COLUMN 17 PEAK WIND IN M.P.H.

PRELIMINARY LOCAL CLIMATOLOGICAL DATA (WS FORM: F-6) , PAGE 2

                                          STATION:  YORK
                                          MONTH:    AUGUST
                                          YEAR:     2016
                                          LATITUDE:   40 54 N
                                          LONGITUDE:  97 37 W

[TEMPERATURE DATA]      [PRECIPITATION DATA]       SYMBOLS USED IN COLUMN 16

AVERAGE MONTHLY: 72.6   TOTAL FOR MONTH:   1.36    1 = FOG OR MIST
DPTR FM NORMAL:     M   DPTR FM NORMAL:       M    2 = FOG REDUCING VISIBILITY
HIGHEST:    91 ON 11,10 GRTST 24HR  0.45 ON 12-12      TO 1/4 MILE OR LESS
LOWEST:     48 ON 21                               3 = THUNDER
                        SNOW, ICE PELLETS, HAIL    4 = ICE PELLETS
                        TOTAL MONTH:    M          5 = HAIL
                        GRTST 24HR    M  ON   M    6 = FREEZING RAIN OR DRIZZLE
                        GRTST DEPTH:  M  ON   M    7 = DUSTSTORM OR SANDSTORM:
                                                       VSBY 1/2 MILE OR LESS
                                                   8 = SMOKE OR HAZE
[NO. OF DAYS WITH]      [WEATHER - DAYS WITH]      9 = BLOWING SNOW
                                                   X = TORNADO
MAX 32 OR BELOW:   0    0.01 INCH OR MORE:   9
MAX 90 OR ABOVE:   7    0.10 INCH OR MORE:   4
MIN 32 OR BELOW:   0    0.50 INCH OR MORE:   0
MIN  0 OR BELOW:   0    1.00 INCH OR MORE:   0

[HDD (BASE 65) ]
TOTAL THIS MO.     4    CLEAR  (SCALE 0-3)  17
DPTR FM NORMAL     M    PTCLDY (SCALE 4-7)  12
TOTAL FM JUL 1     7    CLOUDY (SCALE 8-10)  0
DPTR FM NORMAL     M

[CDD (BASE 65) ]
TOTAL THIS MO.   230
DPTR FM NORMAL     M    [PRESSURE DATA]
TOTAL FM JAN 1   912    HIGHEST SLP M ON M
DPTR FM NORMAL     M    LOWEST  SLP M ON M

[REMARKS]
