000
CXUS53 KGID 230730
CF6JYR
PRELIMINARY LOCAL CLIMATOLOGICAL DATA (WS FORM: F-6)

                                          STATION:   YORK
                                          MONTH:     OCTOBER
                                          YEAR:      2017
                                          LATITUDE:   40 54 N
                                          LONGITUDE:  97 37 W

  TEMPERATURE IN F:       :PCPN:    SNOW:  WIND      :SUNSHINE: SKY     :PK WND
================================================================================
1   2   3   4   5  6A  6B    7    8   9   10  11  12  13   14  15   16   17  18
                                     12Z  AVG MX 2MIN
DY MAX MIN AVG DEP HDD CDD  WTR  SNW DPTH SPD SPD DIR MIN PSBL S-S WX    SPD DR
================================================================================

 1  75  59  67   M   0   2 0.62    M    M 17.5 24 170   M    M   9 3      33 200
 2  75  61  68   M   0   3    M    M    M  6.6 30 180   M    M   9 3      38 180
 3  73  54  64   M   1   0    M    M    M  9.9 17  10   M    M   8 3      24 190
 4  66  52  59   M   6   0 0.00    M    M  8.7 15  90   M    M   9 3      18  90
 5  64  57  61   M   4   0    M    M    M  3.9  9  10   M    M  10 13      M  M
 6  63  55  59   M   6   0    M    M    M  8.8 20  10   M    M   9 13     27  10
 7  73  52  63   M   2   0    M    M    M  9.6 18 270   M    M   3        27 320
 8  73  48  61   M   4   0 0.00    M    M  8.8 17  20   M    M   0        22 360
 9  54  39  47   M  18   0 0.24    M    M 20.6 31  20   M    M   9 3      41  10
10  52  34  43   M  22   0 0.13    M    M  7.3 18  10   M    M   5        23  10
11  64  32  48   M  17   0 0.00    M    M  5.7 13 150   M    M   0        20 180
12  73  45  59   M   6   0 0.00    M    M  9.7 18 170   M    M   1        23 170
13  63  50  57   M   8   0 0.00    M    M 11.7 18  30   M    M  10        23  20
14  57  45  51   M  14   0    M    M    M  9.3 24 330   M    M  10 12     32 340
15  63  36  50   M  15   0 0.00    M    M  7.5 15 310   M    M   0        21 280
16  75  36  56   M   9   0 0.00    M    M  8.2 18 210   M    M   0        28 200
17  75  39  57   M   8   0 0.00    M    M  4.7 10 190   M    M   0         M  M
18  75  46  61   M   4   0 0.00    M    M  8.1 16 190   M    M   0        16  10
19  81  39  60   M   5   0 0.00    M    M  5.9 17 170   M    M   0        16 170
20  77  55  66   M   0   1 0.00    M    M 19.0 30 170   M    M   1 8      39 170
21  72  39  56   M   9   0 0.00    M    M 17.1 29 320   M    M   6        39 320
22  68  34  51   M  14   0 0.00    M    M  7.3 15 260   M    M   0        21 240
================================================================================
SM 1511 1007       172   6  0.99    M    215.9          M       99
================================================================================
AV 68.7 45.8                               9.8 FASTST   M    M   5    MAX(MPH)
                                 MISC ---->  # 31  20               # 41   10
================================================================================
NOTES:
# LAST OF SEVERAL OCCURRENCES

COLUMN 17 PEAK WIND IN M.P.H.

PRELIMINARY LOCAL CLIMATOLOGICAL DATA (WS FORM: F-6) , PAGE 2

                                          STATION:  YORK
                                          MONTH:    OCTOBER
                                          YEAR:     2017
                                          LATITUDE:   40 54 N
                                          LONGITUDE:  97 37 W

[TEMPERATURE DATA]      [PRECIPITATION DATA]       SYMBOLS USED IN COLUMN 16

AVERAGE MONTHLY: 57.2   TOTAL FOR MONTH:   0.99    1 = FOG OR MIST
DPTR FM NORMAL:     M   DPTR FM NORMAL:       M    2 = FOG REDUCING VISIBILITY
HIGHEST:    81 ON 19    GRTST 24HR  0.62 ON  1- 1      TO 1/4 MILE OR LESS
LOWEST:     32 ON 11                               3 = THUNDER
                        SNOW, ICE PELLETS, HAIL    4 = ICE PELLETS
                        TOTAL MONTH:    M          5 = HAIL
                        GRTST 24HR    M  ON   M    6 = FREEZING RAIN OR DRIZZLE
                        GRTST DEPTH:  M  ON   M    7 = DUSTSTORM OR SANDSTORM:
                                                       VSBY 1/2 MILE OR LESS
                                                   8 = SMOKE OR HAZE
[NO. OF DAYS WITH]      [WEATHER - DAYS WITH]      9 = BLOWING SNOW
                                                   X = TORNADO
MAX 32 OR BELOW:   0    0.01 INCH OR MORE:   3
MAX 90 OR ABOVE:   0    0.10 INCH OR MORE:   3
MIN 32 OR BELOW:   1    0.50 INCH OR MORE:   1
MIN  0 OR BELOW:   0    1.00 INCH OR MORE:   0

[HDD (BASE 65) ]
TOTAL THIS MO.   172    CLEAR  (SCALE 0-3)  11
DPTR FM NORMAL     M    PTCLDY (SCALE 4-7)   3
TOTAL FM JUL 1   241    CLOUDY (SCALE 8-10)  8
DPTR FM NORMAL     M

[CDD (BASE 65) ]
TOTAL THIS MO.     6
DPTR FM NORMAL     M    [PRESSURE DATA]
TOTAL FM JAN 1   947    HIGHEST SLP M ON M
DPTR FM NORMAL     M    LOWEST  SLP M ON M

[REMARKS]
