000
CXHW53 PHFO 181250
CF6KOA
PRELIMINARY LOCAL CLIMATOLOGICAL DATA (WS FORM: F-6)

                                          STATION:   KONA HI
                                          MONTH:     AUGUST
                                          YEAR:      2017
                                          LATITUDE:   19 38 N
                                          LONGITUDE: 156  0 W

  TEMPERATURE IN F:       :PCPN:    SNOW:  WIND      :SUNSHINE: SKY     :PK WND
================================================================================
1   2   3   4   5  6A  6B    7    8   9   10  11  12  13   14  15   16   17  18
                                     12Z  AVG MX 2MIN
DY MAX MIN AVG DEP HDD CDD  WTR  SNW DPTH SPD SPD DIR MIN PSBL S-S WX    SPD DR
================================================================================

 1  87  75  81   0   0  16 0.00  0.0    M  6.9 12 270   M    M   M        14 280
 2  88  77  83   2   0  18 0.01  0.0    M  9.1 17 230   M    M   M        20 230
 3  88  76  82   1   0  17 0.00  0.0    M  8.0 15 200   M    M   M        18 210
 4  88  76  82   1   0  17 0.00  0.0    M  7.2 15 260   M    M   M        18 260
 5  88  76  82   1   0  17 0.00  0.0    M  6.5 15 190   M    M   M        19 180
 6  89  76  83   2   0  18 0.00  0.0    M  7.2 15 200   M    M   M        20 200
 7  87  77  82   1   0  17 0.00  0.0    M  8.8 18  50   M    M   M        23  40
 8  87  76  82   1   0  17 0.00  0.0    M 10.2 21  30   M    M   M        25  30
 9  88  75  82   1   0  17 0.00  0.0    M  8.2 15 210   M    M   M        20 220
10  86  74  80  -1   0  15 0.02  0.0    M  7.5 14 210   M    M   M        17 220
11  86  76  81   0   0  16    T  0.0    M  9.8 24 340   M    M   M 8      31 340
12  87  74  81   0   0  16    T  0.0    M  8.0 15 190   M    M   M        18 190
13  87  76  82   1   0  17 0.00  0.0    M  8.6 14 230   M    M   M        19 190
14  88  75  82   1   0  17 0.00  0.0    M  6.8 14 260   M    M   M        17 270
15  87  76  82   1   0  17 0.00  0.0    M  8.5 16 200   M    M   M        20 200
16  87  74  81   0   0  16 0.00  0.0    M  7.7 15 220   M    M   M        20 140
17  87  76  82   1   0  17 0.00  0.0    M  7.3 14 230   M    M   M        18 210
================================================================================
SM 1485 1285         0 285  0.03     0.0 136.3          M        M
================================================================================
AV 87.4 75.6                               8.0 FASTST   M    M -nan   MAX(MPH)
                                 MISC ---->  # 24 340               # 31  340
================================================================================
NOTES:
# LAST OF SEVERAL OCCURRENCES

COLUMN 17 PEAK WIND IN M.P.H.

PRELIMINARY LOCAL CLIMATOLOGICAL DATA (WS FORM: F-6) , PAGE 2

                                          STATION:  KONA HI
                                          MONTH:    AUGUST
                                          YEAR:     2017
                                          LATITUDE:   19 38 N
                                          LONGITUDE: 156  0 W

[TEMPERATURE DATA]      [PRECIPITATION DATA]       SYMBOLS USED IN COLUMN 16

AVERAGE MONTHLY: 81.5   TOTAL FOR MONTH:   0.03    1 = FOG OR MIST
DPTR FM NORMAL:   0.5   DPTR FM NORMAL:   -0.64    2 = FOG REDUCING VISIBILITY
HIGHEST:    89 ON  6    GRTST 24HR  0.02 ON 10-10      TO 1/4 MILE OR LESS
LOWEST:     74 ON 16,12                            3 = THUNDER
                        SNOW, ICE PELLETS, HAIL    4 = ICE PELLETS
                        TOTAL MONTH:   0.0 INCH    5 = HAIL
                        GRTST 24HR     0.0         6 = FREEZING RAIN OR DRIZZLE
                        GRTST DEPTH:  M  ON   M    7 = DUSTSTORM OR SANDSTORM:
                                                       VSBY 1/2 MILE OR LESS
                                                   8 = SMOKE OR HAZE
[NO. OF DAYS WITH]      [WEATHER - DAYS WITH]      9 = BLOWING SNOW
                                                   X = TORNADO
MAX 32 OR BELOW:   0    0.01 INCH OR MORE:   2
MAX 90 OR ABOVE:   0    0.10 INCH OR MORE:   0
MIN 32 OR BELOW:   0    0.50 INCH OR MORE:   0
MIN  0 OR BELOW:   0    1.00 INCH OR MORE:   0

[HDD (BASE 65) ]
TOTAL THIS MO.     0    CLEAR  (SCALE 0-3)   0
DPTR FM NORMAL     0    PTCLDY (SCALE 4-7)   0
TOTAL FM JUL 1     0    CLOUDY (SCALE 8-10)  0
DPTR FM NORMAL     0

[CDD (BASE 65) ]
TOTAL THIS MO.   285
DPTR FM NORMAL    13    [PRESSURE DATA]
TOTAL FM JAN 1  3051    HIGHEST SLP M ON M
DPTR FM NORMAL   220    LOWEST  SLP 29.95 ON M

[REMARKS]
