000
CXUS53 KIND 280730
CF6LAF
PRELIMINARY LOCAL CLIMATOLOGICAL DATA (WS FORM: F-6)

                                          STATION:   LAFAYETTE IN
                                          MONTH:     MAY
                                          YEAR:      2017
                                          LATITUDE:   40 25 N
                                          LONGITUDE:  86 56 W

  TEMPERATURE IN F:       :PCPN:    SNOW:  WIND      :SUNSHINE: SKY     :PK WND
================================================================================
1   2   3   4   5  6A  6B    7    8   9   10  11  12  13   14  15   16   17  18
                                     12Z  AVG MX 2MIN
DY MAX MIN AVG DEP HDD CDD  WTR  SNW DPTH SPD SPD DIR MIN PSBL S-S WX    SPD DR
================================================================================

 1  67  45  56  -1   9   0 0.19    M    M 12.4 24 210   M    M   9 138    35 240
 2  53  42  48  -9  17   0 0.03    M    M 14.3 28 280   M    M   8 1      38 270
 3  54  34  44 -14  21   0 0.16    M    M  5.8 14 100   M    M   4 1      18  70
 4  48  44  46 -12  19   0 1.68    M    M 15.8 26  30   M    M  10 1      35  50
 5  56  38  47 -11  18   0 0.00    M    M 15.1 26 350   M    M   3        37 350
 6  58  37  48 -11  17   0 0.08    M    M 10.8 28 340   M    M   2 18     35 340
 7  60  32  46 -13  19   0 0.00    M    M  7.8 20 350   M    M   0        26 330
 8  63  31  47 -12  18   0 0.02    M    M  2.8  9  70   M    M   3        11 220
 9  61  44  53  -7  12   0 2.04    M    M  9.0 15  80   M    M   9 13     18  60
10  79  50  65   5   0   0 0.39    M    M  4.7 20 300   M    M   4 138    28 290
11  64  50  57  -3   8   0 0.00    M    M  7.2 15 320   M    M  10 1      18 290
12  71  49  60   0   5   0 0.00    M    M  7.0 17  60   M    M   1        23  40
13  76  44  60  -1   5   0 0.00    M    M  4.3 15 280   M    M   0 1      19 230
14  83  50  67   6   0   2 0.00    M    M  8.1 22 270   M    M   0        28 290
15  84  53  69   7   0   4 0.00    M    M  5.1 14 150   M    M   0        18 150
16  83  62  73  11   0   8 0.00    M    M  9.4 21 210   M    M   0 8      30 200
17  83  69  76  14   0  11 0.00    M    M 13.1 24 180   M    M   2 8      36 230
18  87  64  76  14   0  11    T    M    M 12.4 24 230   M    M   2 38     37 200
19  69  51  60  -3   5   0 0.88    M    M 10.5 21  70   M    M   7 13     25 340
20  76  51  64   1   1   0 1.14    M    M 10.4 21  70   M    M   8 123    27 100
21  69  49  59  -5   6   0    T    M    M 11.0 23 290   M    M   7 1      28 280
22  71  46  59  -5   6   0 0.00    M    M  5.6 14 230   M    M   2        20 220
23  70  55  63  -1   2   0 0.00    M    M  3.4 12 340   M    M   7 1      15 330
24  62  53  58  -7   7   0 0.12    M    M  7.2 17 350   M    M   9 1      23 340
25  63  53  58  -7   7   0 0.05    M    M 11.8 22 320   M    M   9 1      29 330
26  76  48  62  -3   3   0 0.11    M    M  3.8 15 100   M    M   4 123    19  90
27  73  60  67   1   0   2 0.00    M    M  4.0 12 340   M    M   7 12     14 340
================================================================================
SM 1859 1304       205  38  6.89    M    232.8          M      127
================================================================================
AV 68.9 48.3                               8.6 FASTST   M    M   5    MAX(MPH)
                                 MISC ---->  # 28 280               # 38  270
================================================================================
NOTES:
# LAST OF SEVERAL OCCURRENCES

COLUMN 17 PEAK WIND IN M.P.H.

PRELIMINARY LOCAL CLIMATOLOGICAL DATA (WS FORM: F-6) , PAGE 2

                                          STATION:  LAFAYETTE IN
                                          MONTH:    MAY
                                          YEAR:     2017
                                          LATITUDE:   40 25 N
                                          LONGITUDE:  86 56 W

[TEMPERATURE DATA]      [PRECIPITATION DATA]       SYMBOLS USED IN COLUMN 16

AVERAGE MONTHLY: 58.6   TOTAL FOR MONTH:   6.89    1 = FOG OR MIST
DPTR FM NORMAL:  -2.7   DPTR FM NORMAL:    3.27    2 = FOG REDUCING VISIBILITY
HIGHEST:    87 ON 18    GRTST 24HR  2.04 ON  9- 9      TO 1/4 MILE OR LESS
LOWEST:     31 ON  8                               3 = THUNDER
                        SNOW, ICE PELLETS, HAIL    4 = ICE PELLETS
                        TOTAL MONTH:    M          5 = HAIL
                        GRTST 24HR    M  ON   M    6 = FREEZING RAIN OR DRIZZLE
                        GRTST DEPTH:  M  ON   M    7 = DUSTSTORM OR SANDSTORM:
                                                       VSBY 1/2 MILE OR LESS
                                                   8 = SMOKE OR HAZE
[NO. OF DAYS WITH]      [WEATHER - DAYS WITH]      9 = BLOWING SNOW
                                                   X = TORNADO
MAX 32 OR BELOW:   0    0.01 INCH OR MORE:  13
MAX 90 OR ABOVE:   0    0.10 INCH OR MORE:   9
MIN 32 OR BELOW:   2    0.50 INCH OR MORE:   4
MIN  0 OR BELOW:   0    1.00 INCH OR MORE:   3

[HDD (BASE 65) ]
TOTAL THIS MO.   205    CLEAR  (SCALE 0-3)  11
DPTR FM NORMAL    55    PTCLDY (SCALE 4-7)   9
TOTAL FM JUL 1  4898    CLOUDY (SCALE 8-10)  7
DPTR FM NORMAL  -742

[CDD (BASE 65) ]
TOTAL THIS MO.    38
DPTR FM NORMAL   -12    [PRESSURE DATA]
TOTAL FM JAN 1    52    HIGHEST SLP M ON M
DPTR FM NORMAL   -11    LOWEST  SLP 29.39 ON 25

[REMARKS]
