000
CXUS53 KGRR 191017
CF6LAN
PRELIMINARY LOCAL CLIMATOLOGICAL DATA (WS FORM: F-6)

                                          STATION:   LANSING MI
                                          MONTH:     DECEMBER
                                          YEAR:      2014
                                          LATITUDE:   42 46 N
                                          LONGITUDE:  84 36 W

  TEMPERATURE IN F:       :PCPN:    SNOW:  WIND      :SUNSHINE: SKY     :PK WND
================================================================================
1   2   3   4   5  6A  6B    7    8   9   10  11  12  13   14  15   16   17  18
                                     12Z  AVG MX 2MIN
DY MAX MIN AVG DEP HDD CDD  WTR  SNW DPTH SPD SPD DIR MIN PSBL S-S WX    SPD DR
================================================================================

 1  33  13  23 -10  42   0 0.00  0.0    0 10.8 20 300   M    M   3        25 290
 2  35  12  24  -9  41   0    T    T    0  7.6 17 140   M    M   5 18     25 140
 3  37  24  31  -1  34   0    T    T    0 14.0 30 260   M    M   6 18     36 280
 4  31  22  27  -5  38   0 0.00  0.0    0  5.1 12 130   M    M   4        17 130
 5  38  28  33   1  32   0 0.00  0.0    0  3.7 12 130   M    M  10 8      15 150
 6  41  25  33   2  32   0 0.00  0.0    0  7.9 21  30   M    M   4 18     26  20
 7  36  18  27  -4  38   0 0.00  0.0    0  8.0 18 130   M    M   0        24 120
 8  40  31  36   5  29   0 0.15  0.7    0  9.7 17 160   M    M   4 1      23 150
 9  36  32  34   4  31   0 0.00  0.0    T  6.8 13 350   M    M  10 1      18 330
10  32  21  27  -3  38   0 0.00  0.0    0  7.4 14  30   M    M   7        19 340
11  39  18  29  -1  36   0 0.00  0.0    0 10.4 18 270   M    M   0 1      24 270
12  33  27  30   1  35   0 0.00  0.0    0 10.5 16 270   M    M   9 1      22 290
13  43  33  38   9  27   0 0.00  0.0    0 12.1 18 270   M    M  10 1      27 280
14  49  43  46  18  19   0 0.00  0.0    0  7.3 21 290   M    M  10 1      27 270
15  51  43  47  19  18   0 0.04  0.0    0  8.3 15 140   M    M   9 18     19 120
16  45  34  40  12  25   0 0.16    T    0  9.6 23 270   M    M   9 1      29 270
17  34  26  30   2  35   0    T    T    0 15.0 24 290   M    M   9        32 270
18  32  28  30   3  35   0 0.02    T    0  6.8 16 260   M    M  10 16     19 270
================================================================================
SM  685  478       585   0  0.37     0.7 161.0          M      119
================================================================================
AV 38.1 26.6                               8.9 FASTST   M    M   7    MAX(MPH)
                                 MISC ---->  # 30 260               # 36  280
================================================================================
NOTES:
# LAST OF SEVERAL OCCURRENCES

COLUMN 17 PEAK WIND IN M.P.H.

PRELIMINARY LOCAL CLIMATOLOGICAL DATA (WS FORM: F-6) , PAGE 2

                                          STATION:  LANSING MI
                                          MONTH:    DECEMBER
                                          YEAR:     2014
                                          LATITUDE:   42 46 N
                                          LONGITUDE:  84 36 W

[TEMPERATURE DATA]      [PRECIPITATION DATA]       SYMBOLS USED IN COLUMN 16

AVERAGE MONTHLY: 32.3   TOTAL FOR MONTH:   0.37    1 = FOG OR MIST
DPTR FM NORMAL:   2.2   DPTR FM NORMAL:   -0.76    2 = FOG REDUCING VISIBILITY
HIGHEST:    51 ON 15    GRTST 24HR  0.20 ON 15-16      TO 1/4 MILE OR LESS
LOWEST:     12 ON  2                               3 = THUNDER
                        SNOW, ICE PELLETS, HAIL    4 = ICE PELLETS
                        TOTAL MONTH:   0.7 INCH    5 = HAIL
                        GRTST 24HR   0.7 ON   M    6 = FREEZING RAIN OR DRIZZLE
                        GRTST DEPTH:   T           7 = DUSTSTORM OR SANDSTORM:
                                                       VSBY 1/2 MILE OR LESS
                                                   8 = SMOKE OR HAZE
[NO. OF DAYS WITH]      [WEATHER - DAYS WITH]      9 = BLOWING SNOW
                                                   X = TORNADO
MAX 32 OR BELOW:   3    0.01 INCH OR MORE:   4
MAX 90 OR ABOVE:   0    0.10 INCH OR MORE:   2
MIN 32 OR BELOW:  14    0.50 INCH OR MORE:   0
MIN  0 OR BELOW:   0    1.00 INCH OR MORE:   0

[HDD (BASE 65) ]
TOTAL THIS MO.   585    CLEAR  (SCALE 0-3)   2
DPTR FM NORMAL   -42    PTCLDY (SCALE 4-7)   7
TOTAL FM JUL 1  2181    CLOUDY (SCALE 8-10)  9
DPTR FM NORMAL   140

[CDD (BASE 65) ]
TOTAL THIS MO.     0
DPTR FM NORMAL     0    [PRESSURE DATA]
TOTAL FM JAN 1   488    HIGHEST SLP M ON M
DPTR FM NORMAL  -137    LOWEST  SLP 29.66 ON 16

[REMARKS]
