000
CXUS55 KCYS 011256
CF6LAR
PRELIMINARY LOCAL CLIMATOLOGICAL DATA (WS FORM: F-6)

                                          STATION:   LARAMIE WYOMING AIRPORT
                                          MONTH:     JANUARY
                                          YEAR:      2015
                                          LATITUDE:   41 18 N
                                          LONGITUDE: 105 40 W

  TEMPERATURE IN F:       :PCPN:    SNOW:  WIND      :SUNSHINE: SKY     :PK WND
================================================================================
1   2   3   4   5  6A  6B    7    8   9   10  11  12  13   14  15   16   17  18
                                     12Z  AVG MX 2MIN
DY MAX MIN AVG DEP HDD CDD  WTR  SNW DPTH SPD SPD DIR MIN PSBL S-S WX    SPD DR
================================================================================

 1  13 -22  -4 -25  69   0    T    M    M  3.5 13 210   M    M   3 1      13 210
 2  26   9  18  -4  47   0    T    M    M  8.3 22 230   M    M   5 1      27 220
 3  22  -7   8 -14  57   0    T    M    M  7.5 25 330   M    M   6 18     32 340
 4  30  -8  11 -11  54   0 0.00    M    M 18.5 41 240   M    M   5 189    50 240
 5  39  27  33  11  32   0 0.00    M    M 28.8 52 260   M    M   2 8      63 250
 6  43  31  37  15  28   0 0.00    M    M 15.5 30 250   M    M   1        38 250
 7  39  17  28   6  37   0 0.00  0.0    0  8.9 30 230   M    M   4 12     38 230
 8  46  16  31   9  34   0 0.00    M    M 10.6 30 270   M    M   4 1      37 230
 9  34  10  22   0  43   0    T    M    M  5.0 23 250   M    M   3 12     27 240
10  41  31  36  14  29   0 0.00    M    M 15.7 28 250   M    M   0        32 240
11  34  26  30   8  35   0    T    M    M  8.4 18 150   M    M   9 1      22 220
12  35  18  27   5  38   0    T    M    M 10.2 20 160   M    M   8        25 150
13  29  15  22   0  43   0    T    M    M  5.4 14 360   M    M   6 1      15 360
14  31  11  21  -1  44   0 0.00    M    M  5.2 13  30   M    M   4 12     15  40
15  41   6  24   2  41   0 0.00    M    M  8.8 26 240   M    M   0        31 230
16  47  30  39  17  26   0    T    M    M 22.3 46 260   M    M   1        57 250
17  40  22  31   9  34   0 0.00    M    M 20.8 37 290   M    M   0        46 280
18  47  32  40  18  25   0 0.00    M    M 19.2 39 270   M    M   2        51 240
19  41  27  34  12  31   0 0.00    M    M 17.5 35 260   M    M   3        45 270
20  31  11  21  -1  44   0 0.00    M    M 11.8 25 330   M    M   3        33 290
21  23   2  13  -9  52   0    T    M    M  5.9 14 330   M    M   4        20 350
22  30  -2  14  -8  51   0 0.00    M    M  6.2 10  60   M    M   0        13  50
23  34   7  21  -1  44   0 0.00    M    M  5.8 16 360   M    M   7        20 360
24  42   9  26   4  39   0 0.00    M    M 15.9 35 260   M    M   5        42 260
25  46  23  35  13  30   0 0.00    M    M 12.2 32 270   M    M   3        38 260
26  60  22  41  19  24   0 0.00    M    M  6.3 13  30   M    M   0        16  30
27  59  24  42  20  23   0 0.00    M    M 10.0 24 240   M    M   0        29 240
28  45  28  37  15  28   0 0.02    M    M 16.7 35 300   M    M   6        41 270
29  39  22  31   9  34   0 0.03    M    M  7.9 20 150   M    M   5        25 150
30  38  25  32  10  33   0 0.00    M    M  4.5 10  30   M    M   3        13  30
31  38  20  29   7  36   0    T    M    M  7.3 25 330   M    M   9        33 330
================================================================================
SM 1163  482      1185   0  0.05     0.0 350.6          M      111
================================================================================
AV 37.5 15.5                              11.3 FASTST   M    M   4    MAX(MPH)
                                 MISC ---->  # 52 260               # 63  250
================================================================================
NOTES:
# LAST OF SEVERAL OCCURRENCES

COLUMN 17 PEAK WIND IN M.P.H.

PRELIMINARY LOCAL CLIMATOLOGICAL DATA (WS FORM: F-6) , PAGE 2

                                          STATION:  LARAMIE WYOMING AIRPORT
                                          MONTH:    JANUARY
                                          YEAR:     2015
                                          LATITUDE:   41 18 N
                                          LONGITUDE: 105 40 W

[TEMPERATURE DATA]      [PRECIPITATION DATA]       SYMBOLS USED IN COLUMN 16

AVERAGE MONTHLY: 26.5   TOTAL FOR MONTH:   0.05    1 = FOG OR MIST
DPTR FM NORMAL:   4.8   DPTR FM NORMAL:   -0.22    2 = FOG REDUCING VISIBILITY
HIGHEST:    60 ON 26    GRTST 24HR  0.05 ON 28-29      TO 1/4 MILE OR LESS
LOWEST:    -22 ON  1                               3 = THUNDER
                        SNOW, ICE PELLETS, HAIL    4 = ICE PELLETS
                        TOTAL MONTH:   0.0 INCH    5 = HAIL
                        GRTST 24HR     0.0         6 = FREEZING RAIN OR DRIZZLE
                        GRTST DEPTH:   0           7 = DUSTSTORM OR SANDSTORM:
                                                       VSBY 1/2 MILE OR LESS
                                                   8 = SMOKE OR HAZE
[NO. OF DAYS WITH]      [WEATHER - DAYS WITH]      9 = BLOWING SNOW
                                                   X = TORNADO
MAX 32 OR BELOW:   9    0.01 INCH OR MORE:   2
MAX 90 OR ABOVE:   0    0.10 INCH OR MORE:   0
MIN 32 OR BELOW:  31    0.50 INCH OR MORE:   0
MIN  0 OR BELOW:   4    1.00 INCH OR MORE:   0

[HDD (BASE 65) ]
TOTAL THIS MO.  1185    CLEAR  (SCALE 0-3)  12
DPTR FM NORMAL  -157    PTCLDY (SCALE 4-7)  17
TOTAL FM JUL 1  4626    CLOUDY (SCALE 8-10)  2
DPTR FM NORMAL  -389

[CDD (BASE 65) ]
TOTAL THIS MO.     0
DPTR FM NORMAL     0    [PRESSURE DATA]
TOTAL FM JAN 1     0    HIGHEST SLP 30.65 ON  7
DPTR FM NORMAL     0    LOWEST  SLP 29.76 ON 31

[REMARKS]
#FINAL-01-15#
