000
CXUS55 KCYS 201000
CF6LAR
PRELIMINARY LOCAL CLIMATOLOGICAL DATA (WS FORM: F-6)

                                          STATION:   LARAMIE WYOMING AIRPORT
                                          MONTH:     OCTOBER
                                          YEAR:      2017
                                          LATITUDE:   41 18 N
                                          LONGITUDE: 105 40 W

  TEMPERATURE IN F:       :PCPN:    SNOW:  WIND      :SUNSHINE: SKY     :PK WND
================================================================================
1   2   3   4   5  6A  6B    7    8   9   10  11  12  13   14  15   16   17  18
                                     12Z  AVG MX 2MIN
DY MAX MIN AVG DEP HDD CDD  WTR  SNW DPTH SPD SPD DIR MIN PSBL S-S WX    SPD DR
================================================================================

 1  47  32  40  -7  25   0 0.09    M    M 12.2 23 220   M    M   5 1      30 260
 2  34  18  26 -21  39   0 0.38    M    M  4.3 12 180   M    M   8 12     15 130
 3  44  13  29 -17  36   0 0.00    M    M  9.0 20 150   M    M   1 12     24 150
 4  62  33  48   2  17   0 0.00    M    M 18.4 32 150   M    M   1        39 150
 5  62  31  47   1  18   0    T    M    M 12.2 31 130   M    M   2        37 140
 6  54  30  42  -3  23   0 0.00    M    M 14.0 33 270   M    M   1 1      41 260
 7  65  36  51   6  14   0 0.00    M    M 20.0 36 240   M    M   0        44 250
 8  67  26  47   2  18   0 0.25    M    M 14.2 36 240   M    M   4 1      45 260
 9  31   2  17 -27  48   0 0.21    M    M  6.7 16  40   M    M   8 128    19  50
10  41  -2  20 -24  45   0    T    M    M  9.0 16 170   M    M   0 16     18 160
11  60  29  45   1  20   0 0.00    M    M  9.5 30 210   M    M   0        35 210
12  62  26  44   1  21   0 0.00    M    M 12.6 31 240   M    M   0        43 240
13  59  24  42  -1  23   0 0.00    M    M 10.4 28 250   M    M   0        35 230
14  40  21  31 -12  34   0    T    M    M 17.1 38 280   M    M   3 1      43 280
15  59  28  44   2  21   0 0.00    M    M 10.6 26 230   M    M   0        33 230
16  68  31  50   8  15   0 0.00    M    M 15.0 26 270   M    M   0        33 270
17  67  31  49   7  16   0 0.00    M    M 12.7 31 250   M    M   0        38 260
18  68  32  50   9  15   0 0.00    M    M  8.6 20 270   M    M   0        24 240
19  70  27  49   8  16   0 0.00    M    M  8.6 22 220   M    M   1        26 230
================================================================================
SM 1060  468       464   0  0.93    M    225.1          M       34
================================================================================
AV 55.8 24.6                              11.8 FASTST   M    M   2    MAX(MPH)
                                 MISC ---->  # 38 280               # 45  260
================================================================================
NOTES:
# LAST OF SEVERAL OCCURRENCES

COLUMN 17 PEAK WIND IN M.P.H.

PRELIMINARY LOCAL CLIMATOLOGICAL DATA (WS FORM: F-6) , PAGE 2

                                          STATION:  LARAMIE WYOMING AIRPORT
                                          MONTH:    OCTOBER
                                          YEAR:     2017
                                          LATITUDE:   41 18 N
                                          LONGITUDE: 105 40 W

[TEMPERATURE DATA]      [PRECIPITATION DATA]       SYMBOLS USED IN COLUMN 16

AVERAGE MONTHLY: 40.2   TOTAL FOR MONTH:   0.93    1 = FOG OR MIST
DPTR FM NORMAL:  -3.8   DPTR FM NORMAL:    0.40    2 = FOG REDUCING VISIBILITY
HIGHEST:    70 ON 19    GRTST 24HR  0.38 ON  2- 2      TO 1/4 MILE OR LESS
LOWEST:     -2 ON 10                               3 = THUNDER
                        SNOW, ICE PELLETS, HAIL    4 = ICE PELLETS
                        TOTAL MONTH:    M          5 = HAIL
                        GRTST 24HR    M  ON   M    6 = FREEZING RAIN OR DRIZZLE
                        GRTST DEPTH:  M  ON   M    7 = DUSTSTORM OR SANDSTORM:
                                                       VSBY 1/2 MILE OR LESS
                                                   8 = SMOKE OR HAZE
[NO. OF DAYS WITH]      [WEATHER - DAYS WITH]      9 = BLOWING SNOW
                                                   X = TORNADO
MAX 32 OR BELOW:   1    0.01 INCH OR MORE:   4
MAX 90 OR ABOVE:   0    0.10 INCH OR MORE:   3
MIN 32 OR BELOW:  17    0.50 INCH OR MORE:   0
MIN  0 OR BELOW:   1    1.00 INCH OR MORE:   0

[HDD (BASE 65) ]
TOTAL THIS MO.   464    CLEAR  (SCALE 0-3)  15
DPTR FM NORMAL    65    PTCLDY (SCALE 4-7)   4
TOTAL FM JUL 1   894    CLOUDY (SCALE 8-10)  0
DPTR FM NORMAL   -30

[CDD (BASE 65) ]
TOTAL THIS MO.     0
DPTR FM NORMAL     0    [PRESSURE DATA]
TOTAL FM JAN 1   101    HIGHEST SLP M ON M
DPTR FM NORMAL    34    LOWEST  SLP 29.51 ON  8

[REMARKS]
