000
CXUS54 KOUN 310700
CF6LAW
PRELIMINARY LOCAL CLIMATOLOGICAL DATA (WS FORM: F-6)

                                          STATION:   LAWTON MUNICIPAL
                                          MONTH:     MAY
                                          YEAR:      2016
                                          LATITUDE:   34 34 N
                                          LONGITUDE:  98 25 W

  TEMPERATURE IN F:       :PCPN:    SNOW:  WIND      :SUNSHINE: SKY     :PK WND
================================================================================
1   2   3   4   5  6A  6B    7    8   9   10  11  12  13   14  15   16   17  18
                                     12Z  AVG MX 2MIN
DY MAX MIN AVG DEP HDD CDD  WTR  SNW DPTH SPD SPD DIR MIN PSBL S-S WX    SPD DR
================================================================================

 1  67  48  58  -8   7   0 0.05  0.0    0 13.9 23  10   M    M   3        27 350
 2  68  46  57 -10   8   0 0.00  0.0    0 10.2 18 360   M    M   3        24 360
 3  74  41  58  -9   7   0 0.00  0.0    0  4.1 16 340   M    M   1 1      21 340
 4  83  48  66  -1   0   1 0.00  0.0    0  6.8 15 340   M    M   0        22 360
 5  83  49  66  -2   0   1 0.00  0.0    0  2.9  9 120   M    M   0        12  70
 6  83  49  66  -2   0   1 0.00  0.0    0  6.8 16 140   M    M   0        21 130
 7  84  55  70   2   0   5 0.00  0.0    0 11.0 24 160   M    M   0        31 160
 8  82  61  72   4   0   7 0.04  0.0    0 13.9 46 350   M    M   3 18     64 360
 9  87  58  73   4   0   8 0.00  0.0    0 11.1 23 200   M    M   3        33 240
10  94  52  73   4   0   8 0.00  0.0    0  8.1 24 180   M    M   0        30 170
11  87  59  73   3   0   8 0.00  0.0    0  7.7 20  10   M    M   2        26 230
12  80  56  68  -2   0   3    M  0.0    0 10.0 31  20   M    M   2 1      44  30
13  84  51  68  -2   0   3 0.36  0.0    0  7.9 22  90   M    M   0 1      28  90
14  66  53  60 -11   5   0    T  0.0    0 15.9 33  20   M    M   6        42  20
15  62  54  58 -13   7   0 0.02  0.0    0  7.3 14  40   M    M  10        17  40
16  77  59  68  -3   0   3 0.00  0.0    0 10.7 21 150   M    M   7        25 180
17  67  56  62 -10   3   0 1.08  0.0    0 14.1 28  20   M    M  10 1      36  10
18  63  53  58 -14   7   0 0.00  0.0    0  9.3 17  30   M    M   8        22  60
19  62  54  58 -14   7   0 0.26  0.0    0  6.7 15  50   M    M  10 1      18  50
20  77  58  68  -5   0   3 0.00  0.0    0  5.2 12 170   M    M   7 1      17 170
21  81  63  72  -1   0   7 0.00  0.0    0 11.1 21 120   M    M   8        27 140
22  83  67  75   2   0  10 0.25  0.0    0 13.0 22 140   M    M   7 1      27 130
23  81  62  72  -2   0   7 0.98  0.0    0 13.0 25 280   M    M   9 1      37 270
24  88  66  77   3   0  12 0.14  0.0    0 13.8 23 170   M    M   5 1      32 160
25  92  75  84  10   0  19 0.00  0.0    0 13.8 23 170   M    M   5 1      30 160
26  87  63  75   0   0  10 1.43  0.0    0 15.1 45 140   M    M   5 18     52 130
27  89  66  78   3   0  13 0.10  0.0    0  9.4 32 100   M    M   1 1      36 100
28  86  63  75   0   0  10 0.00  0.0    0  4.1 10 120   M    M   3 1      13 130
29  89  63  76   0   0  11 0.02  0.0    0  3.7 14 310   M    M   1        20 310
30  86  64  75  -1   0  10 0.01  0.0    0  5.6 12 120   M    M   2        15 200
================================================================================
SM 2392 1712        51 160  4.74     0.0 286.2          M      121
================================================================================
AV 79.7 57.1                               9.5 FASTST   M    M   4    MAX(MPH)
                                 MISC ---->  # 46 350               # 64  360
================================================================================
NOTES:
# LAST OF SEVERAL OCCURRENCES

COLUMN 17 PEAK WIND IN M.P.H.

PRELIMINARY LOCAL CLIMATOLOGICAL DATA (WS FORM: F-6) , PAGE 2

                                          STATION:  LAWTON MUNICIPAL
                                          MONTH:    MAY
                                          YEAR:     2016
                                          LATITUDE:   34 34 N
                                          LONGITUDE:  98 25 W

[TEMPERATURE DATA]      [PRECIPITATION DATA]       SYMBOLS USED IN COLUMN 16

AVERAGE MONTHLY: 68.4   TOTAL FOR MONTH:   4.74    1 = FOG OR MIST
DPTR FM NORMAL:  -2.7   DPTR FM NORMAL:    0.67    2 = FOG REDUCING VISIBILITY
HIGHEST:    94 ON 10    GRTST 24HR  1.53 ON 26-27      TO 1/4 MILE OR LESS
LOWEST:     41 ON  3                               3 = THUNDER
                        SNOW, ICE PELLETS, HAIL    4 = ICE PELLETS
                        TOTAL MONTH:   0.0 INCH    5 = HAIL
                        GRTST 24HR     0.0         6 = FREEZING RAIN OR DRIZZLE
                        GRTST DEPTH:   0           7 = DUSTSTORM OR SANDSTORM:
                                                       VSBY 1/2 MILE OR LESS
                                                   8 = SMOKE OR HAZE
[NO. OF DAYS WITH]      [WEATHER - DAYS WITH]      9 = BLOWING SNOW
                                                   X = TORNADO
MAX 32 OR BELOW:   0    0.01 INCH OR MORE:  13
MAX 90 OR ABOVE:   2    0.10 INCH OR MORE:   8
MIN 32 OR BELOW:   0    0.50 INCH OR MORE:   3
MIN  0 OR BELOW:   0    1.00 INCH OR MORE:   2

[HDD (BASE 65) ]
TOTAL THIS MO.    51    CLEAR  (SCALE 0-3)  16
DPTR FM NORMAL    29    PTCLDY (SCALE 4-7)   8
TOTAL FM JUL 1  2605    CLOUDY (SCALE 8-10)  6
DPTR FM NORMAL  -544

[CDD (BASE 65) ]
TOTAL THIS MO.   160
DPTR FM NORMAL   -45    [PRESSURE DATA]
TOTAL FM JAN 1   204    HIGHEST SLP M ON M
DPTR FM NORMAL   -77    LOWEST  SLP 29.48 ON  9

[REMARKS]
